{"id":55505,"date":"2025-07-03T07:09:39","date_gmt":"2025-07-03T05:09:39","guid":{"rendered":"https:\/\/us.edu.pl\/student\/?post_type=komunikaty&#038;p=55505"},"modified":"2025-07-03T07:09:39","modified_gmt":"2025-07-03T05:09:39","slug":"rekrutacja-do-programu-przywodztwa-publicznego","status":"publish","type":"komunikaty","link":"https:\/\/us.edu.pl\/student\/komunikaty\/rekrutacja-do-programu-przywodztwa-publicznego\/","title":{"rendered":"Rekrutacja do Programu Przyw\u00f3dztwa Publicznego"},"content":{"rendered":"<p>[vc_row][vc_column]\r\n                <div class=\"text-modules\">\r\n                    <div class=\"container\">\r\n                        \r\n                        <div class=\"text-modules__content\"><p>Zastanawiasz si\u0119, jak wygl\u0105da przyw\u00f3dztwo w praktyce? Chcesz spotka\u0107 decydent\u00f3w, dyplomat\u00f3w i lider\u00f3w opinii publicznej, a przy tym zbudowa\u0107 sie\u0107 inspiruj\u0105cych kontakt\u00f3w? We\u017a udzia\u0142 w Programie Przyw\u00f3dztwa Publicznego, rekrutacja trwa do 8 lipca 2025 roku.<!--more--><!--more--><\/p>\n<p>Fundacja Zryw zaprasza na kilkudniowe zjazdy w ramach Programu Przyw\u00f3dztwa Publicznego, stworzone z my\u015bl\u0105 o m\u0142odych osobach, kt\u00f3re swoj\u0105 przysz\u0142o\u015b\u0107 chc\u0105 kszta\u0142towa\u0107 w Polsce.<\/p>\n<p>Czy to program dla Ciebie?<\/p>\n<ul>\n<li>Jeste\u015b osob\u0105 pe\u0142noletni\u0105, na pocz\u0105tku kariery zawodowej (rekomendowany wiek: 19\u201325 lat).<\/li>\n<li>Planujesz rozwija\u0107 si\u0119 i dzia\u0142a\u0107 w Polsce w najbli\u017cszych latach.<\/li>\n<li>Szukasz przestrzeni do rozmowy, nauki i wp\u0142ywu.<\/li>\n<\/ul>\n<p>Co Ci\u0119 czeka?<\/p>\n<ul>\n<li>Spotkania z decydentami w formule Chatham House.<\/li>\n<li>Warsztaty z politykami, dyplomatami, ekspertami z kraju i zagranicy.<\/li>\n<li>Wymiana do\u015bwiadcze\u0144 i relacje na lata z uczestnikami z ca\u0142ej Polski.<\/li>\n<\/ul>\n<p><strong>Fundacja na pierwszy Zryw zaprasza w dniach 18-21 wrze\u015bnia 2025 r., w Tatry!<\/strong><\/p>\n<p>Rektutacja trwa do 8 lipca 2025 r.<\/p>\n<p><a href=\"https:\/\/www.fundacjazryw.pl\/aplikuj\">Wi\u0119cej informacji oraz formularz aplikacyjny znajdziesz na stronie.<\/a><\/p>\n<\/div>\r\n                    <\/div>\r\n                <\/div>[\/vc_column][\/vc_row]<\/p>","protected":false},"excerpt":{"rendered":"<p>[vc_row][vc_column]Zastanawiasz si\u0119, jak wygl\u0105da przyw\u00f3dztwo w praktyce? Chcesz spotka\u0107 decydent\u00f3w, dyplomat\u00f3w i lider\u00f3w opinii publicznej, a przy tym zbudowa\u0107 sie\u0107 inspiruj\u0105cych kontakt\u00f3w? We\u017a udzia\u0142 w Programie Przyw\u00f3dztwa Publicznego, rekrutacja trwa do 8 lipca 2025 roku. [&#8230;]<\/p>\n<p><a class=\"btn btn-secondary understrap-read-more-link\" href=\"https:\/\/us.edu.pl\/student\/komunikaty\/rekrutacja-do-programu-przywodztwa-publicznego\/\">Read More&#8230;<\/a><\/p>\n","protected":false},"author":7151,"featured_media":0,"template":"","meta":{"_expiration-date-status":"","_expiration-date":0,"_expiration-date-type":"","_expiration-date-categories":[],"_expiration-date-options":[]},"acf":[],"_links":{"self":[{"href":"https:\/\/us.edu.pl\/student\/wp-json\/wp\/v2\/komunikaty\/55505"}],"collection":[{"href":"https:\/\/us.edu.pl\/student\/wp-json\/wp\/v2\/komunikaty"}],"about":[{"href":"https:\/\/us.edu.pl\/student\/wp-json\/wp\/v2\/types\/komunikaty"}],"author":[{"embeddable":true,"href":"https:\/\/us.edu.pl\/student\/wp-json\/wp\/v2\/users\/7151"}],"version-history":[{"count":1,"href":"https:\/\/us.edu.pl\/student\/wp-json\/wp\/v2\/komunikaty\/55505\/revisions"}],"predecessor-version":[{"id":55509,"href":"https:\/\/us.edu.pl\/student\/wp-json\/wp\/v2\/komunikaty\/55505\/revisions\/55509"}],"wp:attachment":[{"href":"https:\/\/us.edu.pl\/student\/wp-json\/wp\/v2\/media?parent=55505"}],"curies":[{"name":"wp","href":"https:\/\/api.w.org\/{rel}","templated":true}]}}

Rekrutacja do Programu Przywództwa Publicznego

<p>[vc_row][vc_column]
                <div class="text-modules">
                    <div class="container">
                        
                        <div class="text-modules__content"><p>Zastanawiasz się, jak wygląda przywództwo w praktyce? Chcesz spotkać decydentów, dyplomatów i liderów opinii publicznej, a przy tym zbudować sieć inspirujących kontaktów? Weź udział w Programie Przywództwa Publicznego, rekrutacja trwa do 8 lipca 2025 roku.<!--more--><!--more--></p>
<p>Fundacja Zryw zaprasza na kilkudniowe zjazdy w ramach Programu Przywództwa Publicznego, stworzone z myślą o młodych osobach, które swoją przyszłość chcą kształtować w Polsce.</p>
<p>Czy to program dla Ciebie?</p>
<ul>
<li>Jesteś osobą pełnoletnią, na początku kariery zawodowej (rekomendowany wiek: 19–25 lat).</li>
<li>Planujesz rozwijać się i działać w Polsce w najbliższych latach.</li>
<li>Szukasz przestrzeni do rozmowy, nauki i wpływu.</li>
</ul>
<p>Co Cię czeka?</p>
<ul>
<li>Spotkania z decydentami w formule Chatham House.</li>
<li>Warsztaty z politykami, dyplomatami, ekspertami z kraju i zagranicy.</li>
<li>Wymiana doświadczeń i relacje na lata z uczestnikami z całej Polski.</li>
</ul>
<p><strong>Fundacja na pierwszy Zryw zaprasza w dniach 18-21 września 2025 r., w Tatry!</strong></p>
<p>Rektutacja trwa do 8 lipca 2025 r.</p>
<p><a href="https://www.fundacjazryw.pl/aplikuj">Więcej informacji oraz formularz aplikacyjny znajdziesz na stronie.</a></p>
</div>
                    </div>
                </div>[/vc_column][/vc_row]</p>

<p>[vc_row][vc_column]Zastanawiasz się, jak wygląda przywództwo w praktyce? Chcesz spotkać decydentów, dyplomatów i liderów opinii publicznej, a przy tym zbudować sieć inspirujących kontaktów? Weź udział w Programie Przywództwa Publicznego, rekrutacja trwa do 8 lipca 2025 roku. [&#8230;]</p>
<p><a class="btn btn-secondary understrap-read-more-link" href="https://us.edu.pl/student/komunikaty/rekrutacja-do-programu-przywodztwa-publicznego/">Read More&#8230;</a></p>
