{"id":56249,"date":"2025-07-23T07:58:42","date_gmt":"2025-07-23T05:58:42","guid":{"rendered":"https:\/\/us.edu.pl\/student\/?post_type=komunikaty&#038;p=56249"},"modified":"2025-07-23T07:58:42","modified_gmt":"2025-07-23T05:58:42","slug":"staze-w-instytucjach-unii-europejskiej-6","status":"publish","type":"komunikaty","link":"https:\/\/us.edu.pl\/student\/komunikaty\/staze-w-instytucjach-unii-europejskiej-6\/","title":{"rendered":"Sta\u017ce w instytucjach Unii Europejskiej"},"content":{"rendered":"<p>[vc_row][vc_column]\r\n                <div class=\"text-modules\">\r\n                    <div class=\"container\">\r\n                        \r\n                        <div class=\"text-modules__content\"><p>Planujesz karier\u0119 w instytucjach Unii Europejskiej? Sta\u017ce w instytucjach UE daj\u0105 studentom i absolwentom mo\u017cliwo\u015b\u0107 zdobycia praktycznego do\u015bwiadczenia w mi\u0119dzynarodowym \u015brodowisku administracji publicznej.<!--more--><\/p>\n<p>Sprawd\u017a, na jakie sta\u017ce mo\u017cesz obecnie aplikowa\u0107:<\/p>\n<p><strong>Sta\u017c w Europejskim Instytucie ds. R\u00f3wno\u015bci Kobiet i M\u0119\u017cczyzn (Outreach &amp; Engagement Unit \u2013 Communications team)<\/strong><\/p>\n<ul>\n<li>Miejsce odbywania sta\u017cu: Wilno<\/li>\n<li>Termin sk\u0142adania aplikacji: do 30 lipca 2025 r.<\/li>\n<li><a href=\"https:\/\/eu-careers.europa.eu\/en\/trainee\/eige-traineeships-outreach-engagement-unit-communications-team\">Dodatkowe informacje znajdziesz na stronie<\/a>.<\/li>\n<\/ul>\n<p><strong>Sta\u017c we Wsp\u00f3lnym Przedsi\u0119wzi\u0119ciu na rzecz Czystego Wodoru<\/strong><\/p>\n<ul>\n<li>Miejsce odbywania sta\u017cu: Bruksela<\/li>\n<li>Termin sk\u0142adania aplikacji: do 15 sierpnia 2025 r.<\/li>\n<li><a href=\"https:\/\/eu-careers.europa.eu\/en\/trainee\/traineeship-clean-hydrogen-joint-undertaking\">Dodatkowe informacje znajdziesz na stronie.<\/a><\/li>\n<\/ul>\n<p><strong>Global Health EDCTP3 &#8211; Wsp\u00f3lne Przedsi\u0119wzi\u0119cie na rzecz Programu EDCTP3 w dziedzinie Globalnego Zdrowia<\/strong><\/p>\n<ul>\n<li>Miejsce odbywania sta\u017cu: Bruksela<\/li>\n<li>Termin sk\u0142adania aplikacji: do 30 pa\u017adziernika 2025 r.<\/li>\n<li><a href=\"https:\/\/eu-careers.europa.eu\/en\/trainee\/traineeship-programme-global-health-edctp3\">Dodatkowe informacje znajdziesz na stronie.<\/a><\/li>\n<\/ul>\n<p><strong>Blue Book &#8211; sta\u017c w Komisji Europejskiej<\/strong><\/p>\n<ul>\n<li>Miejsce odbywania sta\u017cu: Bruksela lub inne pa\u0144stwo<\/li>\n<li>Termin sk\u0142adania aplikacji: do 29 sierpnia 2025 r.<\/li>\n<li><a href=\"https:\/\/traineeships.ec.europa.eu\/index_en?prefLang=pl&amp;etrans=pl\">Dodatkowe informacje znajdziesz na stronie.<\/a><\/li>\n<\/ul>\n<p>\n<\/div>\r\n                    <\/div>\r\n                <\/div>[\/vc_column][\/vc_row]<\/p>","protected":false},"excerpt":{"rendered":"<p>[vc_row][vc_column]Planujesz karier\u0119 w instytucjach Unii Europejskiej? Sta\u017ce w instytucjach UE daj\u0105 studentom i absolwentom mo\u017cliwo\u015b\u0107 zdobycia praktycznego do\u015bwiadczenia w mi\u0119dzynarodowym \u015brodowisku administracji publicznej. [&#8230;]<\/p>\n<p><a class=\"btn btn-secondary understrap-read-more-link\" href=\"https:\/\/us.edu.pl\/student\/komunikaty\/staze-w-instytucjach-unii-europejskiej-6\/\">Read More&#8230;<\/a><\/p>\n","protected":false},"author":2544,"featured_media":0,"template":"","meta":{"_expiration-date-status":"","_expiration-date":0,"_expiration-date-type":"","_expiration-date-categories":[],"_expiration-date-options":[]},"acf":[],"_links":{"self":[{"href":"https:\/\/us.edu.pl\/student\/wp-json\/wp\/v2\/komunikaty\/56249"}],"collection":[{"href":"https:\/\/us.edu.pl\/student\/wp-json\/wp\/v2\/komunikaty"}],"about":[{"href":"https:\/\/us.edu.pl\/student\/wp-json\/wp\/v2\/types\/komunikaty"}],"author":[{"embeddable":true,"href":"https:\/\/us.edu.pl\/student\/wp-json\/wp\/v2\/users\/2544"}],"version-history":[{"count":1,"href":"https:\/\/us.edu.pl\/student\/wp-json\/wp\/v2\/komunikaty\/56249\/revisions"}],"predecessor-version":[{"id":56253,"href":"https:\/\/us.edu.pl\/student\/wp-json\/wp\/v2\/komunikaty\/56249\/revisions\/56253"}],"wp:attachment":[{"href":"https:\/\/us.edu.pl\/student\/wp-json\/wp\/v2\/media?parent=56249"}],"curies":[{"name":"wp","href":"https:\/\/api.w.org\/{rel}","templated":true}]}}

Staże w instytucjach Unii Europejskiej

<p>[vc_row][vc_column]
                <div class="text-modules">
                    <div class="container">
                        
                        <div class="text-modules__content"><p>Planujesz karierę w instytucjach Unii Europejskiej? Staże w instytucjach UE dają studentom i absolwentom możliwość zdobycia praktycznego doświadczenia w międzynarodowym środowisku administracji publicznej.<!--more--></p>
<p>Sprawdź, na jakie staże możesz obecnie aplikować:</p>
<p><strong>Staż w Europejskim Instytucie ds. Równości Kobiet i Mężczyzn (Outreach &amp; Engagement Unit – Communications team)</strong></p>
<ul>
<li>Miejsce odbywania stażu: Wilno</li>
<li>Termin składania aplikacji: do 30 lipca 2025 r.</li>
<li><a href="https://eu-careers.europa.eu/en/trainee/eige-traineeships-outreach-engagement-unit-communications-team">Dodatkowe informacje znajdziesz na stronie</a>.</li>
</ul>
<p><strong>Staż we Wspólnym Przedsięwzięciu na rzecz Czystego Wodoru</strong></p>
<ul>
<li>Miejsce odbywania stażu: Bruksela</li>
<li>Termin składania aplikacji: do 15 sierpnia 2025 r.</li>
<li><a href="https://eu-careers.europa.eu/en/trainee/traineeship-clean-hydrogen-joint-undertaking">Dodatkowe informacje znajdziesz na stronie.</a></li>
</ul>
<p><strong>Global Health EDCTP3 &#8211; Wspólne Przedsięwzięcie na rzecz Programu EDCTP3 w dziedzinie Globalnego Zdrowia</strong></p>
<ul>
<li>Miejsce odbywania stażu: Bruksela</li>
<li>Termin składania aplikacji: do 30 października 2025 r.</li>
<li><a href="https://eu-careers.europa.eu/en/trainee/traineeship-programme-global-health-edctp3">Dodatkowe informacje znajdziesz na stronie.</a></li>
</ul>
<p><strong>Blue Book &#8211; staż w Komisji Europejskiej</strong></p>
<ul>
<li>Miejsce odbywania stażu: Bruksela lub inne państwo</li>
<li>Termin składania aplikacji: do 29 sierpnia 2025 r.</li>
<li><a href="https://traineeships.ec.europa.eu/index_en?prefLang=pl&amp;etrans=pl">Dodatkowe informacje znajdziesz na stronie.</a></li>
</ul>
<p>
</div>
                    </div>
                </div>[/vc_column][/vc_row]</p>

<p>[vc_row][vc_column]Planujesz karierę w instytucjach Unii Europejskiej? Staże w instytucjach UE dają studentom i absolwentom możliwość zdobycia praktycznego doświadczenia w międzynarodowym środowisku administracji publicznej. [&#8230;]</p>
<p><a class="btn btn-secondary understrap-read-more-link" href="https://us.edu.pl/student/komunikaty/staze-w-instytucjach-unii-europejskiej-6/">Read More&#8230;</a></p>
