{"id":58958,"date":"2025-09-09T14:42:26","date_gmt":"2025-09-09T12:42:26","guid":{"rendered":"https:\/\/us.edu.pl\/student\/?post_type=komunikaty&#038;p=58958"},"modified":"2025-09-09T14:42:26","modified_gmt":"2025-09-09T12:42:26","slug":"nabor-do-25-edycji-fotofestiwalu-w-lodzi","status":"publish","type":"komunikaty","link":"https:\/\/us.edu.pl\/student\/komunikaty\/nabor-do-25-edycji-fotofestiwalu-w-lodzi\/","title":{"rendered":"Nab\u00f3r do 25 edycji Fotofestiwalu w \u0141odzi"},"content":{"rendered":"<p>[vc_row][vc_column]\r\n                <div class=\"text-modules\">\r\n                    <div class=\"container\">\r\n                        \r\n                        <div class=\"text-modules__content\"><p><strong>We\u017a udzia\u0142 w naborze projekt\u00f3w i do\u0142\u0105cz do grona artystek i artyst\u00f3w 25. edycji Fotofestiwalu w \u0141odzi. <\/strong>Zg\u0142oszenia tylko do 15 pa\u017adziernika br.!<!--more--><!--more--><\/p>\n<p>Fotofestiwal powsta\u0142 w 2001 roku jako jedno z pierwszych wydarze\u0144 fotograficznych w Polsce. Od tego czasu sta\u0142 si\u0119 jednym z najwa\u017cniejszych i najwi\u0119kszych festiwali tego typu w Europie \u015arodkowej.<\/p>\n<p>Podstawowa misja Festiwalu nie zmieni\u0142a si\u0119. Prezentuje r\u00f3\u017cne oblicza fotografii, m\u00f3wi poprzez fotografi\u0119 o wa\u017cnych kwestiach spo\u0142ecznych i artystycznych, zapoznaje publiczno\u015b\u0107 z nieoczywistym pi\u0119knem i wyj\u0105tkow\u0105 histori\u0105 \u0141odzi, organizuj\u0105c wystawy w niesamowitych przestrzeniach poprzemys\u0142owych miasta. Formu\u0142a konkursu jest otwarta i bez ogranicze\u0144 wiekowych i geograficznych. Temat prac tak\u017ce jest dowolny, liczy si\u0119 prawdziwa kreatywno\u015b\u0107 i indywidualne spojrzenie.<\/p>\n<p><strong>Fotofestiwal Open Call<\/strong> daje mo\u017cliwo\u015b\u0107 zaprezentowania w\u0142asnego projektu szerokiej publiczno\u015bci Fotofestiwalu. Jego najbli\u017csza, 25. edycja odb\u0119dzie si\u0119 w czerwcu 2026 roku.<\/p>\n<p>Fotofestiwal poszukuje artyst\u00f3w i artystek o wyj\u0105tkowych osobowo\u015bciach i projekt\u00f3w prezentuj\u0105cych odwa\u017cne wizje. W Jury zasiadaj\u0105 specjali\u015bci i specjalistki z najwa\u017cniejszych na \u015bwiecie medi\u00f3w i instytucji fotograficznych.<\/p>\n<p><a href=\"https:\/\/submit.picter.com\/submission-login?callId=b54bd2d7-8734-4aee-b2f4-6a2aee757883&amp;redirectTo=https%3A%2F%2Fapp.picter.com%2Fcontests%2Fb54bd2d7-8734-4aee-b2f4-6a2aee757883%2Fstart%3FcontactAgreed%3Dtrue%26utm_source%3Dpicter\"><strong>Aplikuj<\/strong><\/a><strong> do 15 pa\u017adziernika 2025 roku.<\/strong><\/p>\n<p>&nbsp;<\/p>\n<p><strong>1 grudnia 2025 roku odb\u0119dzie si\u0119 og\u0142oszenie finalist\u00f3w.<\/strong><\/p>\n<p>&nbsp;<\/p>\n<p><a href=\"https:\/\/site.picter.com\/open-call-2026-fotofestiwal\">Wi\u0119cej informacji znajdziesz na stronie.<\/a><\/p>\n<\/div>\r\n                    <\/div>\r\n                <\/div>[\/vc_column][\/vc_row]<\/p>","protected":false},"excerpt":{"rendered":"<p>[vc_row][vc_column]We\u017a udzia\u0142 w naborze projekt\u00f3w i do\u0142\u0105cz do grona artystek i artyst\u00f3w 25. edycji Fotofestiwalu w \u0141odzi. Zg\u0142oszenia tylko do 15 pa\u017adziernika br.! [&#8230;]<\/p>\n<p><a class=\"btn btn-secondary understrap-read-more-link\" href=\"https:\/\/us.edu.pl\/student\/komunikaty\/nabor-do-25-edycji-fotofestiwalu-w-lodzi\/\">Read More&#8230;<\/a><\/p>\n","protected":false},"author":7151,"featured_media":0,"template":"","meta":{"_expiration-date-status":"","_expiration-date":0,"_expiration-date-type":"","_expiration-date-categories":[],"_expiration-date-options":[]},"acf":[],"_links":{"self":[{"href":"https:\/\/us.edu.pl\/student\/wp-json\/wp\/v2\/komunikaty\/58958"}],"collection":[{"href":"https:\/\/us.edu.pl\/student\/wp-json\/wp\/v2\/komunikaty"}],"about":[{"href":"https:\/\/us.edu.pl\/student\/wp-json\/wp\/v2\/types\/komunikaty"}],"author":[{"embeddable":true,"href":"https:\/\/us.edu.pl\/student\/wp-json\/wp\/v2\/users\/7151"}],"version-history":[{"count":1,"href":"https:\/\/us.edu.pl\/student\/wp-json\/wp\/v2\/komunikaty\/58958\/revisions"}],"predecessor-version":[{"id":58959,"href":"https:\/\/us.edu.pl\/student\/wp-json\/wp\/v2\/komunikaty\/58958\/revisions\/58959"}],"wp:attachment":[{"href":"https:\/\/us.edu.pl\/student\/wp-json\/wp\/v2\/media?parent=58958"}],"curies":[{"name":"wp","href":"https:\/\/api.w.org\/{rel}","templated":true}]}}

Nabór do 25 edycji Fotofestiwalu w Łodzi

<p>[vc_row][vc_column]
                <div class="text-modules">
                    <div class="container">
                        
                        <div class="text-modules__content"><p><strong>Weź udział w naborze projektów i dołącz do grona artystek i artystów 25. edycji Fotofestiwalu w Łodzi. </strong>Zgłoszenia tylko do 15 października br.!<!--more--><!--more--></p>
<p>Fotofestiwal powstał w 2001 roku jako jedno z pierwszych wydarzeń fotograficznych w Polsce. Od tego czasu stał się jednym z najważniejszych i największych festiwali tego typu w Europie Środkowej.</p>
<p>Podstawowa misja Festiwalu nie zmieniła się. Prezentuje różne oblicza fotografii, mówi poprzez fotografię o ważnych kwestiach społecznych i artystycznych, zapoznaje publiczność z nieoczywistym pięknem i wyjątkową historią Łodzi, organizując wystawy w niesamowitych przestrzeniach poprzemysłowych miasta. Formuła konkursu jest otwarta i bez ograniczeń wiekowych i geograficznych. Temat prac także jest dowolny, liczy się prawdziwa kreatywność i indywidualne spojrzenie.</p>
<p><strong>Fotofestiwal Open Call</strong> daje możliwość zaprezentowania własnego projektu szerokiej publiczności Fotofestiwalu. Jego najbliższa, 25. edycja odbędzie się w czerwcu 2026 roku.</p>
<p>Fotofestiwal poszukuje artystów i artystek o wyjątkowych osobowościach i projektów prezentujących odważne wizje. W Jury zasiadają specjaliści i specjalistki z najważniejszych na świecie mediów i instytucji fotograficznych.</p>
<p><a href="https://submit.picter.com/submission-login?callId=b54bd2d7-8734-4aee-b2f4-6a2aee757883&amp;redirectTo=https%3A%2F%2Fapp.picter.com%2Fcontests%2Fb54bd2d7-8734-4aee-b2f4-6a2aee757883%2Fstart%3FcontactAgreed%3Dtrue%26utm_source%3Dpicter"><strong>Aplikuj</strong></a><strong> do 15 października 2025 roku.</strong></p>
<p>&nbsp;</p>
<p><strong>1 grudnia 2025 roku odbędzie się ogłoszenie finalistów.</strong></p>
<p>&nbsp;</p>
<p><a href="https://site.picter.com/open-call-2026-fotofestiwal">Więcej informacji znajdziesz na stronie.</a></p>
</div>
                    </div>
                </div>[/vc_column][/vc_row]</p>

<p>[vc_row][vc_column]Weź udział w naborze projektów i dołącz do grona artystek i artystów 25. edycji Fotofestiwalu w Łodzi. Zgłoszenia tylko do 15 października br.! [&#8230;]</p>
<p><a class="btn btn-secondary understrap-read-more-link" href="https://us.edu.pl/student/komunikaty/nabor-do-25-edycji-fotofestiwalu-w-lodzi/">Read More&#8230;</a></p>
