{"id":59007,"date":"2025-09-15T08:26:22","date_gmt":"2025-09-15T06:26:22","guid":{"rendered":"https:\/\/us.edu.pl\/student\/?post_type=komunikaty&#038;p=59007"},"modified":"2025-09-15T08:26:22","modified_gmt":"2025-09-15T06:26:22","slug":"rozwijaj-kompetencje-przyszlosci-w-ramach-programu-rozwoju-kompetencji-ai-aideas","status":"publish","type":"komunikaty","link":"https:\/\/us.edu.pl\/student\/komunikaty\/rozwijaj-kompetencje-przyszlosci-w-ramach-programu-rozwoju-kompetencji-ai-aideas\/","title":{"rendered":"Rozwijaj kompetencje przysz\u0142o\u015bci w ramach programu rozwoju kompetencji AI AIDEAS"},"content":{"rendered":"<p>[vc_row][vc_column]\r\n                <div class=\"text-modules\">\r\n                    <div class=\"container\">\r\n                        \r\n                        <div class=\"text-modules__content\"><p>Sztuczna inteligencja to nie przysz\u0142o\u015b\u0107, to tera\u017aniejszo\u015b\u0107. Je\u015bli chcesz zdoby\u0107 praktyczne kompetencje w obszarze AI i pracowa\u0107 nad realnymi wyzwaniami biznesowymi aplikuj do 16 wrze\u015bnia br. do programu AIDEAS i rozwijaj kompetencji AI!<!--more--><!--more--><\/p>\n<p><strong>AIDEAS to 7-tygodniowy, bezp\u0142atny program rozwojowy,<\/strong> w ramach kt\u00f3rego pracujesz nad realnymi wyzwaniami bran\u017cowymi i uczysz si\u0119 projektowania rozwi\u0105za\u0144 z wykorzystaniem sztucznej inteligencji. Organizatorami s\u0105: Politechnika Wroc\u0142awska i Generator Pomys\u0142\u00f3w, a program jest dofinansowany przez EIT Deep Tech Talent Initiative.<\/p>\n<p><strong>Dlaczego warto?<\/strong><\/p>\n<ul>\n<li>Uczysz si\u0119 przez praktyk\u0119 \u2013 na realnych case\u2019ach z r\u00f3\u017cnych bran\u017c,<\/li>\n<li>Poznajesz narz\u0119dzia AI i metody projektowania innowacji,<\/li>\n<li>Wsp\u00f3\u0142pracujesz z ekspertami z bran\u017cy,<\/li>\n<li>Budujesz swoje Proof of Concept w zespole,<\/li>\n<li>Otrzymujesz certyfikat uko\u0144czenia od renomowanych instytucji.<\/li>\n<\/ul>\n<p>To \u015bwietna okazja, \u017ceby wej\u015b\u0107 w \u015bwiat AI z konkretem i pewno\u015bci\u0105 siebie, niezale\u017cnie od tego, czy dopiero zaczynasz, czy ju\u017c dzia\u0142asz zawodowo.<\/p>\n<p><strong>Rekrutacja trwa do 16 wrze\u015bnia 2025 roku.<\/strong><\/p>\n<p><strong><a href=\"https:\/\/aideas.generatorpomyslow.pl\/\">Zg\u0142o\u015b si\u0119 tutaj.<\/a>\u00a0<\/strong><\/p>\n<\/div>\r\n                    <\/div>\r\n                <\/div>[\/vc_column][\/vc_row]<\/p>","protected":false},"excerpt":{"rendered":"<p>[vc_row][vc_column]Sztuczna inteligencja to nie przysz\u0142o\u015b\u0107, to tera\u017aniejszo\u015b\u0107. Je\u015bli chcesz zdoby\u0107 praktyczne kompetencje w obszarze AI i pracowa\u0107 nad realnymi wyzwaniami biznesowymi aplikuj do 16 wrze\u015bnia br. do programu AIDEAS i rozwijaj kompetencji AI! [&#8230;]<\/p>\n<p><a class=\"btn btn-secondary understrap-read-more-link\" href=\"https:\/\/us.edu.pl\/student\/komunikaty\/rozwijaj-kompetencje-przyszlosci-w-ramach-programu-rozwoju-kompetencji-ai-aideas\/\">Read More&#8230;<\/a><\/p>\n","protected":false},"author":7151,"featured_media":0,"template":"","meta":{"_expiration-date-status":"","_expiration-date":0,"_expiration-date-type":"","_expiration-date-categories":[],"_expiration-date-options":[]},"acf":[],"_links":{"self":[{"href":"https:\/\/us.edu.pl\/student\/wp-json\/wp\/v2\/komunikaty\/59007"}],"collection":[{"href":"https:\/\/us.edu.pl\/student\/wp-json\/wp\/v2\/komunikaty"}],"about":[{"href":"https:\/\/us.edu.pl\/student\/wp-json\/wp\/v2\/types\/komunikaty"}],"author":[{"embeddable":true,"href":"https:\/\/us.edu.pl\/student\/wp-json\/wp\/v2\/users\/7151"}],"version-history":[{"count":1,"href":"https:\/\/us.edu.pl\/student\/wp-json\/wp\/v2\/komunikaty\/59007\/revisions"}],"predecessor-version":[{"id":59008,"href":"https:\/\/us.edu.pl\/student\/wp-json\/wp\/v2\/komunikaty\/59007\/revisions\/59008"}],"wp:attachment":[{"href":"https:\/\/us.edu.pl\/student\/wp-json\/wp\/v2\/media?parent=59007"}],"curies":[{"name":"wp","href":"https:\/\/api.w.org\/{rel}","templated":true}]}}

Rozwijaj kompetencje przyszłości w ramach programu rozwoju kompetencji AI AIDEAS

<p>[vc_row][vc_column]
                <div class="text-modules">
                    <div class="container">
                        
                        <div class="text-modules__content"><p>Sztuczna inteligencja to nie przyszłość, to teraźniejszość. Jeśli chcesz zdobyć praktyczne kompetencje w obszarze AI i pracować nad realnymi wyzwaniami biznesowymi aplikuj do 16 września br. do programu AIDEAS i rozwijaj kompetencji AI!<!--more--><!--more--></p>
<p><strong>AIDEAS to 7-tygodniowy, bezpłatny program rozwojowy,</strong> w ramach którego pracujesz nad realnymi wyzwaniami branżowymi i uczysz się projektowania rozwiązań z wykorzystaniem sztucznej inteligencji. Organizatorami są: Politechnika Wrocławska i Generator Pomysłów, a program jest dofinansowany przez EIT Deep Tech Talent Initiative.</p>
<p><strong>Dlaczego warto?</strong></p>
<ul>
<li>Uczysz się przez praktykę – na realnych case’ach z różnych branż,</li>
<li>Poznajesz narzędzia AI i metody projektowania innowacji,</li>
<li>Współpracujesz z ekspertami z branży,</li>
<li>Budujesz swoje Proof of Concept w zespole,</li>
<li>Otrzymujesz certyfikat ukończenia od renomowanych instytucji.</li>
</ul>
<p>To świetna okazja, żeby wejść w świat AI z konkretem i pewnością siebie, niezależnie od tego, czy dopiero zaczynasz, czy już działasz zawodowo.</p>
<p><strong>Rekrutacja trwa do 16 września 2025 roku.</strong></p>
<p><strong><a href="https://aideas.generatorpomyslow.pl/">Zgłoś się tutaj.</a> </strong></p>
</div>
                    </div>
                </div>[/vc_column][/vc_row]</p>

<p>[vc_row][vc_column]Sztuczna inteligencja to nie przyszłość, to teraźniejszość. Jeśli chcesz zdobyć praktyczne kompetencje w obszarze AI i pracować nad realnymi wyzwaniami biznesowymi aplikuj do 16 września br. do programu AIDEAS i rozwijaj kompetencji AI! [&#8230;]</p>
<p><a class="btn btn-secondary understrap-read-more-link" href="https://us.edu.pl/student/komunikaty/rozwijaj-kompetencje-przyszlosci-w-ramach-programu-rozwoju-kompetencji-ai-aideas/">Read More&#8230;</a></p>
