{"id":60361,"date":"2026-01-09T09:06:26","date_gmt":"2026-01-09T08:06:26","guid":{"rendered":"https:\/\/us.edu.pl\/student\/?post_type=komunikaty&#038;p=60361"},"modified":"2026-01-09T09:06:26","modified_gmt":"2026-01-09T08:06:26","slug":"szkola-liderow-monitorowania-prawa-edycja-wiosenna","status":"publish","type":"komunikaty","link":"https:\/\/us.edu.pl\/student\/komunikaty\/szkola-liderow-monitorowania-prawa-edycja-wiosenna\/","title":{"rendered":"Szko\u0142a Lider\u00f3w Monitorowania Prawa &#8211; edycja wiosenna"},"content":{"rendered":"<p>[vc_row][vc_column]\r\n                <div class=\"text-modules\">\r\n                    <div class=\"container\">\r\n                        \r\n                        <div class=\"text-modules__content\"><\/p>\n<div class=\"x14z9mp xat24cr x1lziwak x1vvkbs xtlvy1s x126k92a\">\n<div dir=\"auto\">Fundacja Court Watch Polska og\u0142asza rekrutacj\u0119 do wiosennej edycji (od 5 marca br.) Szko\u0142y Lider\u00f3w Monitorowania Prawa! Je\u015bli jeste\u015b aktywnym, zaanga\u017cowanym studentem, cz\u0142onkiem ko\u0142a naukowego lub dzia\u0142aczem organizacji pozarz\u0105dowej \u2013 to jest program dla Ciebie.<\/div>\n<div dir=\"auto\"><\/div>\n<div dir=\"auto\">Wp\u0142ywaj realnie na otaczaj\u0105c\u0105 Ci\u0119 rzeczywisto\u015b\u0107 \u2013 zdob\u0105d\u017a unikalne umiej\u0119tno\u015bci, kt\u00f3re pozwol\u0105 Ci aktywnie dzia\u0142a\u0107 na rzecz spo\u0142ecze\u0144stwa obywatelskiego i <span class=\"html-span xdj266r x14z9mp xat24cr x1lziwak xexx8yu xyri2b x18d9i69 x1c1uobl x1hl2dhg x16tdsg8 x1vvkbs\">prawa.<\/span><\/div>\n<div dir=\"auto\"><\/div>\n<div dir=\"auto\"><span class=\"html-span xdj266r x14z9mp xat24cr x1lziwak xexx8yu xyri2b x18d9i69 x1c1uobl x1hl2dhg x16tdsg8 x1vvkbs\">Co<\/span> zyskujesz?<\/div>\n<\/div>\n<ul>\n<li><!--more-->Inspiruj\u0105ce spotkania online z czo\u0142owymi ekspertami.<\/li>\n<li>Indywidualne mentoringi, kt\u00f3re popchn\u0105 Tw\u00f3j rozw\u00f3j.<\/li>\n<li>Pakiet merytorycznych szkole\u0144 podczas zjazdu stacjonarnego w dniach 5-8 marca 2026.<\/li>\n<\/ul>\n<div class=\"x14z9mp xat24cr x1lziwak x1vvkbs xtlvy1s x126k92a\">\n<div dir=\"auto\">Liczba miejsc jest ograniczona, a o przyj\u0119ciu decyduje kolejno\u015b\u0107 zg\u0142osze\u0144 \u2013 nie odk\u0142adaj tego na p\u00f3\u017aniej.<\/div>\n<div dir=\"auto\">Zapisy trwaj\u0105 tylko do 26 stycznia!<\/div>\n<\/div>\n<div class=\"x14z9mp xat24cr x1lziwak x1vvkbs xtlvy1s x126k92a\">\n<div dir=\"auto\"><\/div>\n<div dir=\"auto\">Je\u015bli chcesz wzi\u0105\u0107 udzia\u0142 w Szkole Lider\u00f3w, ale nie pasuje Ci termin zjazdu &#8211; r\u00f3wnie\u017c koniecznie zapisz si\u0119 przez formularz zg\u0142oszeniowy, wybieraj\u0105c opcj\u0119 \u201cinteresuje mnie inny termin\u201d.<\/div>\n<\/div>\n<div class=\"x14z9mp xat24cr x1lziwak x1vvkbs xtlvy1s x126k92a\">\n<div dir=\"auto\"><\/div>\n<\/div>\n<div class=\"x14z9mp xat24cr x1lziwak x1vvkbs xtlvy1s x126k92a\">\n<div dir=\"auto\"><a href=\"https:\/\/courtwatch.pl\/projekty\/projekty-biezace\/szkola-liderow-monitorowania-prawa\/?fbclid=IwY2xjawPNlfdleHRuA2FlbQIxMABicmlkETBXZWhYR3gyTjVXcDlSQUZDc3J0YwZhcHBfaWQQMjIyMDM5MTc4ODIwMDg5MgABHnMxp-DPMhbmKmG6ei5VPyuJuK08bd6PVPCcsTEdntTJSvwdq57W0ZbY_WjA_aem_lhJn6ZHwTxeZEYTsDcsLwA\">Wi\u0119cej szczeg\u00f3\u0142\u00f3w znajduje si\u0119 na stronie programu<\/a>, a link do rejestracji<a href=\"https:\/\/accounts.google.com\/v3\/signin\/identifier?continue=https%3A%2F%2Fdocs.google.com%2Fforms%2Fd%2Fe%2F1FAIpQLSdxXHIHUf13LgkhOYMrhAChJOn4L07I0anM8jxyH1xrvJkIeA%2Fviewform%3Fpli%3D1%26fbclid%3DIwY2xjawPNlfRleHRuA2FlbQIxMABicmlkETBXZWhYR3gyTjVXcDlSQUZDc3J0YwZhcHBfaWQQMjIyMDM5MTc4ODIwMDg5MgABHpa9AdrOmyHtBhQeWEyzdn-5ffUTpGNQd1l1xQzv49O6vmCSA8qLb0mg1hux_aem_mvz5wSukxRYuMk2ZgF6oWA&amp;dsh=S540877552%3A1767945892936922&amp;followup=https%3A%2F%2Fdocs.google.com%2Fforms%2Fd%2Fe%2F1FAIpQLSdxXHIHUf13LgkhOYMrhAChJOn4L07I0anM8jxyH1xrvJkIeA%2Fviewform%3Fpli%3D1%26fbclid%3DIwY2xjawPNlfRleHRuA2FlbQIxMABicmlkETBXZWhYR3gyTjVXcDlSQUZDc3J0YwZhcHBfaWQQMjIyMDM5MTc4ODIwMDg5MgABHpa9AdrOmyHtBhQeWEyzdn-5ffUTpGNQd1l1xQzv49O6vmCSA8qLb0mg1hux_aem_mvz5wSukxRYuMk2ZgF6oWA&amp;ifkv=AXbMIuBMNQTBrDIrgPy688rvm1n11jAWnSERDaksDe3UQX5ddW7pnJSKXqDxJ_yvk6hQfjDhP15PYQ&amp;ltmpl=forms&amp;osid=1&amp;passive=1209600&amp;service=wise&amp;flowName=GlifWebSignIn&amp;flowEntry=ServiceLogin\"> tutaj<\/a>.<\/div>\n<\/div>\n<p>\n<\/div>\r\n                    <\/div>\r\n                <\/div>[\/vc_column][\/vc_row]<\/p>","protected":false},"excerpt":{"rendered":"<p>[vc_row][vc_column] Fundacja Court Watch Polska og\u0142asza rekrutacj\u0119 do wiosennej edycji (od 5 marca br.) Szko\u0142y Lider\u00f3w Monitorowania Prawa! Je\u015bli jeste\u015b aktywnym, zaanga\u017cowanym studentem, cz\u0142onkiem ko\u0142a naukowego lub dzia\u0142aczem organizacji pozarz\u0105dowej \u2013 to jest program dla Ciebie. Wp\u0142ywaj realnie na otaczaj\u0105c\u0105 Ci\u0119 rzeczywisto\u015b\u0107 \u2013 zdob\u0105d\u017a unikalne umiej\u0119tno\u015bci, kt\u00f3re pozwol\u0105 Ci aktywnie dzia\u0142a\u0107 na rzecz spo\u0142ecze\u0144stwa obywatelskiego [&#8230;]<\/p>\n<p><a class=\"btn btn-secondary understrap-read-more-link\" href=\"https:\/\/us.edu.pl\/student\/komunikaty\/szkola-liderow-monitorowania-prawa-edycja-wiosenna\/\">Read More&#8230;<\/a><\/p>\n","protected":false},"author":7151,"featured_media":0,"template":"","meta":{"_expiration-date-status":"","_expiration-date":0,"_expiration-date-type":"","_expiration-date-categories":[],"_expiration-date-options":[]},"acf":[],"_links":{"self":[{"href":"https:\/\/us.edu.pl\/student\/wp-json\/wp\/v2\/komunikaty\/60361"}],"collection":[{"href":"https:\/\/us.edu.pl\/student\/wp-json\/wp\/v2\/komunikaty"}],"about":[{"href":"https:\/\/us.edu.pl\/student\/wp-json\/wp\/v2\/types\/komunikaty"}],"author":[{"embeddable":true,"href":"https:\/\/us.edu.pl\/student\/wp-json\/wp\/v2\/users\/7151"}],"version-history":[{"count":1,"href":"https:\/\/us.edu.pl\/student\/wp-json\/wp\/v2\/komunikaty\/60361\/revisions"}],"predecessor-version":[{"id":60362,"href":"https:\/\/us.edu.pl\/student\/wp-json\/wp\/v2\/komunikaty\/60361\/revisions\/60362"}],"wp:attachment":[{"href":"https:\/\/us.edu.pl\/student\/wp-json\/wp\/v2\/media?parent=60361"}],"curies":[{"name":"wp","href":"https:\/\/api.w.org\/{rel}","templated":true}]}}

Szkoła Liderów Monitorowania Prawa &#8211; edycja wiosenna

<p>[vc_row][vc_column]
                <div class="text-modules">
                    <div class="container">
                        
                        <div class="text-modules__content"></p>
<div class="x14z9mp xat24cr x1lziwak x1vvkbs xtlvy1s x126k92a">
<div dir="auto">Fundacja Court Watch Polska ogłasza rekrutację do wiosennej edycji (od 5 marca br.) Szkoły Liderów Monitorowania Prawa! Jeśli jesteś aktywnym, zaangażowanym studentem, członkiem koła naukowego lub działaczem organizacji pozarządowej – to jest program dla Ciebie.</div>
<div dir="auto"></div>
<div dir="auto">Wpływaj realnie na otaczającą Cię rzeczywistość – zdobądź unikalne umiejętności, które pozwolą Ci aktywnie działać na rzecz społeczeństwa obywatelskiego i <span class="html-span xdj266r x14z9mp xat24cr x1lziwak xexx8yu xyri2b x18d9i69 x1c1uobl x1hl2dhg x16tdsg8 x1vvkbs">prawa.</span></div>
<div dir="auto"></div>
<div dir="auto"><span class="html-span xdj266r x14z9mp xat24cr x1lziwak xexx8yu xyri2b x18d9i69 x1c1uobl x1hl2dhg x16tdsg8 x1vvkbs">Co</span> zyskujesz?</div>
</div>
<ul>
<li><!--more-->Inspirujące spotkania online z czołowymi ekspertami.</li>
<li>Indywidualne mentoringi, które popchną Twój rozwój.</li>
<li>Pakiet merytorycznych szkoleń podczas zjazdu stacjonarnego w dniach 5-8 marca 2026.</li>
</ul>
<div class="x14z9mp xat24cr x1lziwak x1vvkbs xtlvy1s x126k92a">
<div dir="auto">Liczba miejsc jest ograniczona, a o przyjęciu decyduje kolejność zgłoszeń – nie odkładaj tego na później.</div>
<div dir="auto">Zapisy trwają tylko do 26 stycznia!</div>
</div>
<div class="x14z9mp xat24cr x1lziwak x1vvkbs xtlvy1s x126k92a">
<div dir="auto"></div>
<div dir="auto">Jeśli chcesz wziąć udział w Szkole Liderów, ale nie pasuje Ci termin zjazdu &#8211; również koniecznie zapisz się przez formularz zgłoszeniowy, wybierając opcję “interesuje mnie inny termin”.</div>
</div>
<div class="x14z9mp xat24cr x1lziwak x1vvkbs xtlvy1s x126k92a">
<div dir="auto"></div>
</div>
<div class="x14z9mp xat24cr x1lziwak x1vvkbs xtlvy1s x126k92a">
<div dir="auto"><a href="https://courtwatch.pl/projekty/projekty-biezace/szkola-liderow-monitorowania-prawa/?fbclid=IwY2xjawPNlfdleHRuA2FlbQIxMABicmlkETBXZWhYR3gyTjVXcDlSQUZDc3J0YwZhcHBfaWQQMjIyMDM5MTc4ODIwMDg5MgABHnMxp-DPMhbmKmG6ei5VPyuJuK08bd6PVPCcsTEdntTJSvwdq57W0ZbY_WjA_aem_lhJn6ZHwTxeZEYTsDcsLwA">Więcej szczegółów znajduje się na stronie programu</a>, a link do rejestracji<a href="https://accounts.google.com/v3/signin/identifier?continue=https%3A%2F%2Fdocs.google.com%2Fforms%2Fd%2Fe%2F1FAIpQLSdxXHIHUf13LgkhOYMrhAChJOn4L07I0anM8jxyH1xrvJkIeA%2Fviewform%3Fpli%3D1%26fbclid%3DIwY2xjawPNlfRleHRuA2FlbQIxMABicmlkETBXZWhYR3gyTjVXcDlSQUZDc3J0YwZhcHBfaWQQMjIyMDM5MTc4ODIwMDg5MgABHpa9AdrOmyHtBhQeWEyzdn-5ffUTpGNQd1l1xQzv49O6vmCSA8qLb0mg1hux_aem_mvz5wSukxRYuMk2ZgF6oWA&amp;dsh=S540877552%3A1767945892936922&amp;followup=https%3A%2F%2Fdocs.google.com%2Fforms%2Fd%2Fe%2F1FAIpQLSdxXHIHUf13LgkhOYMrhAChJOn4L07I0anM8jxyH1xrvJkIeA%2Fviewform%3Fpli%3D1%26fbclid%3DIwY2xjawPNlfRleHRuA2FlbQIxMABicmlkETBXZWhYR3gyTjVXcDlSQUZDc3J0YwZhcHBfaWQQMjIyMDM5MTc4ODIwMDg5MgABHpa9AdrOmyHtBhQeWEyzdn-5ffUTpGNQd1l1xQzv49O6vmCSA8qLb0mg1hux_aem_mvz5wSukxRYuMk2ZgF6oWA&amp;ifkv=AXbMIuBMNQTBrDIrgPy688rvm1n11jAWnSERDaksDe3UQX5ddW7pnJSKXqDxJ_yvk6hQfjDhP15PYQ&amp;ltmpl=forms&amp;osid=1&amp;passive=1209600&amp;service=wise&amp;flowName=GlifWebSignIn&amp;flowEntry=ServiceLogin"> tutaj</a>.</div>
</div>
<p>
</div>
                    </div>
                </div>[/vc_column][/vc_row]</p>

<p>[vc_row][vc_column] Fundacja Court Watch Polska ogłasza rekrutację do wiosennej edycji (od 5 marca br.) Szkoły Liderów Monitorowania Prawa! Jeśli jesteś aktywnym, zaangażowanym studentem, członkiem koła naukowego lub działaczem organizacji pozarządowej – to jest program dla Ciebie. Wpływaj realnie na otaczającą Cię rzeczywistość – zdobądź unikalne umiejętności, które pozwolą Ci aktywnie działać na rzecz społeczeństwa obywatelskiego [&#8230;]</p>
<p><a class="btn btn-secondary understrap-read-more-link" href="https://us.edu.pl/student/komunikaty/szkola-liderow-monitorowania-prawa-edycja-wiosenna/">Read More&#8230;</a></p>
