{"id":61530,"date":"2026-04-24T07:12:36","date_gmt":"2026-04-24T05:12:36","guid":{"rendered":"https:\/\/us.edu.pl\/student\/?post_type=komunikaty&#038;p=61530"},"modified":"2026-04-24T07:12:36","modified_gmt":"2026-04-24T05:12:36","slug":"szkolenie-online-excel-zaawansowany-makra-w-praktyce","status":"publish","type":"komunikaty","link":"https:\/\/us.edu.pl\/student\/komunikaty\/szkolenie-online-excel-zaawansowany-makra-w-praktyce\/","title":{"rendered":"Szkolenie online \u201eExcel zaawansowany \u2013 makra w praktyce\u201d"},"content":{"rendered":"<p>[vc_row][vc_column]\r\n                <div class=\"text-modules\">\r\n                    <div class=\"container\">\r\n                        \r\n                        <div class=\"text-modules__content\"><p>Ju\u017c po maj\u00f3wce zapraszamy na praktyczne szkolenie z zaawansowanego Excela, podczas kt\u00f3rego poznasz konkretne i sprawdzone rozwi\u0105zania oparte na makrach.<!--more--><!--more--> Warsztaty opieraj\u0105 si\u0119 na realnych przyk\u0142adach \u2013 cz\u0119\u015b\u0107 z nich powsta\u0142a jako szybkie rozwi\u0105zanie potrzeb klient\u00f3w, a cz\u0119\u015b\u0107 jako rozbudowane narz\u0119dzie wspieraj\u0105ce codzienn\u0105 prac\u0119.<\/p>\n<p>To szkolenie skoncentrowane na praktyce \u2013 zobaczysz, jak automatyzowa\u0107 zadania i tworzy\u0107 funkcjonalne rozwi\u0105zania w Excelu.<\/p>\n<p><strong>Dlaczego warto?<\/strong><\/p>\n<ul>\n<li>poznasz praktyczne makra stworzone na bazie rzeczywistych potrzeb biznesowych,<\/li>\n<li>dowiesz si\u0119, jak automatyzowa\u0107 powtarzalne zadania w Excelu,<\/li>\n<li>zobaczysz przyk\u0142ady zar\u00f3wno prostych, jak i bardziej rozbudowanych rozwi\u0105za\u0144,<\/li>\n<li>zdob\u0119dziesz wiedz\u0119, kt\u00f3r\u0105 mo\u017cesz od razu wykorzysta\u0107 w pracy,<\/li>\n<li>szkolenie prowadzone jest przez do\u015bwiadczonego praktyka.<\/li>\n<\/ul>\n<p><strong>Dla kogo?<\/strong><br \/>\nSzkolenie skierowane jest do os\u00f3b pracuj\u0105cych w Excelu, kt\u00f3re chc\u0105 wej\u015b\u0107 na wy\u017cszy poziom zaawansowania, znaj\u0105 podstawy makr i chc\u0105 nauczy\u0107 si\u0119 ich praktycznego zastosowania; w szczeg\u00f3lno\u015bci do analityk\u00f3w, pracownik\u00f3w biurowych, finansowych oraz wszystkich, kt\u00f3rzy chc\u0105 automatyzowa\u0107 swoj\u0105 prac\u0119 i tworzy\u0107 w\u0142asne rozwi\u0105zania w Excelu.<\/p>\n<p><strong>Przed udzia\u0142em w szkoleniu konieczna jest znajomo\u015b\u0107 podstaw tworzenia makr (rejestrator makr).<\/strong><br \/>\nAby w pe\u0142ni skorzysta\u0107 z warsztatu:<\/p>\n<ul>\n<li><a href=\"https:\/\/youtu.be\/9n4iw3sQA5g\">obejrzyj materia\u0142 wprowadzaj\u0105cy.<\/a><\/li>\n<li>spr\u00f3buj samodzielnie nagra\u0107 kilka prostych makr<\/li>\n<\/ul>\n<p>*Jest to warunek niezb\u0119dny do efektywnego udzia\u0142u w szkoleniu.<\/p>\n<p><strong>Szkolenie odb\u0119dzie si\u0119 6 maja 2026 r. w godzinach 12.00\u201314.00 w formule online.<\/strong><\/p>\n<p><a href=\"https:\/\/www.cogitor.pl\/\">Zapisy znajdziesz na stronie organizatora.<\/a><\/p>\n<p>Zarejestruj si\u0119 i rozwi\u0144 swoje umiej\u0119tno\u015bci pracy w Excelu!<\/p>\n<\/div>\r\n                    <\/div>\r\n                <\/div>[\/vc_column][\/vc_row]<\/p>","protected":false},"excerpt":{"rendered":"<p>[vc_row][vc_column]Ju\u017c po maj\u00f3wce zapraszamy na praktyczne szkolenie z zaawansowanego Excela, podczas kt\u00f3rego poznasz konkretne i sprawdzone rozwi\u0105zania oparte na makrach. [&#8230;]<\/p>\n<p><a class=\"btn btn-secondary understrap-read-more-link\" href=\"https:\/\/us.edu.pl\/student\/komunikaty\/szkolenie-online-excel-zaawansowany-makra-w-praktyce\/\">Read More&#8230;<\/a><\/p>\n","protected":false},"author":7151,"featured_media":0,"template":"","meta":{"_expiration-date-status":"","_expiration-date":0,"_expiration-date-type":"","_expiration-date-categories":[],"_expiration-date-options":[]},"acf":[],"_links":{"self":[{"href":"https:\/\/us.edu.pl\/student\/wp-json\/wp\/v2\/komunikaty\/61530"}],"collection":[{"href":"https:\/\/us.edu.pl\/student\/wp-json\/wp\/v2\/komunikaty"}],"about":[{"href":"https:\/\/us.edu.pl\/student\/wp-json\/wp\/v2\/types\/komunikaty"}],"author":[{"embeddable":true,"href":"https:\/\/us.edu.pl\/student\/wp-json\/wp\/v2\/users\/7151"}],"version-history":[{"count":1,"href":"https:\/\/us.edu.pl\/student\/wp-json\/wp\/v2\/komunikaty\/61530\/revisions"}],"predecessor-version":[{"id":61531,"href":"https:\/\/us.edu.pl\/student\/wp-json\/wp\/v2\/komunikaty\/61530\/revisions\/61531"}],"wp:attachment":[{"href":"https:\/\/us.edu.pl\/student\/wp-json\/wp\/v2\/media?parent=61530"}],"curies":[{"name":"wp","href":"https:\/\/api.w.org\/{rel}","templated":true}]}}

<p>[vc_row][vc_column]
                <div class="text-modules">
                    <div class="container">
                        
                        <div class="text-modules__content"><p>Już po majówce zapraszamy na praktyczne szkolenie z zaawansowanego Excela, podczas którego poznasz konkretne i sprawdzone rozwiązania oparte na makrach.<!--more--><!--more--> Warsztaty opierają się na realnych przykładach – część z nich powstała jako szybkie rozwiązanie potrzeb klientów, a część jako rozbudowane narzędzie wspierające codzienną pracę.</p>
<p>To szkolenie skoncentrowane na praktyce – zobaczysz, jak automatyzować zadania i tworzyć funkcjonalne rozwiązania w Excelu.</p>
<p><strong>Dlaczego warto?</strong></p>
<ul>
<li>poznasz praktyczne makra stworzone na bazie rzeczywistych potrzeb biznesowych,</li>
<li>dowiesz się, jak automatyzować powtarzalne zadania w Excelu,</li>
<li>zobaczysz przykłady zarówno prostych, jak i bardziej rozbudowanych rozwiązań,</li>
<li>zdobędziesz wiedzę, którą możesz od razu wykorzystać w pracy,</li>
<li>szkolenie prowadzone jest przez doświadczonego praktyka.</li>
</ul>
<p><strong>Dla kogo?</strong><br />
Szkolenie skierowane jest do osób pracujących w Excelu, które chcą wejść na wyższy poziom zaawansowania, znają podstawy makr i chcą nauczyć się ich praktycznego zastosowania; w szczególności do analityków, pracowników biurowych, finansowych oraz wszystkich, którzy chcą automatyzować swoją pracę i tworzyć własne rozwiązania w Excelu.</p>
<p><strong>Przed udziałem w szkoleniu konieczna jest znajomość podstaw tworzenia makr (rejestrator makr).</strong><br />
Aby w pełni skorzystać z warsztatu:</p>
<ul>
<li><a href="https://youtu.be/9n4iw3sQA5g">obejrzyj materiał wprowadzający.</a></li>
<li>spróbuj samodzielnie nagrać kilka prostych makr</li>
</ul>
<p>*Jest to warunek niezbędny do efektywnego udziału w szkoleniu.</p>
<p><strong>Szkolenie odbędzie się 6 maja 2026 r. w godzinach 12.00–14.00 w formule online.</strong></p>
<p><a href="https://www.cogitor.pl/">Zapisy znajdziesz na stronie organizatora.</a></p>
<p>Zarejestruj się i rozwiń swoje umiejętności pracy w Excelu!</p>
</div>
                    </div>
                </div>[/vc_column][/vc_row]</p>

<p>[vc_row][vc_column]Już po majówce zapraszamy na praktyczne szkolenie z zaawansowanego Excela, podczas którego poznasz konkretne i sprawdzone rozwiązania oparte na makrach. [&#8230;]</p>
<p><a class="btn btn-secondary understrap-read-more-link" href="https://us.edu.pl/student/komunikaty/szkolenie-online-excel-zaawansowany-makra-w-praktyce/">Read More&#8230;</a></p>
