{"id":63280,"date":"2026-08-31T13:33:01","date_gmt":"2026-08-31T11:33:01","guid":{"rendered":"https:\/\/us.edu.pl\/student\/?post_type=komunikaty&#038;p=63280"},"modified":"2026-08-31T13:33:47","modified_gmt":"2026-08-31T11:33:47","slug":"yeserasmus-jeszcze-bardziej-na-plus-wez-udzial-w-konkursie","status":"publish","type":"komunikaty","link":"https:\/\/us.edu.pl\/student\/komunikaty\/yeserasmus-jeszcze-bardziej-na-plus-wez-udzial-w-konkursie\/","title":{"rendered":"YES!Erasmus+ jeszcze bardziej na plus \u2013 we\u017a udzia\u0142 w konkursie"},"content":{"rendered":"<p>[vc_row][vc_column width=&#8221;1\/2&#8243;][vc_column_text]<\/p>\n<p style=\"text-align: left;\"><span style=\"font-weight: 400; font-size: 12pt;\">Organizator konkursu YES!Erasmus+, Centrum Wsp\u00f3\u0142pracy i Dialogu Uniwersytetu Warszawskiego zaprasza studentki i student\u00f3w oraz doktorantki i doktorant\u00f3w, kt\u00f3rzy w\u0142a\u015bnie rozpoczynaj\u0105 swoj\u0105 przygod\u0119 z Erasmusem<!--more--> lub skorzystali ju\u017c z wymiany, do dzielenia si\u0119 wspania\u0142ymi prze\u017cyciami z r\u00f3\u017cnych zak\u0105tk\u00f3w Unii Europejskiej.<\/span><\/p>\n<p style=\"text-align: left;\"><span style=\"font-size: 12pt;\"><span style=\"font-weight: 400;\">W tegorocznej edycji mog\u0105 wzi\u0105\u0107 udzia\u0142 nie tylko osoby wyje\u017cd\u017caj\u0105ce w minionych latach (2024\/2025, 2025\/2026) \u2013 tym razem <\/span>tak\u017ce uczestniczki i uczestnicy wymian w roku akademickim 2026\/2027 mog\u0105 wzi\u0105\u0107 udzia\u0142 w konkursie Your Experience Story- YES!Erasmus+.\u00a0<\/span><\/p>\n<p style=\"text-align: left;\"><span style=\"font-size: 12pt;\"><span style=\"font-weight: 400;\">Otwarcie rywalizacji na kolejny rocznik os\u00f3b studiuj\u0105cych to nie jedyna istotna nowo\u015b\u0107. Zmianie uleg\u0142 tak\u017ce termin na zg\u0142aszanie prac konkursowych. Zdj\u0119cie lub film pokazuj\u0105ce uroki i korzy\u015bci p\u0142yn\u0105ce z wymian akademickich <\/span>mo\u017cna zg\u0142osi\u0107 <b>a\u017c do 18 pa\u017adziernika<\/b>! <span style=\"font-weight: 400;\">Dzi\u0119ki temu wszyscy nowi cz\u0142onkowie spo\u0142eczno\u015bci erasmusowc\u00f3w zd\u0105\u017c\u0105 przygotowa\u0107 swoje prace konkursowe.\u00a0<\/span><\/span><\/p>\n<p style=\"text-align: left;\"><span style=\"font-size: 12pt;\">Wyniki konkursu zostan\u0105 og\u0142oszone do 9 listopada, a wr\u0119czenie nagr\u00f3d nast\u0105pi 20 listopada br. Na zwyci\u0119\u017cczyni\u0119 b\u0105d\u017a zwyci\u0119zc\u0119 czeka czterodniowa wizyta studyjna w siedzibach Parlamentu Europejskiego w Brukseli i Strasburgu.<\/span><\/p>\n<p style=\"text-align: left;\"><span style=\"font-weight: 400; font-size: 12pt;\">Wszystkie najwa\u017cniejsze informacje i formularz zg\u0142osze\u0144 znajduj\u0105 si\u0119 <a href=\"https:\/\/yeserasmus.uw.edu.pl\/?utm_source=uczelnie&amp;utm_medium=newsletter&amp;utm_campaign=www_uczelni\">na stronie YES!Erasmus+<\/a>.<\/span><\/p>\n<p>[\/vc_column_text][\/vc_column][vc_column width=&#8221;1\/2&#8243;][vc_column_text]<img class=\"alignnone wp-image-63281 size-full\" src=\"https:\/\/us.edu.pl\/student\/wp-content\/uploads\/sites\/3\/Bez-kategorii\/YES_IG-e1788175919175.png\" alt=\"Plakat informacyjny.\" width=\"640\" height=\"800\" \/>[\/vc_column_text][\/vc_column][\/vc_row]<\/p>","protected":false},"excerpt":{"rendered":"<p>[vc_row][vc_column width=&#8221;1\/2&#8243;][vc_column_text] Organizator konkursu YES!Erasmus+, Centrum Wsp\u00f3\u0142pracy i Dialogu Uniwersytetu Warszawskiego zaprasza studentki i student\u00f3w oraz doktorantki i doktorant\u00f3w, kt\u00f3rzy w\u0142a\u015bnie rozpoczynaj\u0105 swoj\u0105 przygod\u0119 z Erasmusem [&#8230;]<\/p>\n<p><a class=\"btn btn-secondary understrap-read-more-link\" href=\"https:\/\/us.edu.pl\/student\/komunikaty\/yeserasmus-jeszcze-bardziej-na-plus-wez-udzial-w-konkursie\/\">Read More&#8230;<\/a><\/p>\n","protected":false},"author":187,"featured_media":0,"template":"","meta":{"_expiration-date-status":"","_expiration-date":0,"_expiration-date-type":"","_expiration-date-categories":[],"_expiration-date-options":[]},"acf":[],"_links":{"self":[{"href":"https:\/\/us.edu.pl\/student\/wp-json\/wp\/v2\/komunikaty\/63280"}],"collection":[{"href":"https:\/\/us.edu.pl\/student\/wp-json\/wp\/v2\/komunikaty"}],"about":[{"href":"https:\/\/us.edu.pl\/student\/wp-json\/wp\/v2\/types\/komunikaty"}],"author":[{"embeddable":true,"href":"https:\/\/us.edu.pl\/student\/wp-json\/wp\/v2\/users\/187"}],"version-history":[{"count":2,"href":"https:\/\/us.edu.pl\/student\/wp-json\/wp\/v2\/komunikaty\/63280\/revisions"}],"predecessor-version":[{"id":63283,"href":"https:\/\/us.edu.pl\/student\/wp-json\/wp\/v2\/komunikaty\/63280\/revisions\/63283"}],"wp:attachment":[{"href":"https:\/\/us.edu.pl\/student\/wp-json\/wp\/v2\/media?parent=63280"}],"curies":[{"name":"wp","href":"https:\/\/api.w.org\/{rel}","templated":true}]}}

YES!Erasmus+ jeszcze bardziej na plus – weź udział w konkursie

<p>[vc_row][vc_column width=&#8221;1/2&#8243;][vc_column_text]</p>
<p style="text-align: left;"><span style="font-weight: 400; font-size: 12pt;">Organizator konkursu YES!Erasmus+, Centrum Współpracy i Dialogu Uniwersytetu Warszawskiego zaprasza studentki i studentów oraz doktorantki i doktorantów, którzy właśnie rozpoczynają swoją przygodę z Erasmusem<!--more--> lub skorzystali już z wymiany, do dzielenia się wspaniałymi przeżyciami z różnych zakątków Unii Europejskiej.</span></p>
<p style="text-align: left;"><span style="font-size: 12pt;"><span style="font-weight: 400;">W tegorocznej edycji mogą wziąć udział nie tylko osoby wyjeżdżające w minionych latach (2024/2025, 2025/2026) – tym razem </span>także uczestniczki i uczestnicy wymian w roku akademickim 2026/2027 mogą wziąć udział w konkursie Your Experience Story- YES!Erasmus+. </span></p>
<p style="text-align: left;"><span style="font-size: 12pt;"><span style="font-weight: 400;">Otwarcie rywalizacji na kolejny rocznik osób studiujących to nie jedyna istotna nowość. Zmianie uległ także termin na zgłaszanie prac konkursowych. Zdjęcie lub film pokazujące uroki i korzyści płynące z wymian akademickich </span>można zgłosić <b>aż do 18 października</b>! <span style="font-weight: 400;">Dzięki temu wszyscy nowi członkowie społeczności erasmusowców zdążą przygotować swoje prace konkursowe. </span></span></p>
<p style="text-align: left;"><span style="font-size: 12pt;">Wyniki konkursu zostaną ogłoszone do 9 listopada, a wręczenie nagród nastąpi 20 listopada br. Na zwyciężczynię bądź zwycięzcę czeka czterodniowa wizyta studyjna w siedzibach Parlamentu Europejskiego w Brukseli i Strasburgu.</span></p>
<p style="text-align: left;"><span style="font-weight: 400; font-size: 12pt;">Wszystkie najważniejsze informacje i formularz zgłoszeń znajdują się <a href="https://yeserasmus.uw.edu.pl/?utm_source=uczelnie&amp;utm_medium=newsletter&amp;utm_campaign=www_uczelni">na stronie YES!Erasmus+</a>.</span></p>
<p>[/vc_column_text][/vc_column][vc_column width=&#8221;1/2&#8243;][vc_column_text]<img class="alignnone wp-image-63281 size-full" src="https://us.edu.pl/student/wp-content/uploads/sites/3/Bez-kategorii/YES_IG-e1788175919175.png" alt="Plakat informacyjny." width="640" height="800" />[/vc_column_text][/vc_column][/vc_row]</p>

<p>[vc_row][vc_column width=&#8221;1/2&#8243;][vc_column_text] Organizator konkursu YES!Erasmus+, Centrum Współpracy i Dialogu Uniwersytetu Warszawskiego zaprasza studentki i studentów oraz doktorantki i doktorantów, którzy właśnie rozpoczynają swoją przygodę z Erasmusem [&#8230;]</p>
<p><a class="btn btn-secondary understrap-read-more-link" href="https://us.edu.pl/student/komunikaty/yeserasmus-jeszcze-bardziej-na-plus-wez-udzial-w-konkursie/">Read More&#8230;</a></p>
