{"id":63286,"date":"2026-08-31T14:59:26","date_gmt":"2026-08-31T12:59:26","guid":{"rendered":"https:\/\/us.edu.pl\/student\/?post_type=komunikaty&#038;p=63286"},"modified":"2026-08-31T14:59:26","modified_gmt":"2026-08-31T12:59:26","slug":"twoj-dzien-z-liderka-zobacz-jak-wyglada-praca-liderki-astrazeneca-od-srodka","status":"publish","type":"komunikaty","link":"https:\/\/us.edu.pl\/student\/komunikaty\/twoj-dzien-z-liderka-zobacz-jak-wyglada-praca-liderki-astrazeneca-od-srodka\/","title":{"rendered":"Tw\u00f3j dzie\u0144 z Liderk\u0105 \u2013 zobacz, jak wygl\u0105da praca liderki AstraZeneca od \u015brodka!"},"content":{"rendered":"<p>[vc_row][vc_column]\r\n                <div class=\"text-modules\">\r\n                    <div class=\"container\">\r\n                        \r\n                        <div class=\"text-modules__content\"><p><strong>Jeden dzie\u0144 mo\u017ce da\u0107 Ci wi\u0119cej ni\u017c my\u015blisz.<\/strong> Poznaj kulisy pracy liderki, porozmawiaj o jej drodze zawodowej i zobacz, jak w praktyce wygl\u0105da rozw\u00f3j kariery w obszarze STEM.<!--more--><!--more--><\/p>\n<p>AstraZeneca zaprasza studentki i m\u0142ode osoby w wieku <strong>18\u201324 lat<\/strong> do udzia\u0142u w programie <strong>\u201eTw\u00f3j dzie\u0144 z Liderk\u0105\u201d<\/strong>, realizowanym w ramach inicjatywy Girls Belong Here.<\/p>\n<p>Trzy wybrane uczestniczki sp\u0119dz\u0105 <strong>30 wrze\u015bnia 2026 r. jeden dzie\u0144 w biurze AstraZeneca w Warszawie<\/strong>, towarzysz\u0105c jednej z trzech liderek firmy:<\/p>\n<ul>\n<li><strong>Karolinie Tkaczuk<\/strong> \u2013 Senior Director, Innovation and Academic Alliances,<\/li>\n<li><strong>Dorocie Andrzejewskiej-G\u00f3reckiej<\/strong> \u2013 Group Director, Regulatory Process,<\/li>\n<li><strong>Agnieszce Skorupce<\/strong> \u2013 Director, Study Operations.<\/li>\n<\/ul>\n<p><strong>Dlaczego warto?<\/strong><\/p>\n<ul>\n<li>zobaczysz, jak wygl\u0105da codzienna praca liderki w mi\u0119dzynarodowej firmie,<\/li>\n<li>poznasz jej do\u015bwiadczenia oraz drog\u0119 zawodow\u0105,<\/li>\n<li>porozmawiasz bezpo\u015brednio z liderk\u0105 i b\u0119dziesz mog\u0142a zada\u0107 jej pytania dotycz\u0105ce kariery,<\/li>\n<li>poznasz r\u00f3\u017cne \u015bcie\u017cki rozwoju w obszarze STEM,<\/li>\n<li>dowiesz si\u0119, jak wiedza zdobywana podczas studi\u00f3w mo\u017ce prze\u0142o\u017cy\u0107 si\u0119 na karier\u0119 zawodow\u0105,<\/li>\n<li>we\u017amiesz udzia\u0142 w panelu dyskusyjnym podczas wydarzenia Girls Belong Here.<\/li>\n<\/ul>\n<p><strong>Dla kogo?<\/strong><\/p>\n<p>Program skierowany jest do <strong>studentek oraz m\u0142odych kobiet w wieku 18\u201324 lat<\/strong>, kt\u00f3re interesuj\u0105 si\u0119 obszarem STEM i chc\u0105 lepiej pozna\u0107 mo\u017cliwo\u015bci rozwoju zawodowego. Spo\u015br\u00f3d zg\u0142osze\u0144 organizatorzy wybior\u0105 trzy uczestniczki \u2013 ka\u017cda z nich sp\u0119dzi dzie\u0144 z jedn\u0105 z liderek AstraZeneca.<\/p>\n<p>Dzie\u0144 z liderk\u0105 odb\u0119dzie si\u0119 <strong>30 wrze\u015bnia 2026 r. w biurze AstraZeneca w Warszawie<\/strong>. Udzia\u0142 w programie obejmuje r\u00f3wnie\u017c uczestnictwo w panelu dyskusyjnym organizowanym w ramach Girls Belong Here <strong>22 pa\u017adziernika 2026 r.<\/strong> Zg\u0142oszenia mo\u017cna przesy\u0142a\u0107 <strong>do 11 wrze\u015bnia 2026 r.<\/strong><\/p>\n<p><a href=\"https:\/\/www.linkedin.com\/posts\/astrazeneca_tw%C3%B3j-dzie%C5%84-z-liderk%C4%85-activity-7498343418369323008-MtXZ\/?utm_source=share&amp;utm_medium=member_desktop&amp;rcm=ACoAACpYoEQBep96Nv0-aFUnwNjODjxuGMmL3zg\"><strong>Wi\u0119cej informacji znajdziesz na stronie wydarzenia.<\/strong><\/a><\/p>\n<p><strong>Nie musisz jeszcze wiedzie\u0107, dok\u0105d zaprowadzi Ci\u0119 kariera. Zacznij od poznania mo\u017cliwo\u015bci!<\/strong><\/p>\n<p><a href=\"https:\/\/forms.cloud.microsoft\/Pages\/ResponsePage.aspx?id=o4mOr6zZL0KtBsxOtCFDFBu-HV2_QHJEu7BrmoVRzwVUMlgwUFNHRUpJN0RZQzEzNk1GRUxZQ1hIVS4u\"><strong>Wype\u0142nij formularz i zg\u0142o\u015b si\u0119 do programu \u201eTw\u00f3j dzie\u0144 z Liderk\u0105\u201d.<\/strong><\/a><\/p>\n<\/div>\r\n                    <\/div>\r\n                <\/div>[\/vc_column][\/vc_row]<\/p>","protected":false},"excerpt":{"rendered":"<p>[vc_row][vc_column]Jeden dzie\u0144 mo\u017ce da\u0107 Ci wi\u0119cej ni\u017c my\u015blisz. Poznaj kulisy pracy liderki, porozmawiaj o jej drodze zawodowej i zobacz, jak w praktyce wygl\u0105da rozw\u00f3j kariery w obszarze STEM. [&#8230;]<\/p>\n<p><a class=\"btn btn-secondary understrap-read-more-link\" href=\"https:\/\/us.edu.pl\/student\/komunikaty\/twoj-dzien-z-liderka-zobacz-jak-wyglada-praca-liderki-astrazeneca-od-srodka\/\">Read More&#8230;<\/a><\/p>\n","protected":false},"author":7151,"featured_media":0,"template":"","meta":{"_expiration-date-status":"","_expiration-date":0,"_expiration-date-type":"","_expiration-date-categories":[],"_expiration-date-options":[]},"acf":[],"_links":{"self":[{"href":"https:\/\/us.edu.pl\/student\/wp-json\/wp\/v2\/komunikaty\/63286"}],"collection":[{"href":"https:\/\/us.edu.pl\/student\/wp-json\/wp\/v2\/komunikaty"}],"about":[{"href":"https:\/\/us.edu.pl\/student\/wp-json\/wp\/v2\/types\/komunikaty"}],"author":[{"embeddable":true,"href":"https:\/\/us.edu.pl\/student\/wp-json\/wp\/v2\/users\/7151"}],"version-history":[{"count":1,"href":"https:\/\/us.edu.pl\/student\/wp-json\/wp\/v2\/komunikaty\/63286\/revisions"}],"predecessor-version":[{"id":63287,"href":"https:\/\/us.edu.pl\/student\/wp-json\/wp\/v2\/komunikaty\/63286\/revisions\/63287"}],"wp:attachment":[{"href":"https:\/\/us.edu.pl\/student\/wp-json\/wp\/v2\/media?parent=63286"}],"curies":[{"name":"wp","href":"https:\/\/api.w.org\/{rel}","templated":true}]}}

Twój dzień z Liderką – zobacz, jak wygląda praca liderki AstraZeneca od środka!

<p>[vc_row][vc_column]
                <div class="text-modules">
                    <div class="container">
                        
                        <div class="text-modules__content"><p><strong>Jeden dzień może dać Ci więcej niż myślisz.</strong> Poznaj kulisy pracy liderki, porozmawiaj o jej drodze zawodowej i zobacz, jak w praktyce wygląda rozwój kariery w obszarze STEM.<!--more--><!--more--></p>
<p>AstraZeneca zaprasza studentki i młode osoby w wieku <strong>18–24 lat</strong> do udziału w programie <strong>„Twój dzień z Liderką”</strong>, realizowanym w ramach inicjatywy Girls Belong Here.</p>
<p>Trzy wybrane uczestniczki spędzą <strong>30 września 2026 r. jeden dzień w biurze AstraZeneca w Warszawie</strong>, towarzysząc jednej z trzech liderek firmy:</p>
<ul>
<li><strong>Karolinie Tkaczuk</strong> – Senior Director, Innovation and Academic Alliances,</li>
<li><strong>Dorocie Andrzejewskiej-Góreckiej</strong> – Group Director, Regulatory Process,</li>
<li><strong>Agnieszce Skorupce</strong> – Director, Study Operations.</li>
</ul>
<p><strong>Dlaczego warto?</strong></p>
<ul>
<li>zobaczysz, jak wygląda codzienna praca liderki w międzynarodowej firmie,</li>
<li>poznasz jej doświadczenia oraz drogę zawodową,</li>
<li>porozmawiasz bezpośrednio z liderką i będziesz mogła zadać jej pytania dotyczące kariery,</li>
<li>poznasz różne ścieżki rozwoju w obszarze STEM,</li>
<li>dowiesz się, jak wiedza zdobywana podczas studiów może przełożyć się na karierę zawodową,</li>
<li>weźmiesz udział w panelu dyskusyjnym podczas wydarzenia Girls Belong Here.</li>
</ul>
<p><strong>Dla kogo?</strong></p>
<p>Program skierowany jest do <strong>studentek oraz młodych kobiet w wieku 18–24 lat</strong>, które interesują się obszarem STEM i chcą lepiej poznać możliwości rozwoju zawodowego. Spośród zgłoszeń organizatorzy wybiorą trzy uczestniczki – każda z nich spędzi dzień z jedną z liderek AstraZeneca.</p>
<p>Dzień z liderką odbędzie się <strong>30 września 2026 r. w biurze AstraZeneca w Warszawie</strong>. Udział w programie obejmuje również uczestnictwo w panelu dyskusyjnym organizowanym w ramach Girls Belong Here <strong>22 października 2026 r.</strong> Zgłoszenia można przesyłać <strong>do 11 września 2026 r.</strong></p>
<p><a href="https://www.linkedin.com/posts/astrazeneca_tw%C3%B3j-dzie%C5%84-z-liderk%C4%85-activity-7498343418369323008-MtXZ/?utm_source=share&amp;utm_medium=member_desktop&amp;rcm=ACoAACpYoEQBep96Nv0-aFUnwNjODjxuGMmL3zg"><strong>Więcej informacji znajdziesz na stronie wydarzenia.</strong></a></p>
<p><strong>Nie musisz jeszcze wiedzieć, dokąd zaprowadzi Cię kariera. Zacznij od poznania możliwości!</strong></p>
<p><a href="https://forms.cloud.microsoft/Pages/ResponsePage.aspx?id=o4mOr6zZL0KtBsxOtCFDFBu-HV2_QHJEu7BrmoVRzwVUMlgwUFNHRUpJN0RZQzEzNk1GRUxZQ1hIVS4u"><strong>Wypełnij formularz i zgłoś się do programu „Twój dzień z Liderką”.</strong></a></p>
</div>
                    </div>
                </div>[/vc_column][/vc_row]</p>

<p>[vc_row][vc_column]Jeden dzień może dać Ci więcej niż myślisz. Poznaj kulisy pracy liderki, porozmawiaj o jej drodze zawodowej i zobacz, jak w praktyce wygląda rozwój kariery w obszarze STEM. [&#8230;]</p>
<p><a class="btn btn-secondary understrap-read-more-link" href="https://us.edu.pl/student/komunikaty/twoj-dzien-z-liderka-zobacz-jak-wyglada-praca-liderki-astrazeneca-od-srodka/">Read More&#8230;</a></p>
