{"id":22692,"date":"2020-07-08T13:07:41","date_gmt":"2020-07-08T11:07:41","guid":{"rendered":"https:\/\/us.edu.pl\/student\/?post_type=multimedia&#038;p=22692"},"modified":"2020-07-13T10:57:28","modified_gmt":"2020-07-13T08:57:28","slug":"uswspiera-studentow-specjalna-projekcja-na-budynku-rektoratu-us","status":"publish","type":"multimedia","link":"https:\/\/us.edu.pl\/student\/multimedia\/uswspiera-studentow-specjalna-projekcja-na-budynku-rektoratu-us\/","title":{"rendered":"#U\u015awspiera Student\u00f3w &#8211; specjalna projekcja na budynku Rektoratu U\u015a"},"content":{"rendered":"<p>[vc_row][vc_column]\r\n                <div class=\"text-modules \">\r\n                    <div class=\"container\">\r\n                         \r\n                        <div class=\"row m-0\">\r\n                            <div class=\"text-modules__content\">\r\n                                <\/p>\n<p><iframe loading=\"lazy\" title=\"#U\u015awspiera Student\u00f3w - specjalna projekcja na budynku Rektoratu U\u015a\" width=\"640\" height=\"360\" src=\"https:\/\/www.youtube.com\/embed\/B_aOlV3sNhI?feature=oembed\" frameborder=\"0\" allow=\"accelerometer; autoplay; encrypted-media; gyroscope; picture-in-picture\" allowfullscreen><\/iframe><\/p>\n<div class=\"mt-3\"><\/div>\r\n                            <\/div>\r\n                            \r\n                            \r\n                        <\/div>\r\n                    <\/div>\r\n                <\/div>[\/vc_column][\/vc_row]<\/p>","protected":false},"excerpt":{"rendered":"<p>[vc_row][vc_column][\/vc_column][\/vc_row] [&#8230;]<\/p>\n<p><a class=\"btn btn-secondary understrap-read-more-link\" href=\"https:\/\/us.edu.pl\/student\/multimedia\/uswspiera-studentow-specjalna-projekcja-na-budynku-rektoratu-us\/\">Read More&#8230;<\/a><\/p>\n","protected":false},"author":35,"featured_media":22693,"template":"","meta":{"_expiration-date-status":"saved","_expiration-date":0,"_expiration-date-type":"","_expiration-date-categories":[],"_expiration-date-options":[]},"acf":[],"_links":{"self":[{"href":"https:\/\/us.edu.pl\/student\/wp-json\/wp\/v2\/multimedia\/22692"}],"collection":[{"href":"https:\/\/us.edu.pl\/student\/wp-json\/wp\/v2\/multimedia"}],"about":[{"href":"https:\/\/us.edu.pl\/student\/wp-json\/wp\/v2\/types\/multimedia"}],"author":[{"embeddable":true,"href":"https:\/\/us.edu.pl\/student\/wp-json\/wp\/v2\/users\/35"}],"version-history":[{"count":0,"href":"https:\/\/us.edu.pl\/student\/wp-json\/wp\/v2\/multimedia\/22692\/revisions"}],"wp:featuredmedia":[{"embeddable":true,"href":"https:\/\/us.edu.pl\/student\/wp-json\/wp\/v2\/media\/22693"}],"wp:attachment":[{"href":"https:\/\/us.edu.pl\/student\/wp-json\/wp\/v2\/media?parent=22692"}],"curies":[{"name":"wp","href":"https:\/\/api.w.org\/{rel}","templated":true}]}}

#UŚwspiera Studentów &#8211; specjalna projekcja na budynku Rektoratu UŚ

<p>[vc_row][vc_column]
                <div class="text-modules ">
                    <div class="container">
                         
                        <div class="row m-0">
                            <div class="text-modules__content">
                                </p>
<p><iframe loading="lazy" title="#UŚwspiera Studentów - specjalna projekcja na budynku Rektoratu UŚ" width="640" height="360" src="https://www.youtube.com/embed/B_aOlV3sNhI?feature=oembed" frameborder="0" allow="accelerometer; autoplay; encrypted-media; gyroscope; picture-in-picture" allowfullscreen></iframe></p>
<div class="mt-3"></div>
                            </div>
                            
                            
                        </div>
                    </div>
                </div>[/vc_column][/vc_row]</p>
