{"id":12008,"date":"2019-10-31T05:06:03","date_gmt":"2019-10-31T04:06:03","guid":{"rendered":"https:\/\/us.edu.pl\/student\/?page_id=12008"},"modified":"2020-06-24T18:57:01","modified_gmt":"2020-06-24T16:57:01","slug":"osiagniecia-sportowe","status":"publish","type":"page","link":"https:\/\/us.edu.pl\/student\/dzialalnosc-naukowa\/dzialalnosc-naukowa-osiagniecia-naukowe\/osiagniecia-sportowe\/","title":{"rendered":"Osi\u0105gni\u0119cia sportowe"},"content":{"rendered":"<p>[vc_row][vc_column]\r\n                <div class=\"text-modules\">\r\n                    <div class=\"container\">\r\n                        <h3 class=\"page-title text__title\">Osi\u0105gni\u0119cia sportowe 2018<\/h3>\r\n                        <div class=\"text-modules__content\"><p><strong>Wiktoria \u0141opuszy<\/strong><strong>\u0144<\/strong><strong>ska<\/strong> \u2013 II miejsce w klasyfikacji dru\u017cynowej w Dru\u017cynowych Mistrzostwach Polski Seniorek w Gimnastyce Sportowej Kobiet<\/p>\n<p><strong>Justyna Sitko<\/strong> \u2013 I miejsce (w formule Fighting i Ne Waza) na Mistrzostwach Europy Senior\u00f3w w Ju-Jitsu<\/p>\n<p><strong>Justyna Sitko<\/strong> \u2013 II miejsce w konkurencji dru\u017cynowej na Mistrzostwa \u015awiata Senior\u00f3w w Ju-Jitsu<\/p>\n<p><strong>Justyna Sitko<\/strong> \u2013 II miejsce na Mistrzostwach Polski M\u0142odzie\u017cy w Judo<\/p>\n<\/div>\r\n                    <\/div>\r\n                <\/div>[\/vc_column][\/vc_row]<\/p>","protected":false},"excerpt":{"rendered":"<p>[vc_row][vc_column][\/vc_column][\/vc_row] [&#8230;]<\/p>\n<p><a class=\"btn btn-secondary understrap-read-more-link\" href=\"https:\/\/us.edu.pl\/student\/dzialalnosc-naukowa\/dzialalnosc-naukowa-osiagniecia-naukowe\/osiagniecia-sportowe\/\">Read More&#8230;<\/a><\/p>\n","protected":false},"author":28,"featured_media":0,"parent":9703,"menu_order":0,"comment_status":"closed","ping_status":"closed","template":"","meta":{"_expiration-date-status":"saved","_expiration-date":0,"_expiration-date-type":"","_expiration-date-categories":[],"_expiration-date-options":[]},"acf":[],"_links":{"self":[{"href":"https:\/\/us.edu.pl\/student\/wp-json\/wp\/v2\/pages\/12008"}],"collection":[{"href":"https:\/\/us.edu.pl\/student\/wp-json\/wp\/v2\/pages"}],"about":[{"href":"https:\/\/us.edu.pl\/student\/wp-json\/wp\/v2\/types\/page"}],"author":[{"embeddable":true,"href":"https:\/\/us.edu.pl\/student\/wp-json\/wp\/v2\/users\/28"}],"replies":[{"embeddable":true,"href":"https:\/\/us.edu.pl\/student\/wp-json\/wp\/v2\/comments?post=12008"}],"version-history":[{"count":0,"href":"https:\/\/us.edu.pl\/student\/wp-json\/wp\/v2\/pages\/12008\/revisions"}],"up":[{"embeddable":true,"href":"https:\/\/us.edu.pl\/student\/wp-json\/wp\/v2\/pages\/9703"}],"wp:attachment":[{"href":"https:\/\/us.edu.pl\/student\/wp-json\/wp\/v2\/media?parent=12008"}],"curies":[{"name":"wp","href":"https:\/\/api.w.org\/{rel}","templated":true}]}}