{"id":12987,"date":"2019-11-04T17:45:27","date_gmt":"2019-11-04T16:45:27","guid":{"rendered":"https:\/\/us.edu.pl\/student\/?page_id=12987"},"modified":"2020-06-24T18:14:51","modified_gmt":"2020-06-24T16:14:51","slug":"indywidualny-tok-studiow","status":"publish","type":"page","link":"https:\/\/us.edu.pl\/student\/studia\/tok-studiow-2\/indywidualny-tok-studiow\/","title":{"rendered":"Indywidualny tok studi\u00f3w"},"content":{"rendered":"<p>[vc_row][vc_column]\r\n                <div class=\"text-modules\">\r\n                    <div class=\"container\">\r\n                        <h3 class=\"page-title text__title\">Indywidualny tok studi\u00f3w (ITS)<\/h3>\r\n                        <div class=\"text-modules__content\"><p>ITS, czyli indywidualny toku studi\u00f3w, polega na doborze przedmiot\u00f3w (modu\u0142\u00f3w) w ramach realizacji uczenia si\u0119 w zakresie przewidzianym na danym kierunku oraz w zakresie dodatkowym, a tak\u017ce na udziale studenta w pracach naukowo-badawczych, rozwojowych i wdro\u017ceniowych \u2013 z uwzgl\u0119dnieniem jego zainteresowa\u0144.<\/p>\n<p>W przypadku odbywania studi\u00f3w wed\u0142ug ITS okres studi\u00f3w mo\u017ce zosta\u0107 skr\u00f3cony.<\/p>\n<\/div>\r\n                    <\/div>\r\n                <\/div>\r\n                <div class=\"text-modules\">\r\n                    <div class=\"container\">\r\n                        <h3 class=\"page-title text__title\">Kto mo\u017ce ubiega\u0107 si\u0119 o ITS?<\/h3>\r\n                        <div class=\"text-modules__content\"><\/p>\n<ul style=\"list-style-type: circle\">\n<li>student, kt\u00f3ry uko\u0144czy\u0142 pierwszy semestr studi\u00f3w i uzyska\u0142 \u015bredni\u0105 ocen powy\u017cej 4,0 (rada dydaktyczna w\u0142a\u015bciwa dla danego kierunku mo\u017ce podnie\u015b\u0107 wymagan\u0105 \u015bredni\u0105 ocen); lub<\/li>\n<li>student, kt\u00f3ry zosta\u0142 zatrudniony w uczelni w konsekwencji zdobycia przez niego, indywidualnie lub w zespole, grantu na finansowanie dzia\u0142alno\u015bci naukowej; lub<\/li>\n<li>student, kt\u00f3ry uko\u0144czy\u0142 z ocen\u0105 celuj\u0105c\u0105 studia I stopnia i kontynuuje nauk\u0119 na studiach II stopnia oraz przedstawi\u0142 na pi\u015bmie szczeg\u00f3\u0142ow\u0105 koncepcj\u0119 realizacji ITS; lub<\/li>\n<li>student b\u0119d\u0105cy laureatem lub finalist\u0105 olimpiady stopnia centralnego albo laureatem konkursu mi\u0119dzynarodowego lub og\u00f3lnopolskiego \u2013 od momentu rozpocz\u0119cia studi\u00f3w.<\/li>\n<\/ul>\n<p>\n<\/div>\r\n                    <\/div>\r\n                <\/div>\r\n                <div class=\"text-modules\">\r\n                    <div class=\"container\">\r\n                        <h3 class=\"page-title text__title\">Wniosek o udzielenie zgody na ITS<\/h3>\r\n                        <div class=\"text-modules__content\"><p>Student ubiegaj\u0105cy si\u0119 o ITS przedstawia dziekanowi wykaz zaj\u0119\u0107, w kt\u00f3rych zamierza uczestniczy\u0107, oraz indywidualnie ustalony z prowadz\u0105cymi zaj\u0119cia spos\u00f3b realizacji efekt\u00f3w kszta\u0142cenia i ich weryfikacji.<\/p>\n<p>Wniosek w przedmiocie ITS rozstrzyga dziekan, bior\u0105c pod uwag\u0119 post\u0119py w studiowaniu, zainteresowania i zdolno\u015bci studenta. Przyznaj\u0105c ITS, dziekan dokonuje wyboru opiekuna ITS (z uwzgl\u0119dnieniem propozycji studenta) oraz \u2013 na wniosek opiekuna ITS i po konsultacji z w\u0142a\u015bciwym dyrektorem kierunku studi\u00f3w \u2013 okre\u015bla szczeg\u00f3\u0142owe zasady odbywania studi\u00f3w w ramach ITS.<\/p>\n<p>Je\u017celi student nie spe\u0142nia warunk\u00f3w okre\u015blonych w programie ITS, dziekan mo\u017ce cofn\u0105\u0107 zgod\u0119 na odbywanie studi\u00f3w wed\u0142ug ITS.<\/p>\n<\/div>\r\n                    <\/div>\r\n                <\/div>[\/vc_column][\/vc_row]<\/p>","protected":false},"excerpt":{"rendered":"<p>[vc_row][vc_column][\/vc_column][\/vc_row] [&#8230;]<\/p>\n<p><a class=\"btn btn-secondary understrap-read-more-link\" href=\"https:\/\/us.edu.pl\/student\/studia\/tok-studiow-2\/indywidualny-tok-studiow\/\">Read More&#8230;<\/a><\/p>\n","protected":false},"author":28,"featured_media":0,"parent":9046,"menu_order":0,"comment_status":"closed","ping_status":"closed","template":"page-templates\/inner-page.php","meta":{"_expiration-date-status":"saved","_expiration-date":0,"_expiration-date-type":"","_expiration-date-categories":[],"_expiration-date-options":[]},"acf":[],"_links":{"self":[{"href":"https:\/\/us.edu.pl\/student\/wp-json\/wp\/v2\/pages\/12987"}],"collection":[{"href":"https:\/\/us.edu.pl\/student\/wp-json\/wp\/v2\/pages"}],"about":[{"href":"https:\/\/us.edu.pl\/student\/wp-json\/wp\/v2\/types\/page"}],"author":[{"embeddable":true,"href":"https:\/\/us.edu.pl\/student\/wp-json\/wp\/v2\/users\/28"}],"replies":[{"embeddable":true,"href":"https:\/\/us.edu.pl\/student\/wp-json\/wp\/v2\/comments?post=12987"}],"version-history":[{"count":0,"href":"https:\/\/us.edu.pl\/student\/wp-json\/wp\/v2\/pages\/12987\/revisions"}],"up":[{"embeddable":true,"href":"https:\/\/us.edu.pl\/student\/wp-json\/wp\/v2\/pages\/9046"}],"wp:attachment":[{"href":"https:\/\/us.edu.pl\/student\/wp-json\/wp\/v2\/media?parent=12987"}],"curies":[{"name":"wp","href":"https:\/\/api.w.org\/{rel}","templated":true}]}}