{"id":12998,"date":"2019-11-04T18:12:35","date_gmt":"2019-11-04T17:12:35","guid":{"rendered":"https:\/\/us.edu.pl\/student\/?page_id=12998"},"modified":"2024-09-23T12:31:39","modified_gmt":"2024-09-23T10:31:39","slug":"wznowienie-studiow","status":"publish","type":"page","link":"https:\/\/us.edu.pl\/student\/studia\/tok-studiow-2\/wznowienie-studiow\/","title":{"rendered":"Wznowienie studi\u00f3w"},"content":{"rendered":"<p>[vc_row][vc_column]\r\n                <div class=\"text-modules\">\r\n                    <div class=\"container\">\r\n                        <h3 class=\"page-title text__title\">Wznowienie studi\u00f3w<\/h3>\r\n                        <div class=\"text-modules__content\"><p><span style=\"font-weight: 400;\">Wznowienie studi\u00f3w (tzw. reaktywacja) jest mo\u017cliwe, je\u015bli student zosta\u0142 uprzednio skre\u015blony z listy student\u00f3w <\/span><b>po zaliczeniu co najmniej pierwszego roku<\/b><span style=\"font-weight: 400;\"> studi\u00f3w I stopnia lub studi\u00f3w jednolitych magisterskich, a w przypadku studi\u00f3w II stopnia \u2013 <\/span><b>po zaliczeniu co najmniej pierwszego semestru<\/b><span style=\"font-weight: 400;\">.\u00a0<\/span><\/p>\n<p><span style=\"font-weight: 400;\">Dodatkowym warunkiem, kt\u00f3ry nale\u017cy bezwzgl\u0119dnie spe\u0142ni\u0107, jest z\u0142o\u017cenie wniosku o wznowienie studi\u00f3w <\/span><b>po przerwie nie d\u0142u\u017cszej ni\u017c 3 lata<\/b><span style=\"font-weight: 400;\">, licz\u0105c od daty zako\u0144czenia niezaliczonego semestru.<\/span><\/p>\n<p><span style=\"font-weight: 400;\">Wniosek o wznowienie studi\u00f3w po raz pierwszy rozpatruje dziekan wydzia\u0142u.\u00a0<\/span><\/p>\n<p><span style=\"font-weight: 400;\">Je\u015bli student zosta\u0142 ponownie skre\u015blony z listy student\u00f3w, wniosek o wznowienie studi\u00f3w sk\u0142ada do rektora, kt\u00f3ry (w szczeg\u00f3lnych przypadkach) mo\u017ce podj\u0105\u0107 decyzj\u0119 o kolejnym wznowieniu studi\u00f3w. W tym przypadku wniosek sk\u0142ada si\u0119 za po\u015brednictwem dziekana.\u00a0<\/span><\/p>\n<p><span style=\"font-weight: 400;\">W ka\u017cdym przypadku ubiegania si\u0119 o wznowienie studi\u00f3w uwzgl\u0119dniany jest ich dotychczasowy przebieg (np. post\u0119py w nauce, powtarzanie modu\u0142\u00f3w lub semestr\u00f3w). Oznacza to, \u017ce decyzja w tym przedmiocie nie zawsze musi by\u0107 pozytywna dla wnioskodawcy.\u00a0<\/span><\/p>\n<p><span style=\"font-weight: 400;\">Je\u015bli student zosta\u0142 skre\u015blony z powodu niezaliczenia semestru, po wznowieniu studi\u00f3w jest wpisywany na semestr nast\u0119puj\u0105cy po ostatnim semestrze, kt\u00f3ry przed skre\u015bleniem student zaliczy\u0142 w ca\u0142o\u015bci. Semestry, na kt\u00f3re student wpisany by\u0142 warunkowo, nie s\u0105 brane pod uwag\u0119, poniewa\u017c nie uznaje si\u0119 ich za zaliczone.\u00a0<\/span><\/p>\n<p><span style=\"font-weight: 400;\">Je\u015bli wy\u0142\u0105czn\u0105 przyczyn\u0105 skre\u015blenia z listy student\u00f3w by\u0142o niez\u0142o\u017cenie pracy dyplomowej, wznowienie studi\u00f3w jest mo\u017cliwe <\/span><b>po przerwie nie d\u0142u\u017cszej ni\u017c 3 lata<\/b><span style=\"font-weight: 400;\">, licz\u0105c od daty skre\u015blenia.\u00a0\u00a0<\/span><\/p>\n<p><span style=\"font-weight: 400;\">Wznowienie studi\u00f3w w tym przypadku polega na wpisaniu studenta na ostatni semestr, by mia\u0142 mo\u017cliwo\u015b\u0107 uko\u0144czenia i z\u0142o\u017cenia pracy dyplomowej oraz przyst\u0105pienia do egzaminu dyplomowego. Dziekan wyznacza promotora pracy dyplomowej. <\/span><\/p>\n<p>Wznowienie studi\u00f3w jest niemo\u017cliwe, w przypadku gdy w Uniwersytecie nie jest ju\u017c prowadzony dany kierunek i poziom studi\u00f3w. W sytuacji gdy dana forma, dany profil lub dana specjalno\u015b\u0107 studi\u00f3w nie jest ju\u017c prowadzona, wznowienie studi\u00f3w jest mo\u017cliwe jedynie w ramach programu studi\u00f3w prowadzonego na danym cyklu.<\/p>\n<\/div>\r\n                    <\/div>\r\n                <\/div>[\/vc_column][\/vc_row]<\/p>","protected":false},"excerpt":{"rendered":"<p>[vc_row][vc_column][\/vc_column][\/vc_row] [&#8230;]<\/p>\n<p><a class=\"btn btn-secondary understrap-read-more-link\" href=\"https:\/\/us.edu.pl\/student\/studia\/tok-studiow-2\/wznowienie-studiow\/\">Read More&#8230;<\/a><\/p>\n","protected":false},"author":28,"featured_media":0,"parent":9046,"menu_order":0,"comment_status":"closed","ping_status":"closed","template":"page-templates\/inner-page.php","meta":{"_expiration-date-status":"","_expiration-date":0,"_expiration-date-type":"","_expiration-date-categories":[],"_expiration-date-options":[]},"acf":[],"_links":{"self":[{"href":"https:\/\/us.edu.pl\/student\/wp-json\/wp\/v2\/pages\/12998"}],"collection":[{"href":"https:\/\/us.edu.pl\/student\/wp-json\/wp\/v2\/pages"}],"about":[{"href":"https:\/\/us.edu.pl\/student\/wp-json\/wp\/v2\/types\/page"}],"author":[{"embeddable":true,"href":"https:\/\/us.edu.pl\/student\/wp-json\/wp\/v2\/users\/28"}],"replies":[{"embeddable":true,"href":"https:\/\/us.edu.pl\/student\/wp-json\/wp\/v2\/comments?post=12998"}],"version-history":[{"count":2,"href":"https:\/\/us.edu.pl\/student\/wp-json\/wp\/v2\/pages\/12998\/revisions"}],"predecessor-version":[{"id":45854,"href":"https:\/\/us.edu.pl\/student\/wp-json\/wp\/v2\/pages\/12998\/revisions\/45854"}],"up":[{"embeddable":true,"href":"https:\/\/us.edu.pl\/student\/wp-json\/wp\/v2\/pages\/9046"}],"wp:attachment":[{"href":"https:\/\/us.edu.pl\/student\/wp-json\/wp\/v2\/media?parent=12998"}],"curies":[{"name":"wp","href":"https:\/\/api.w.org\/{rel}","templated":true}]}}