{"id":14287,"date":"2019-11-06T13:26:59","date_gmt":"2019-11-06T12:26:59","guid":{"rendered":"https:\/\/us.edu.pl\/student\/?page_id=14287"},"modified":"2019-11-06T14:06:12","modified_gmt":"2019-11-06T13:06:12","slug":"udogodnienia-i-dostosowanie-do-specjalnych-potrzeb","status":"publish","type":"page","link":"https:\/\/us.edu.pl\/student\/wsparcie-i-fundusze\/akademiki-2\/osiedle-akademickie-sosnowiec-2\/sosnowiec-dom-studenta-3\/udogodnienia-i-dostosowanie-do-specjalnych-potrzeb\/","title":{"rendered":"Udogodnienia i dostosowanie do specjalnych potrzeb"},"content":{"rendered":"<p>[vc_row][vc_column]\r\n                <div class=\"text-modules\">\r\n                    <div class=\"container\">\r\n                        <h3 class=\"page-title text__title\">Udogodnienia i dostosowanie do specjalnych potrzeb<\/h3>\r\n                        <div class=\"text-modules__content\"><p><b>Udogodnienie dla os\u00f3b z niepe\u0142nosprawno\u015bci\u0105:<\/b><\/p>\n<ul style=\"list-style-type: circle;\">\n<li><span style=\"font-weight: 400;\">\u00a0dostosowane pokoje<\/span><\/li>\n<li><span style=\"font-weight: 400;\">\u00a0podjazd do budynku<\/span><\/li>\n<li><span style=\"font-weight: 400;\">\u00a0dostosowane \u0142azienka z WC i kuchnia<\/span><\/li>\n<\/ul>\n<p>\n<\/div>\r\n                    <\/div>\r\n                <\/div>[\/vc_column][\/vc_row]<\/p>","protected":false},"excerpt":{"rendered":"<p>[vc_row][vc_column][\/vc_column][\/vc_row] [&#8230;]<\/p>\n<p><a class=\"btn btn-secondary understrap-read-more-link\" href=\"https:\/\/us.edu.pl\/student\/wsparcie-i-fundusze\/akademiki-2\/osiedle-akademickie-sosnowiec-2\/sosnowiec-dom-studenta-3\/udogodnienia-i-dostosowanie-do-specjalnych-potrzeb\/\">Read More&#8230;<\/a><\/p>\n","protected":false},"author":28,"featured_media":0,"parent":8811,"menu_order":0,"comment_status":"closed","ping_status":"closed","template":"","meta":{"_expiration-date-status":"saved","_expiration-date":0,"_expiration-date-type":"","_expiration-date-categories":[],"_expiration-date-options":[]},"acf":[],"_links":{"self":[{"href":"https:\/\/us.edu.pl\/student\/wp-json\/wp\/v2\/pages\/14287"}],"collection":[{"href":"https:\/\/us.edu.pl\/student\/wp-json\/wp\/v2\/pages"}],"about":[{"href":"https:\/\/us.edu.pl\/student\/wp-json\/wp\/v2\/types\/page"}],"author":[{"embeddable":true,"href":"https:\/\/us.edu.pl\/student\/wp-json\/wp\/v2\/users\/28"}],"replies":[{"embeddable":true,"href":"https:\/\/us.edu.pl\/student\/wp-json\/wp\/v2\/comments?post=14287"}],"version-history":[{"count":0,"href":"https:\/\/us.edu.pl\/student\/wp-json\/wp\/v2\/pages\/14287\/revisions"}],"up":[{"embeddable":true,"href":"https:\/\/us.edu.pl\/student\/wp-json\/wp\/v2\/pages\/8811"}],"wp:attachment":[{"href":"https:\/\/us.edu.pl\/student\/wp-json\/wp\/v2\/media?parent=14287"}],"curies":[{"name":"wp","href":"https:\/\/api.w.org\/{rel}","templated":true}]}}