{"id":15591,"date":"2019-11-17T21:08:08","date_gmt":"2019-11-17T20:08:08","guid":{"rendered":"https:\/\/us.edu.pl\/student\/?page_id=15591"},"modified":"2020-06-20T16:21:57","modified_gmt":"2020-06-20T14:21:57","slug":"osoby-z-trudnosciami-poznawczymi-i-emocjonalnymi","status":"publish","type":"page","link":"https:\/\/us.edu.pl\/student\/wsparcie-i-fundusze\/dostosowanie-do-specjalnych-potrzeb\/wsparcie-specjalistyczne\/osoby-z-trudnosciami-poznawczymi-i-emocjonalnymi\/","title":{"rendered":"Osoby z trudno\u015bciami poznawczymi i emocjonalnymi"},"content":{"rendered":"<p>[vc_row][vc_column]\r\n                <div class=\"text-modules \">\r\n                    <div class=\"container\">\r\n                         \r\n                        <div class=\"row m-0\">\r\n                            <div class=\"text-modules__content\">\r\n                                <strong>OSOBY Z TRUDNO\u015aCIAMI POZNAWCZYMI I EMOCJONALNYMI<\/strong><\/p>\n<p>Studenci i doktoranci, kt\u00f3rzy maj\u0105 trudno\u015bci poznawcze i emocjonalne, mog\u0105 korzysta\u0107 ze wsparcia w ramach indywidualnego dostosowania studi\u00f3w. Dobierane indywidualnie formy wsparcia mog\u0105 dotyczy\u0107 np.:<\/p>\n<ul>\n<li>zapewnienia wsparcia asystenta studenta niepe\u0142nosprawnego,<\/li>\n<li>zapewnienia wyd\u0142u\u017conego czasu na pisanie zaliczenia czy egzaminu,<\/li>\n<li>umo\u017cliwienia zdawania wi\u0119kszych partii materia\u0142u w cz\u0119\u015bciach.<\/li>\n<\/ul>\n<div class=\"mt-3\"><\/div>\r\n                            <\/div>\r\n                            \r\n                            \r\n                        <\/div>\r\n                    <\/div>\r\n                <\/div>[\/vc_column][\/vc_row]<\/p>","protected":false},"excerpt":{"rendered":"<p>[vc_row][vc_column][\/vc_column][\/vc_row] [&#8230;]<\/p>\n<p><a class=\"btn btn-secondary understrap-read-more-link\" href=\"https:\/\/us.edu.pl\/student\/wsparcie-i-fundusze\/dostosowanie-do-specjalnych-potrzeb\/wsparcie-specjalistyczne\/osoby-z-trudnosciami-poznawczymi-i-emocjonalnymi\/\">Read More&#8230;<\/a><\/p>\n","protected":false},"author":28,"featured_media":0,"parent":9313,"menu_order":0,"comment_status":"closed","ping_status":"closed","template":"","meta":{"_expiration-date-status":"saved","_expiration-date":0,"_expiration-date-type":"","_expiration-date-categories":[],"_expiration-date-options":[]},"acf":[],"_links":{"self":[{"href":"https:\/\/us.edu.pl\/student\/wp-json\/wp\/v2\/pages\/15591"}],"collection":[{"href":"https:\/\/us.edu.pl\/student\/wp-json\/wp\/v2\/pages"}],"about":[{"href":"https:\/\/us.edu.pl\/student\/wp-json\/wp\/v2\/types\/page"}],"author":[{"embeddable":true,"href":"https:\/\/us.edu.pl\/student\/wp-json\/wp\/v2\/users\/28"}],"replies":[{"embeddable":true,"href":"https:\/\/us.edu.pl\/student\/wp-json\/wp\/v2\/comments?post=15591"}],"version-history":[{"count":0,"href":"https:\/\/us.edu.pl\/student\/wp-json\/wp\/v2\/pages\/15591\/revisions"}],"up":[{"embeddable":true,"href":"https:\/\/us.edu.pl\/student\/wp-json\/wp\/v2\/pages\/9313"}],"wp:attachment":[{"href":"https:\/\/us.edu.pl\/student\/wp-json\/wp\/v2\/media?parent=15591"}],"curies":[{"name":"wp","href":"https:\/\/api.w.org\/{rel}","templated":true}]}}