{"id":16688,"date":"2019-11-22T11:42:02","date_gmt":"2019-11-22T10:42:02","guid":{"rendered":"https:\/\/us.edu.pl\/student\/?page_id=16688"},"modified":"2024-11-21T11:02:32","modified_gmt":"2024-11-21T10:02:32","slug":"sprawozdania-organizacji","status":"publish","type":"page","link":"https:\/\/us.edu.pl\/student\/dzialalnosc-studencka\/organizacje-studenckie\/sprawozdania-organizacji\/","title":{"rendered":"Sprawozdania organizacji"},"content":{"rendered":"<p>[vc_row][vc_column]\r\n                <div class=\"text-modules\">\r\n                    <div class=\"container\">\r\n                        <h3 class=\"page-title text__title\">Czym jest sprawozdanie merytoryczne i finansowe?<\/h3>\r\n                        <div class=\"text-modules__content\"><p><span style=\"font-weight: 400;\">Sprawozdania merytoryczne i rozliczenia finansowe dotycz\u0105 spraw zwi\u0105zanych z form\u0105 dzia\u0142alno\u015bci studenckiej. Wszystkie organizacje studenckie i stowarzyszenia dzia\u0142aj\u0105ce na terenie Uczelni s\u0105 zobowi\u0105zane do sk\u0142adania Rektorowi (za po\u015brednictwem Centrum Obs\u0142ugi Student\u00f3w) sprawozda\u0144 merytorycznych i rozlicze\u0144 finansowych z otrzymanych \u015brodk\u00f3w. Dokumenty sk\u0142adane s\u0105 co najmniej dwa razy w roku kalendarzowym i zawieraj\u0105 informacje z p\u00f3\u0142rocznej dzia\u0142alno\u015bci organizacji.<\/span><\/p>\n<p><span style=\"font-weight: 400;\">Sprawozdanie merytoryczne ma na celu pokaza\u0107 jakie dzia\u0142ania podejmowa\u0142a organizacja dzia\u0142aj\u0105ca w Uczelni, w danym okresie. Niesk\u0142adanie sprawozdania merytorycznego\u00a0 przez okres 2 lat skutkowa\u0107 b\u0119dzie zmian\u0105 statusu ko\u0142a na \u201cnieaktywne\u201d i brakiem mo\u017cliwo\u015bci ubiegania si\u0119 o \u015brodki finansowe.<\/span><\/p>\n<p><span style=\"font-weight: 400;\">Rozliczenie finansowe jest form\u0105 zestawienia i bilansu \u015brodk\u00f3w otrzymanych w podziale i poza podzia\u0142em od Uczelnianej Rady Samorz\u0105du Studenckiego, pochodz\u0105cych z rezerwy Rektora, b\u0105d\u017a z rezerwy Dziekan\u00f3w.<\/span><\/p>\n<p>&nbsp;<\/p>\n<p><b>Wymagane dokumenty<\/b><\/p>\n<ul>\n<li>Sprawozdanie i preliminarz organizacji studenckiej ka\u017cdorazowo umieszczane na Facebooku Samorz\u0105du<\/li>\n<li><a href=\"https:\/\/drive.google.com\/file\/d\/1XK7PKQkpbsOoeFqyYtgjPyrUGNpgUbnW\/view?usp=share_link\"><span style=\"font-weight: 400;\">Rozli<\/span><span style=\"font-weight: 400;\">czenie finansowe<\/span><\/a><span style=\"font-weight: 400;\"> (tylko w przypadku dofinansowania w poprzednim okresie)<br \/>\n<\/span><\/li>\n<\/ul>\n<p>Zapraszamy do zapoznania si\u0119 z <a href=\"https:\/\/drive.google.com\/file\/d\/1vZvwDIKmOOZ7isUK5U9yodcLZEYxmddT\/view?usp=share_link\">instrukcj\u0105<\/a> wype\u0142niania sprawozda\u0144 i wniosk\u00f3w o dofinansowanie ze \u015brodk\u00f3w na dzia\u0142alno\u015b\u0107 studenck\u0105.<\/p>\n<p>W razie pyta\u0144 i w\u0105tpliwo\u015bci zapraszamy do kontaktu:<\/p>\n<p>Samorz\u0105d Studencki U\u015a: <a href=\"mailto:organizacje.studenckie@us.edu.pl\">organizacje.studenckie@us.edu.pl<\/a><br \/>\nBiuro Dzia\u0142alno\u015bci Studenckiej: <a href=\"mailto:bds@us.edu.pl\">bds@us.edu.pl<\/a><\/p>\n<p>&nbsp;<\/p>\n<p><b>Termin i miejsce sk\u0142adania dokument\u00f3w<\/b><\/p>\n<p><span style=\"font-weight: 400;\">Uzupe\u0142nione dokumenty nale\u017cy przes\u0142a\u0107 drog\u0105 internetow\u0105, w terminach:<\/span><\/p>\n<ul>\n<li style=\"font-weight: 400;\"><span style=\"font-weight: 400;\">do 20 stycznia za okres od wrze\u015bnia do grudnia danego roku<\/span><\/li>\n<li style=\"font-weight: 400;\"><span style=\"font-weight: 400;\">do 20 wrze\u015bnia za okres od stycznia do sierpnia danego roku<\/span><\/li>\n<\/ul>\n<p>\n<\/div>\r\n                    <\/div>\r\n                <\/div>[\/vc_column][\/vc_row]<\/p>","protected":false},"excerpt":{"rendered":"<p>[vc_row][vc_column][\/vc_column][\/vc_row] [&#8230;]<\/p>\n<p><a class=\"btn btn-secondary understrap-read-more-link\" href=\"https:\/\/us.edu.pl\/student\/dzialalnosc-studencka\/organizacje-studenckie\/sprawozdania-organizacji\/\">Read More&#8230;<\/a><\/p>\n","protected":false},"author":28,"featured_media":0,"parent":9593,"menu_order":0,"comment_status":"closed","ping_status":"closed","template":"","meta":{"_expiration-date-status":"","_expiration-date":0,"_expiration-date-type":"","_expiration-date-categories":[],"_expiration-date-options":[]},"acf":[],"_links":{"self":[{"href":"https:\/\/us.edu.pl\/student\/wp-json\/wp\/v2\/pages\/16688"}],"collection":[{"href":"https:\/\/us.edu.pl\/student\/wp-json\/wp\/v2\/pages"}],"about":[{"href":"https:\/\/us.edu.pl\/student\/wp-json\/wp\/v2\/types\/page"}],"author":[{"embeddable":true,"href":"https:\/\/us.edu.pl\/student\/wp-json\/wp\/v2\/users\/28"}],"replies":[{"embeddable":true,"href":"https:\/\/us.edu.pl\/student\/wp-json\/wp\/v2\/comments?post=16688"}],"version-history":[{"count":8,"href":"https:\/\/us.edu.pl\/student\/wp-json\/wp\/v2\/pages\/16688\/revisions"}],"predecessor-version":[{"id":47904,"href":"https:\/\/us.edu.pl\/student\/wp-json\/wp\/v2\/pages\/16688\/revisions\/47904"}],"up":[{"embeddable":true,"href":"https:\/\/us.edu.pl\/student\/wp-json\/wp\/v2\/pages\/9593"}],"wp:attachment":[{"href":"https:\/\/us.edu.pl\/student\/wp-json\/wp\/v2\/media?parent=16688"}],"curies":[{"name":"wp","href":"https:\/\/api.w.org\/{rel}","templated":true}]}}