{"id":20875,"date":"2020-06-01T09:33:53","date_gmt":"2020-06-01T07:33:53","guid":{"rendered":"https:\/\/us.edu.pl\/student\/?page_id=20875"},"modified":"2026-03-18T12:55:02","modified_gmt":"2026-03-18T11:55:02","slug":"koordynatorzy-dostepnosci","status":"publish","type":"page","link":"https:\/\/us.edu.pl\/student\/koordynatorzy-dostepnosci\/","title":{"rendered":"Koordynatorzy dost\u0119pno\u015bci"},"content":{"rendered":"<p>[vc_row][vc_column]\r\n                <div class=\"text-modules \">\r\n                    <div class=\"container\">\r\n                        <h3 class=\"section-title section-title_border-bottom\">Wydzia\u0142 Humanistyczny<\/h3> \r\n                        <div class=\"row m-0\">\r\n                            <div class=\"text-modules__content\">\r\n                                <\/p>\n<div class=\"text-modules\">\n<div class=\"container\">\n<div class=\"text-modules__content\">\n<p><strong>Wydzia\u0142owi koordynatorzy ds. dostosowania studi\u00f3w<\/strong><\/p>\n<p>Sosnowiec:<br \/>\nmgr El\u017cbieta Budzisz<br \/>\ne-mail: <a href=\"mailto:elzbieta.budzisz@us.edu.pl\">elzbieta.budzisz@us.edu.pl<\/a><\/p>\n<p>dr Agnieszka Wo\u017aniakowska<br \/>\ne-mail: <a href=\"mailto:agnieszka.wozniakowska@us.edu.pl\">agnieszka.wozniakowska@us.edu.pl<\/a><\/p>\n<p>Katowice, ul. Uniwersytecka 4<br \/>\ndr Agnieszka \u0141akomy-Ch\u0142osta<br \/>\ne-mail: <a href=\"mailto:agnieszka.lakomy@us.edu.pl\">agnieszka.lakomy@us.edu.pl<\/a><\/p>\n<p>Katowice ul. Bankowa 11<br \/>\ndr Iwona Pietrzyk<br \/>\ne-mail: <a href=\"mailto:iwona.pietrzyk@us.edu.pl\">iwona.pietrzyk@us.edu.pl<\/a><\/p>\n<\/div>\n<\/div>\n<\/div>\n<div class=\"text-modules\">\n<div class=\"container\">\n<div class=\"text-modules__content\">\n<p><strong>Wydzia\u0142owi koordynatorzy ds. organizacyjnego wsparcia OZN\/OSP<\/strong><\/p>\n<p>Sosnowiec:<br \/>\nmgr Agnieszka Binduchowska<br \/>\ne-mail: <a href=\"mailto:agnieszka.binduchowska@us.edu.pl\">agnieszka.binduchowska@us.edu.pl<\/a><br \/>\ntel.: 32 364 0828<\/p>\n<p>Katowice, ul. Uniwersytecka 4<br \/>\nmgr Maja Burdosz<br \/>\ne-mail: <a href=\"mailto:maja.burdosz@us.edu.pl\">maja.burdosz@us.edu.pl<\/a><br \/>\ntel.: 32 200 9417<\/p>\n<p>Katowice, ul. Bankowa 11<br \/>\nmgr Marta Klimek<br \/>\ne-mail: <a href=\"mailto:marta.klimek@us.edu.pl\">marta.klimek@us.edu.pl<\/a><br \/>\ntel.: 32 359 1653<\/p>\n<\/div>\n<\/div>\n<\/div>\n<div class=\"mt-3\"><\/div>\r\n                            <\/div>\r\n                            \r\n                            \r\n                        <\/div>\r\n                    <\/div>\r\n                <\/div>\r\n                <div class=\"text-modules \">\r\n                    <div class=\"container\">\r\n                        <h3 class=\"section-title section-title_border-bottom\">Wydzia\u0142 Nauk Przyrodniczych<\/h3> \r\n                        <div class=\"row m-0\">\r\n                            <div class=\"text-modules__content\">\r\n                                <\/p>\n<div class=\"text-modules\">\n<div class=\"container\">\n<div class=\"text-modules__content\">\n<p><strong>Wydzia\u0142owi koordynatorzy ds. dostosowania studi\u00f3w<\/strong><\/p>\n<p>Sosnowiec:<\/p>\n<p>dr hab. Agnieszka Czajka<br \/>\ne-mail: <a href=\"mailto:agnieszka.czajka@us.edu.pl\">agnieszka.czajka@us.edu.pl<\/a><br \/>\ntel.: 32 3689326<\/p>\n<p>Katowice:<\/p>\n<p>dr hab. Joanna Szymanowska-Pu\u0142ka, prof. U\u015a<br \/>\ne-mail: <a href=\"mailto:joanna.szymanowska-pulka@us.edu.pl\">joanna.szymanowska-pulka@us.edu.pl<\/a><br \/>\ntel.: 32 200 9371<\/p>\n<\/div>\n<\/div>\n<\/div>\n<div class=\"text-modules\">\n<div class=\"container\">\n<div class=\"text-modules__content\">\n<p><strong>Wydzia\u0142owi koordynatorzy ds. organizacyjnego wsparcia OZN\/OSP<\/strong><\/p>\n<p>Sosnowiec:<\/p>\n<p>Justyna Rogalska-Nowak<br \/>\ne-mail: <a href=\"mailto:justyna.rogalska@us.edu.pl\">justyna.rogalska@us.edu.pl<\/a><br \/>\ntel.: 32 368 9680<\/p>\n<p>Katowice:<\/p>\n<p>mgr El\u017cbieta Soczawa<br \/>\ne-mail: <a href=\"mailto:elzbieta.soczawa@us.edu.pl\">elzbieta.soczawa@us.edu.pl<\/a><br \/>\ntel.: 32 200 9556<\/p>\n<\/div>\n<\/div>\n<\/div>\n<div class=\"mt-3\"><\/div>\r\n                            <\/div>\r\n                            \r\n                            \r\n                        <\/div>\r\n                    <\/div>\r\n                <\/div>\r\n                <div class=\"text-modules \">\r\n                    <div class=\"container\">\r\n                        <h3 class=\"section-title section-title_border-bottom\">Wydzia\u0142 Nauk Spo\u0142ecznych<\/h3> \r\n                        <div class=\"row m-0\">\r\n                            <div class=\"text-modules__content\">\r\n                                <\/p>\n<div class=\"text-modules\">\n<div class=\"container\">\n<div class=\"text-modules__content\">\n<p><strong>Wydzia\u0142owi koordynatorzy ds. dostosowania studi\u00f3w<\/strong><\/p>\n<p>dr Daniela Dzienniak-Pulina<br \/>\ne-mail: <a href=\"mailto:daniela.dzienniak-pulina@us.edu.pl\">daniela.dzienniak-pulina@us.edu.pl<\/a><br \/>\nKatowice, ul. Bankowa 11<\/p>\n<p>dr Agnieszka Lewko<br \/>\ne-mail <a href=\"mailto:agnieszka.lewko@us.edu.pl\">agnieszka.lewko@us.edu.pl<\/a><br \/>\nKatowice, ul. Gra\u017cy\u0144skiego 53<\/p>\n<\/div>\n<\/div>\n<\/div>\n<div class=\"text-modules\">\n<div class=\"container\">\n<div class=\"text-modules__content\">\n<p><strong>Wydzia\u0142owi koordynatorzy ds. organizacyjnego wsparcia OZN\/OSP<\/strong><\/p>\n<p>mgr Beata Kalisz<br \/>\ne-mail: <a href=\"mailto:beata.kalisz@us.edu.pl\">beata.kalisz@us.edu.pl<\/a><br \/>\ntel.: 32 359 1807<br \/>\nKatowice, ul. Bankowa 11<\/p>\n<p>mgr Agnieszka Frankiewicz<br \/>\ne-mail: <a href=\"mailto:agnieszka.frankiewicz@us.edu.pl\">agnieszka.frankiewicz@us.edu.pl<\/a><br \/>\ntel.: 32 359 9741<br \/>\nKatowice, ul. Gra\u017cy\u0144skiego 53<\/p>\n<\/div>\n<\/div>\n<\/div>\n<p>&nbsp;<\/p>\n<p>&nbsp;<\/p>\n<div class=\"mt-3\"><\/div>\r\n                            <\/div>\r\n                            \r\n                            \r\n                        <\/div>\r\n                    <\/div>\r\n                <\/div>\r\n                <div class=\"text-modules \">\r\n                    <div class=\"container\">\r\n                        <h3 class=\"section-title section-title_border-bottom\">Wydzia\u0142 Nauk \u015acis\u0142ych i Technicznych<\/h3> \r\n                        <div class=\"row m-0\">\r\n                            <div class=\"text-modules__content\">\r\n                                <\/p>\n<div class=\"text-modules\">\n<div class=\"container\">\n<div class=\"text-modules__content\">\n<p><strong>Wydzia\u0142owi koordynatorzy ds. dostosowania studi\u00f3w<\/strong><\/p>\n<p>dr Ma\u0142gorzata Gajos-Gr\u017eeti\u0107, prof. U\u015a<br \/>\ne-mail: <a href=\"mailto:malgorzata.gajos@us.edu.pl\">malgorzata.gajos@us.edu.pl<\/a><\/p>\n<\/div>\n<\/div>\n<\/div>\n<div class=\"text-modules\">\n<div class=\"container\">\n<div class=\"text-modules__content\">\n<p><strong>Wydzia\u0142owi koordynatorzy ds. organizacyjnego wsparcia OZN\/OSP<\/strong><\/p>\n<p>Katowice:<\/p>\n<p>Anna Szarf<br \/>\ne-mail:\u00a0<a href=\"mailto:anna.szarf@us.edu.pl\">anna.szarf@us.edu.pl<\/a><br \/>\ntel.: 32 359 1550<\/p>\n<p>Chorz\u00f3w:<\/p>\n<p>mgr Rafa\u0142 Lorenc<br \/>\ne-mail: <a href=\"mailto:rafal.lorenc@us.edu.pl\">rafal.lorenc@us.edu.pl<\/a><br \/>\ntel.: 32 349 7604<\/p>\n<p>Sosnowiec:<\/p>\n<p>mgr Justyna \u015apiewakowska<br \/>\ne-mail: <a href=\"mailto:justyna.spiewakowska@us.edu.pl\">justyna.spiewakowska@us.edu.pl<\/a><br \/>\ntel.: 32 269 1846<\/p>\n<\/div>\n<\/div>\n<\/div>\n<div class=\"mt-3\"><\/div>\r\n                            <\/div>\r\n                            \r\n                            \r\n                        <\/div>\r\n                    <\/div>\r\n                <\/div>\r\n                <div class=\"text-modules \">\r\n                    <div class=\"container\">\r\n                        <h3 class=\"section-title section-title_border-bottom\">Wydzia\u0142 Prawa i Administracji<\/h3> \r\n                        <div class=\"row m-0\">\r\n                            <div class=\"text-modules__content\">\r\n                                <\/p>\n<div class=\"text-modules\">\n<div class=\"container\">\n<div class=\"text-modules__content\">\n<p><strong>Wydzia\u0142owi koordynatorzy ds. dostosowania studi\u00f3w<\/strong><\/p>\n<p>dr hab. Agnieszka Bielska-Brodziak, prof. U\u015a<br \/>\ne-mail: <a href=\"mailto:agnieszka.bielska-brodziak@us.edu.pl\">agnieszka.bielska-brodziak@us.edu.pl<\/a><\/p>\n<p>dr Urszula Torbus<br \/>\ne-mail: <a href=\"mailto:urszula.torbus@us.edu.pl\">urszula.torbus@us.edu.pl<\/a><\/p>\n<\/div>\n<\/div>\n<\/div>\n<div class=\"text-modules\">\n<div class=\"container\">\n<div class=\"text-modules__content\">\n<p><strong>Wydzia\u0142owi koordynatorzy ds. organizacyjnego wsparcia OZN\/OSP<\/strong><\/p>\n<p>mgr Ma\u0142gorzata Szaniewska<br \/>\ne-mail: <a href=\"mailto:malgorzata.szaniewska@us.edu.pl\">malgorzata.szaniewska@us.edu.pl<\/a><br \/>\ntel.: 32 359 1164, 32 359 2069<\/p>\n<\/div>\n<\/div>\n<\/div>\n<div class=\"mt-3\"><\/div>\r\n                            <\/div>\r\n                            \r\n                            \r\n                        <\/div>\r\n                    <\/div>\r\n                <\/div>\r\n                <div class=\"text-modules \">\r\n                    <div class=\"container\">\r\n                        <h3 class=\"section-title section-title_border-bottom\">Wydzia\u0142 Sztuki i Nauk o Edukacji<\/h3> \r\n                        <div class=\"row m-0\">\r\n                            <div class=\"text-modules__content\">\r\n                                <\/p>\n<div class=\"text-modules\">\n<div class=\"container\">\n<div class=\"text-modules__content\">\n<p><strong>Wydzia\u0142owi koordynatorzy ds. dostosowania studi\u00f3w<\/strong><\/p>\n<p>dr Magdalena Be\u0142za-Gajdzica<br \/>\ne-mail:\u00a0<a href=\"mailto:magdalena.belza-gajdzica@us.edu.pl\">magdalena.belza-gajdzica@us.edu.pl<\/a><br \/>\ntel.: 33 854 6113<\/p>\n<p><strong>Wydzia\u0142owi koordynatorzy ds. organizacyjnego wsparcia OZN\/OSP<\/strong><\/p>\n<p>mgr Agnieszka Kmiotek<br \/>\ne-mail:\u00a0<a href=\"mailto:agnieszka.kmiotek@us.edu.pl\">agnieszka.kmiotek@us.edu.pl<\/a><br \/>\ntel.: 33 854 6112<\/p>\n<\/div>\n<\/div>\n<\/div>\n<div class=\"mt-3\"><\/div>\r\n                            <\/div>\r\n                            \r\n                            \r\n                        <\/div>\r\n                    <\/div>\r\n                <\/div>\r\n                <div class=\"text-modules \">\r\n                    <div class=\"container\">\r\n                        <h3 class=\"section-title section-title_border-bottom\">Wydzia\u0142 Teologiczny<\/h3> \r\n                        <div class=\"row m-0\">\r\n                            <div class=\"text-modules__content\">\r\n                                <\/p>\n<div class=\"text-modules\">\n<div class=\"container\">\n<div class=\"text-modules__content\">\n<p><strong>Wydzia\u0142owi koordynatorzy ds. dostosowania studi\u00f3w<\/strong><\/p>\n<p>dr Weronika Juroszek<br \/>\ne-mail:\u00a0<a href=\"mailto:weronika.juroszek@us.edu.pl\">weronika.juroszek@us.edu.pl<\/a><\/p>\n<p><strong>Wydzia\u0142owi koordynatorzy ds. organizacyjnego wsparcia OZN\/OSP<\/strong><\/p>\n<p>mgr Ewa Kostkiewicz<br \/>\ne-mail:\u00a0<a href=\"mailto:ewa.kostkiewicz@us.edu.pl\">ewa.kostkiewicz@us.edu.pl<\/a><br \/>\ntel.: 32 356 9054<\/p>\n<p>Agnieszka Setecka<br \/>\ne-mail:\u00a0<a href=\"mailto:agnieszka.setecka@us.edu.pl\">agnieszka.setecka@us.edu.pl<\/a><br \/>\ntel.: 32 356 9054<\/p>\n<\/div>\n<\/div>\n<\/div>\n<div class=\"mt-3\"><\/div>\r\n                            <\/div>\r\n                            \r\n                            \r\n                        <\/div>\r\n                    <\/div>\r\n                <\/div>\r\n                <div class=\"text-modules \">\r\n                    <div class=\"container\">\r\n                        <h3 class=\"section-title section-title_border-bottom\">Szko\u0142a Filmowa im. Krzysztofa Kie\u015blowskiego<\/h3> \r\n                        <div class=\"row m-0\">\r\n                            <div class=\"text-modules__content\">\r\n                                <\/p>\n<div class=\"text-modules\">\n<div class=\"container\">\n<div class=\"text-modules__content\">\n<p><strong>Wydzia\u0142owi koordynatorzy ds. dostosowania studi\u00f3w<\/strong><\/p>\n<p>dr hab. Krystyna Doktorowicz, prof. U\u015a<br \/>\ne-mail:\u00a0<a href=\"mailto:krystyna.doktorowicz@us.edu.pl\">krystyna.doktorowicz@us.edu.pl<\/a><br \/>\ntel.: 32 359 2419<\/p>\n<p><strong>Wydzia\u0142owi koordynatorzy ds. organizacyjnego wsparcia OZN\/OSP<\/strong><\/p>\n<p>lic. Izabela Rudzik<br \/>\ne-mail:\u00a0<a href=\"mailto:izabela.rudzik@us.edu.pl\">izabela.rudzik@us.edu.pl<\/a><br \/>\ntel.: 32 359 2404<\/p>\n<\/div>\n<\/div>\n<\/div>\n<div class=\"mt-3\"><\/div>\r\n                            <\/div>\r\n                            \r\n                            \r\n                        <\/div>\r\n                    <\/div>\r\n                <\/div>[\/vc_column][\/vc_row][vc_row][vc_column][vc_column_text]<\/p>\n<p>[\/vc_column_text]\r\n                <div class=\"text-modules \">\r\n                    <div class=\"container\">\r\n                        <h3 class=\"section-title section-title_border-bottom\">Szko\u0142a Doktorska<\/h3> \r\n                        <div class=\"row m-0\">\r\n                            <div class=\"text-modules__content\">\r\n                                <\/p>\n<div class=\"text-modules\">\n<div class=\"container\">\n<div class=\"text-modules__content\">\n<p><strong>Wydzia\u0142owi koordynatorzy ds. dostosowania studi\u00f3w<\/strong><\/p>\n<p>mgr Agnieszka Filipowska<br \/>\ne-mail:\u00a0<a href=\"mailto:agnieszka.filipowska@us.edu.pl\">agnieszka.filipowska@us.edu.pl<\/a><br \/>\ntel.: 32 359 2451<\/p>\n<\/div>\n<\/div>\n<\/div>\n<div class=\"mt-3\"><\/div>\r\n                            <\/div>\r\n                            \r\n                            \r\n                        <\/div>\r\n                    <\/div>\r\n                <\/div>\r\n                <div class=\"text-modules \">\r\n                    <div class=\"container\">\r\n                        <h3 class=\"section-title section-title_border-bottom\">Mi\u0119dzynarodowa \u015arodowiskowa Szko\u0142a Doktorska przy Centrum Studi\u00f3w Polarnych w Uniwersytecie \u015al\u0105skim w Katowicach<\/h3> \r\n                        <div class=\"row m-0\">\r\n                            <div class=\"text-modules__content\">\r\n                                <\/p>\n<div class=\"text-modules\">\n<div class=\"container\">\n<div class=\"text-modules__content\">\n<p><strong>Wydzia\u0142owi koordynatorzy ds. dostosowania studi\u00f3w<\/strong><\/p>\n<p>mgr Agnieszka Goik<br \/>\ne-mail: <a href=\"mailto:agnieszka.goik@us.edu.pl\">agnieszka.goik@us.edu.pl<\/a><\/p>\n<\/div>\n<\/div>\n<\/div>\n<div class=\"mt-3\"><\/div>\r\n                            <\/div>\r\n                            \r\n                            \r\n                        <\/div>\r\n                    <\/div>\r\n                <\/div>\r\n                <div class=\"text-modules \">\r\n                    <div class=\"container\">\r\n                        <h3 class=\"section-title section-title_border-bottom\">Kolegium Indywidualnych Studi\u00f3w Mi\u0119dzyobszarowych Uniwersytetu \u015al\u0105skiego w Katowicach<\/h3> \r\n                        <div class=\"row m-0\">\r\n                            <div class=\"text-modules__content\">\r\n                                <\/p>\n<div class=\"text-modules\">\n<div class=\"container\">\n<div class=\"text-modules__content\">\n<p><strong>Wydzia\u0142owi koordynatorzy ds. dostosowania studi\u00f3w<\/strong><\/p>\n<p>lic. Anna Ku\u017aniak<br \/>\ne-mail: <a href=\"mailto:anna.kuzniak@us.edu.pl\">anna.kuzniak@us.edu.pl<\/a><\/p>\n<\/div>\n<\/div>\n<\/div>\n<div class=\"mt-3\"><\/div>\r\n                            <\/div>\r\n                            \r\n                            \r\n                        <\/div>\r\n                    <\/div>\r\n                <\/div>[\/vc_column][\/vc_row]<\/p>","protected":false},"excerpt":{"rendered":"<p>[vc_row][vc_column][\/vc_column][\/vc_row][vc_row][vc_column][vc_column_text] [\/vc_column_text][\/vc_column][\/vc_row] [&#8230;]<\/p>\n<p><a class=\"btn btn-secondary understrap-read-more-link\" href=\"https:\/\/us.edu.pl\/student\/koordynatorzy-dostepnosci\/\">Read More&#8230;<\/a><\/p>\n","protected":false},"author":28,"featured_media":0,"parent":0,"menu_order":0,"comment_status":"closed","ping_status":"closed","template":"","meta":{"_expiration-date-status":"","_expiration-date":0,"_expiration-date-type":"","_expiration-date-categories":[],"_expiration-date-options":[]},"acf":[],"_links":{"self":[{"href":"https:\/\/us.edu.pl\/student\/wp-json\/wp\/v2\/pages\/20875"}],"collection":[{"href":"https:\/\/us.edu.pl\/student\/wp-json\/wp\/v2\/pages"}],"about":[{"href":"https:\/\/us.edu.pl\/student\/wp-json\/wp\/v2\/types\/page"}],"author":[{"embeddable":true,"href":"https:\/\/us.edu.pl\/student\/wp-json\/wp\/v2\/users\/28"}],"replies":[{"embeddable":true,"href":"https:\/\/us.edu.pl\/student\/wp-json\/wp\/v2\/comments?post=20875"}],"version-history":[{"count":10,"href":"https:\/\/us.edu.pl\/student\/wp-json\/wp\/v2\/pages\/20875\/revisions"}],"predecessor-version":[{"id":61015,"href":"https:\/\/us.edu.pl\/student\/wp-json\/wp\/v2\/pages\/20875\/revisions\/61015"}],"wp:attachment":[{"href":"https:\/\/us.edu.pl\/student\/wp-json\/wp\/v2\/media?parent=20875"}],"curies":[{"name":"wp","href":"https:\/\/api.w.org\/{rel}","templated":true}]}}