{"id":23220,"date":"2020-08-18T15:44:28","date_gmt":"2020-08-18T13:44:28","guid":{"rendered":"https:\/\/us.edu.pl\/student\/?page_id=23220"},"modified":"2021-03-03T13:40:50","modified_gmt":"2021-03-03T12:40:50","slug":"magdalena-kwarciak-guzowska","status":"publish","type":"page","link":"https:\/\/us.edu.pl\/student\/dzialalnosc-studencka\/wyroznienia-jm-rektora-us\/laureaci-poprzednich-edycji\/laureaci-xii-edycji\/studenci\/magdalena-kwarciak-guzowska\/","title":{"rendered":"Magdalena Kwarciak-Guzowska"},"content":{"rendered":"<p>[vc_row][vc_column]\r\n                <div class=\"text-modules \">\r\n                    <div class=\"container\">\r\n                         <h3 class=\"subtitle text-modules__subtitle\">Magdalena Kwarciak-Guzowska<\/h3>\r\n                        <div class=\"row m-0\">\r\n                            <div class=\"text-modules__content\">\r\n                                <span style=\"font-weight: 400\">Otrzyma\u0142a Wyr\u00f3\u017cnienie Rektora U\u015a <\/span><b>za osi\u0105gni\u0119cia artystyczne i dzia\u0142alno\u015b\u0107 popularnonaukow\u0105 <\/b><span style=\"font-weight: 400\">jako studentka V roku psychologii. Wyst\u0105pi\u0142a wraz z zespo\u0142em Teatr Wyobra\u017ani w spektaklu tanecznym &#8222;Echolokacja &#8211; si\u00f3dmy zmys\u0142&#8221; (2019) oraz w innych spektaklach otrzymuj\u0105c liczne wyr\u00f3\u017cnienia i nagrody, w tym indywidualnie I miejsce za choreografi\u0119 w Konkursie Choreograficznym &#8222;Strefa Ta\u0144ca&#8221; (2017). Inicjatorka i tw\u00f3rczyni bloga Posil si\u0119 Zdrowiem (<\/span><a href=\"http:\/\/www.posilsiezdrowiem.pl\/\"><span style=\"font-weight: 400\">www.posilsiezdrowiem.pl<\/span><\/a><span style=\"font-weight: 400\">), na kt\u00f3rym od 2017 roku popularyzuje wiedz\u0119 dotycz\u0105c\u0105 \u017cywienia, dietetyki, psychodietetyki i profilaktyki zdrowia. Ambasadorka Kampanii Spo\u0142ecznej, prelegentka konferencji &#8222;\u017byj\u0119 \u015awiadomie&#8221; offline i online, organizatorka oraz prelegentka Klub\u00f3w Zdrowia, w kt\u00f3rych szerzy si\u0119 ide\u0119 \u015bwiadomego, zdrowego \u017cycia i prowadzi edukacj\u0119 zdrowotn\u0105. Jest r\u00f3wnie\u017c wsp\u00f3\u0142autork\u0105 publikacji naukowych.\u00a0<\/span> \r\n                                <div class=\"mt-3\"><\/div>\r\n                            <\/div>\r\n                            \r\n                            <div class=\"text-modules__img\"><img src=\"https:\/\/us.edu.pl\/student\/wp-content\/uploads\/sites\/3\/Nieprzypisane\/Kwarciak-Magdalena-2-208x300.jpg\" alt=\"img\"><\/div>\r\n                        <\/div>\r\n                    <\/div>\r\n                <\/div>[\/vc_column][\/vc_row]<\/p>","protected":false},"excerpt":{"rendered":"<p>[vc_row][vc_column][\/vc_column][\/vc_row] [&#8230;]<\/p>\n<p><a class=\"btn btn-secondary understrap-read-more-link\" href=\"https:\/\/us.edu.pl\/student\/dzialalnosc-studencka\/wyroznienia-jm-rektora-us\/laureaci-poprzednich-edycji\/laureaci-xii-edycji\/studenci\/magdalena-kwarciak-guzowska\/\">Read More&#8230;<\/a><\/p>\n","protected":false},"author":28,"featured_media":0,"parent":23084,"menu_order":0,"comment_status":"closed","ping_status":"closed","template":"","meta":{"_expiration-date-status":"saved","_expiration-date":0,"_expiration-date-type":"","_expiration-date-categories":[],"_expiration-date-options":[]},"acf":[],"_links":{"self":[{"href":"https:\/\/us.edu.pl\/student\/wp-json\/wp\/v2\/pages\/23220"}],"collection":[{"href":"https:\/\/us.edu.pl\/student\/wp-json\/wp\/v2\/pages"}],"about":[{"href":"https:\/\/us.edu.pl\/student\/wp-json\/wp\/v2\/types\/page"}],"author":[{"embeddable":true,"href":"https:\/\/us.edu.pl\/student\/wp-json\/wp\/v2\/users\/28"}],"replies":[{"embeddable":true,"href":"https:\/\/us.edu.pl\/student\/wp-json\/wp\/v2\/comments?post=23220"}],"version-history":[{"count":0,"href":"https:\/\/us.edu.pl\/student\/wp-json\/wp\/v2\/pages\/23220\/revisions"}],"up":[{"embeddable":true,"href":"https:\/\/us.edu.pl\/student\/wp-json\/wp\/v2\/pages\/23084"}],"wp:attachment":[{"href":"https:\/\/us.edu.pl\/student\/wp-json\/wp\/v2\/media?parent=23220"}],"curies":[{"name":"wp","href":"https:\/\/api.w.org\/{rel}","templated":true}]}}