{"id":23225,"date":"2020-08-18T15:47:27","date_gmt":"2020-08-18T13:47:27","guid":{"rendered":"https:\/\/us.edu.pl\/student\/?page_id=23225"},"modified":"2020-08-18T16:12:06","modified_gmt":"2020-08-18T14:12:06","slug":"dominik-mizerski","status":"publish","type":"page","link":"https:\/\/us.edu.pl\/student\/dzialalnosc-studencka\/wyroznienia-jm-rektora-us\/laureaci-poprzednich-edycji\/laureaci-xii-edycji\/studenci\/dominik-mizerski\/","title":{"rendered":"Dominik Mizerski"},"content":{"rendered":"<p>[vc_row][vc_column]\r\n                <div class=\"text-modules \">\r\n                    <div class=\"container\">\r\n                         <h3 class=\"subtitle text-modules__subtitle\">Dominik Mizerski<\/h3>\r\n                        <div class=\"row m-0\">\r\n                            <div class=\"text-modules__content\">\r\n                                Otrzyma\u0142 Wyr\u00f3\u017cnienie Rektora U\u015a za\u00a0<strong>osi\u0105gni\u0119cia naukowe oraz inicjowanie i rozwijanie \u017cycia studenckiego\u00a0<\/strong>jako student IV roku prawa. By\u0142 koordynatorem Festiwalu Boss (2018), podczas kt\u00f3rego odby\u0142y si\u0119 m.in. szkolenia dotycz\u0105ce przedsi\u0119biorczo\u015bci, budowania w\u0142asnej marki oraz prawa. Od roku akademickiego 2016\/2017 by\u0142 wsp\u00f3\u0142organizatorem spotka\u0144 Ko\u0142a Naukowego Prawa Gospodarczego i Handlowego. Dzia\u0142acz Samorz\u0105du Studenckiego, m.in. przewodnicz\u0105cy Komisji Prawnej Uczelnianej Rady Samorz\u0105du Studenckiego, wiceprzewodnicz\u0105cy Wydzia\u0142owej Rady Samorz\u0105du Studenckiego Wydzia\u0142u Prawa i Administracji oraz przedstawiciel student\u00f3w w Radzie Wydzia\u0142u a nast\u0119pnie w Radzie Dydaktycznej. By\u0142 zaanga\u017cowany jako student prawa w takie inicjatywy jak m.in. Dni otwarte Wydzia\u0142u Prawa i Administracji (2019) oraz \u015al\u0105ski Festiwal Nauki (2019). W roku akademickim 2018-2019 dzia\u0142a\u0142 w Studenckiej Poradni Prawnej Uniwersytetu \u015al\u0105skiego przygotowuj\u0105c nieodp\u0142atne porady prawne dla cz\u0142onk\u00f3w lokalnej spo\u0142eczno\u015bci. Jest cz\u0142onkiem Zespo\u0142u Badawczego Prawa Gospodarczego i Handlowego. Prelegent wielu og\u00f3lnokrajowych konferencji naukowych oraz autor kilku artyku\u0142\u00f3w naukowych. Realizowa\u0142 autorski projekt w ramach grant\u00f3w Rektora pt. \u201eWp\u0142yw struktury nadzoru finansowego na stabilno\u015b\u0107 oraz rozw\u00f3j rynku finansowego\u201d (2019). Reprezentowa\u0142 Uniwersytet \u015al\u0105ski w konkursach o zasi\u0119gu og\u00f3lnopolskim zdobywaj\u0105c nagrody zespo\u0142owo i indywidualnie, m.in. I miejsce w Og\u00f3lnopolskim Konkursie Wiedzy o Prawie Konstytucyjnym (2017) oraz III miejsce w Og\u00f3lnopolskim Konkursie \u201eLaw Games\u201d (2019). \r\n                                <div class=\"mt-3\"><\/div>\r\n                            <\/div>\r\n                            \r\n                            <div class=\"text-modules__img\"><img src=\"https:\/\/us.edu.pl\/student\/wp-content\/uploads\/sites\/3\/Wyr\u00f3\u017cnienia-rektora\/wyr\u00f3\u017cnieni-z-lat-poprzednich\/Laureaci-2020\/Mizerski-Dominik-2--215x300.jpg\" alt=\"img\"><\/div>\r\n                        <\/div>\r\n                    <\/div>\r\n                <\/div>[\/vc_column][\/vc_row]<\/p>","protected":false},"excerpt":{"rendered":"<p>[vc_row][vc_column][\/vc_column][\/vc_row] [&#8230;]<\/p>\n<p><a class=\"btn btn-secondary understrap-read-more-link\" href=\"https:\/\/us.edu.pl\/student\/dzialalnosc-studencka\/wyroznienia-jm-rektora-us\/laureaci-poprzednich-edycji\/laureaci-xii-edycji\/studenci\/dominik-mizerski\/\">Read More&#8230;<\/a><\/p>\n","protected":false},"author":28,"featured_media":0,"parent":23084,"menu_order":0,"comment_status":"closed","ping_status":"closed","template":"","meta":{"_expiration-date-status":"saved","_expiration-date":0,"_expiration-date-type":"","_expiration-date-categories":[],"_expiration-date-options":[]},"acf":[],"_links":{"self":[{"href":"https:\/\/us.edu.pl\/student\/wp-json\/wp\/v2\/pages\/23225"}],"collection":[{"href":"https:\/\/us.edu.pl\/student\/wp-json\/wp\/v2\/pages"}],"about":[{"href":"https:\/\/us.edu.pl\/student\/wp-json\/wp\/v2\/types\/page"}],"author":[{"embeddable":true,"href":"https:\/\/us.edu.pl\/student\/wp-json\/wp\/v2\/users\/28"}],"replies":[{"embeddable":true,"href":"https:\/\/us.edu.pl\/student\/wp-json\/wp\/v2\/comments?post=23225"}],"version-history":[{"count":0,"href":"https:\/\/us.edu.pl\/student\/wp-json\/wp\/v2\/pages\/23225\/revisions"}],"up":[{"embeddable":true,"href":"https:\/\/us.edu.pl\/student\/wp-json\/wp\/v2\/pages\/23084"}],"wp:attachment":[{"href":"https:\/\/us.edu.pl\/student\/wp-json\/wp\/v2\/media?parent=23225"}],"curies":[{"name":"wp","href":"https:\/\/api.w.org\/{rel}","templated":true}]}}

<p>[vc_row][vc_column]
                <div class="text-modules ">
                    <div class="container">
                         <h3 class="subtitle text-modules__subtitle">Dominik Mizerski</h3>
                        <div class="row m-0">
                            <div class="text-modules__content">
                                Otrzymał Wyróżnienie Rektora UŚ za <strong>osiągnięcia naukowe oraz inicjowanie i rozwijanie życia studenckiego </strong>jako student IV roku prawa. Był koordynatorem Festiwalu Boss (2018), podczas którego odbyły się m.in. szkolenia dotyczące przedsiębiorczości, budowania własnej marki oraz prawa. Od roku akademickiego 2016/2017 był współorganizatorem spotkań Koła Naukowego Prawa Gospodarczego i Handlowego. Działacz Samorządu Studenckiego, m.in. przewodniczący Komisji Prawnej Uczelnianej Rady Samorządu Studenckiego, wiceprzewodniczący Wydziałowej Rady Samorządu Studenckiego Wydziału Prawa i Administracji oraz przedstawiciel studentów w Radzie Wydziału a następnie w Radzie Dydaktycznej. Był zaangażowany jako student prawa w takie inicjatywy jak m.in. Dni otwarte Wydziału Prawa i Administracji (2019) oraz Śląski Festiwal Nauki (2019). W roku akademickim 2018-2019 działał w Studenckiej Poradni Prawnej Uniwersytetu Śląskiego przygotowując nieodpłatne porady prawne dla członków lokalnej społeczności. Jest członkiem Zespołu Badawczego Prawa Gospodarczego i Handlowego. Prelegent wielu ogólnokrajowych konferencji naukowych oraz autor kilku artykułów naukowych. Realizował autorski projekt w ramach grantów Rektora pt. „Wpływ struktury nadzoru finansowego na stabilność oraz rozwój rynku finansowego” (2019). Reprezentował Uniwersytet Śląski w konkursach o zasięgu ogólnopolskim zdobywając nagrody zespołowo i indywidualnie, m.in. I miejsce w Ogólnopolskim Konkursie Wiedzy o Prawie Konstytucyjnym (2017) oraz III miejsce w Ogólnopolskim Konkursie „Law Games” (2019). 
                                <div class="mt-3"></div>
                            </div>
                            
                            <div class="text-modules__img"><img src="https://us.edu.pl/student/wp-content/uploads/sites/3/Wyróżnienia-rektora/wyróżnieni-z-lat-poprzednich/Laureaci-2020/Mizerski-Dominik-2--215x300.jpg" alt="img"></div>
                        </div>
                    </div>
                </div>[/vc_column][/vc_row]</p>
