{"id":23263,"date":"2020-08-19T13:45:05","date_gmt":"2020-08-19T11:45:05","guid":{"rendered":"https:\/\/us.edu.pl\/student\/?page_id=23263"},"modified":"2020-08-19T13:45:05","modified_gmt":"2020-08-19T11:45:05","slug":"jakub-stolarczyk","status":"publish","type":"page","link":"https:\/\/us.edu.pl\/student\/dzialalnosc-studencka\/wyroznienia-jm-rektora-us\/laureaci-poprzednich-edycji\/laureaci-xii-edycji\/studenci\/jakub-stolarczyk\/","title":{"rendered":"Jakub Stolarczyk"},"content":{"rendered":"<p>[vc_row][vc_column]\r\n                <div class=\"text-modules \">\r\n                    <div class=\"container\">\r\n                         <h3 class=\"subtitle text-modules__subtitle\">Jakub Stolarczyk<\/h3>\r\n                        <div class=\"row m-0\">\r\n                            <div class=\"text-modules__content\">\r\n                                <span style=\"font-weight: 400\">Otrzyma\u0142 Wyr\u00f3\u017cnienie Rektora U\u015a <\/span><b>za osi\u0105gni\u0119cia w dzia\u0142alno\u015bci spo\u0142ecznej, naukowej i popularnonaukowej oraz artystycznej <\/b><span style=\"font-weight: 400\">jako student II roku studi\u00f3w magisterskich na kierunku bezpiecze\u0144stwo narodowe i mi\u0119dzynarodowe. Aktywny w \u017cyciu Uczelni, m.in. wsp\u00f3\u0142organizowa\u0142 cztery og\u00f3lnopolskie konferencje naukowe, prowadzi\u0142 spotkania dla m\u0142odzie\u017cy podczas Dni Otwartych, przeprowadzi\u0142 warsztaty z wyst\u0105pie\u0144 publicznych dla cz\u0142onk\u00f3w Ko\u0142a Naukowego Stosunk\u00f3w Mi\u0119dzynarodowych (2019). W\u015br\u00f3d swoich osi\u0105gni\u0119\u0107 naukowych mo\u017ce wymieni\u0107 autorstwo dw\u00f3ch rozdzia\u0142\u00f3w ksi\u0105\u017ckowych oraz wyst\u0105pienia na mi\u0119dzynarodowych i og\u00f3lnopolskich konferencjach naukowych. Zaj\u0105\u0142 I miejsce w mi\u0119dzynarodowym konkursie Modelowe obrady Organizacji Narod\u00f3w Zjednoczonych: Katowice Model United Nations (2015), dzi\u0119ki czemu odby\u0142 sta\u017c w Parlamencie Europejskim w Brukseli. Zaanga\u017cowany w popularyzacj\u0119 nauki, m.in. jest publicyst\u0105 w portalu popularnonaukowym <\/span><a href=\"http:\/\/www.bezpiecznik.org\"><span style=\"font-weight: 400\">bezpiecznik.org<\/span><\/a><span style=\"font-weight: 400\"> (od 2017), prowadzi\u0142 zaj\u0119cia dla licealist\u00f3w (2017, 2019) oraz wyk\u0142ady w Centrum Aktywizacji Lokalnej Katowice-Zawodzie (2020). Odby\u0142 wolontariat w Regionalnym O\u015brodku Debaty Mi\u0119dzynarodowej w Katowicach (2019-2020) m.in. przygotowuj\u0105c debaty z zaproszonymi go\u015b\u0107mi. Najbardziej dumny jest z przeprowadzenia zbi\u00f3rki na rzecz Domu Dziecka \u201eT\u0119cza\u201d w Katowicach. Jest r\u00f3wnie\u017c wokalist\u0105 w zespole muzycznym Highflier.<\/span><\/p>\n<div class=\"mt-3\"><\/div>\r\n                            <\/div>\r\n                            \r\n                            <div class=\"text-modules__img\"><img src=\"https:\/\/us.edu.pl\/student\/wp-content\/uploads\/sites\/3\/Wyr\u00f3\u017cnienia-rektora\/wyr\u00f3\u017cnieni-z-lat-poprzednich\/Laureaci-2020\/Jakub-Stolarczyk-208x300.jpg\" alt=\"img\"><\/div>\r\n                        <\/div>\r\n                    <\/div>\r\n                <\/div>[\/vc_column][\/vc_row]<\/p>","protected":false},"excerpt":{"rendered":"<p>[vc_row][vc_column][\/vc_column][\/vc_row] [&#8230;]<\/p>\n<p><a class=\"btn btn-secondary understrap-read-more-link\" href=\"https:\/\/us.edu.pl\/student\/dzialalnosc-studencka\/wyroznienia-jm-rektora-us\/laureaci-poprzednich-edycji\/laureaci-xii-edycji\/studenci\/jakub-stolarczyk\/\">Read More&#8230;<\/a><\/p>\n","protected":false},"author":28,"featured_media":0,"parent":23084,"menu_order":0,"comment_status":"closed","ping_status":"closed","template":"","meta":{"_expiration-date-status":"saved","_expiration-date":0,"_expiration-date-type":"","_expiration-date-categories":[],"_expiration-date-options":[]},"acf":[],"_links":{"self":[{"href":"https:\/\/us.edu.pl\/student\/wp-json\/wp\/v2\/pages\/23263"}],"collection":[{"href":"https:\/\/us.edu.pl\/student\/wp-json\/wp\/v2\/pages"}],"about":[{"href":"https:\/\/us.edu.pl\/student\/wp-json\/wp\/v2\/types\/page"}],"author":[{"embeddable":true,"href":"https:\/\/us.edu.pl\/student\/wp-json\/wp\/v2\/users\/28"}],"replies":[{"embeddable":true,"href":"https:\/\/us.edu.pl\/student\/wp-json\/wp\/v2\/comments?post=23263"}],"version-history":[{"count":0,"href":"https:\/\/us.edu.pl\/student\/wp-json\/wp\/v2\/pages\/23263\/revisions"}],"up":[{"embeddable":true,"href":"https:\/\/us.edu.pl\/student\/wp-json\/wp\/v2\/pages\/23084"}],"wp:attachment":[{"href":"https:\/\/us.edu.pl\/student\/wp-json\/wp\/v2\/media?parent=23263"}],"curies":[{"name":"wp","href":"https:\/\/api.w.org\/{rel}","templated":true}]}}