{"id":23277,"date":"2020-08-19T15:24:23","date_gmt":"2020-08-19T13:24:23","guid":{"rendered":"https:\/\/us.edu.pl\/student\/?page_id=23277"},"modified":"2020-08-19T15:24:23","modified_gmt":"2020-08-19T13:24:23","slug":"borys-urbanowicz","status":"publish","type":"page","link":"https:\/\/us.edu.pl\/student\/dzialalnosc-studencka\/wyroznienia-jm-rektora-us\/laureaci-poprzednich-edycji\/laureaci-xii-edycji\/studenci\/borys-urbanowicz\/","title":{"rendered":"Borys Urbanowicz"},"content":{"rendered":"<p>[vc_row][vc_column]\r\n                <div class=\"text-modules \">\r\n                    <div class=\"container\">\r\n                         <h3 class=\"subtitle text-modules__subtitle\">Borys Urbanowicz<\/h3>\r\n                        <div class=\"row m-0\">\r\n                            <div class=\"text-modules__content\">\r\n                                <span style=\"font-weight: 400\">Otrzyma\u0142 Wyr\u00f3\u017cnienie Rektora U\u015a za <\/span><b>osi\u0105gni\u0119cia artystyczne <\/b><span style=\"font-weight: 400\">jako student V roku prawa. Od 2015 roku wsp\u00f3\u0142pracuje z AUKSO &#8211; orkiestr\u0105 kameraln\u0105 miasta Tychy, od 2016 roku z Orkiestr\u0105 Muzyki Nowej, a od 2019 roku z Narodow\u0105 Orkiestr\u0105 Symfoniczn\u0105 Polskiego Radia w Katowicach. Po wygranym, mi\u0119dzynarodowym konkursie zosta\u0142 przyj\u0119ty do pilota\u017cowego programu Akademia NOSPR, kt\u00f3ry jest realizowany od 01 stycznia 2020 roku do 31 grudnia 2020 roku. Altowiolista w kwartecie smyczkowym, instruktor gry na alt\u00f3wce podczas koncert\u00f3w umuzykalniaj\u0105co-edukacyjnych w ramach dzia\u0142alno\u015bci Filharmonii \u015al\u0105skiej (2018, 2019). Jako altowiolista solista laureat r\u00f3\u017cnych konkurs\u00f3w, m.in. zaj\u0105\u0142 I miejsce na Mi\u0119dzynarodowym Konkursie Muzycznym w Serbii (2019) oraz zdoby\u0142 Grand Prix \u2013 na Mi\u0119dzynarodowym Konkursie Muzycznym Musile di Piave we W\u0142oszech (2019).\u00a0 Wyst\u0119powa\u0142 r\u00f3wnie\u017c podczas festiwalu I AM student festival (2019). Studiuje w U\u015a oraz w Akademii Muzycznej im. Karola Szymanowskiego w Katowicach.<\/span> \r\n                                <div class=\"mt-3\"><\/div>\r\n                            <\/div>\r\n                            \r\n                            \r\n                        <\/div>\r\n                    <\/div>\r\n                <\/div>[\/vc_column][\/vc_row]<\/p>","protected":false},"excerpt":{"rendered":"<p>[vc_row][vc_column][\/vc_column][\/vc_row] [&#8230;]<\/p>\n<p><a class=\"btn btn-secondary understrap-read-more-link\" href=\"https:\/\/us.edu.pl\/student\/dzialalnosc-studencka\/wyroznienia-jm-rektora-us\/laureaci-poprzednich-edycji\/laureaci-xii-edycji\/studenci\/borys-urbanowicz\/\">Read More&#8230;<\/a><\/p>\n","protected":false},"author":28,"featured_media":0,"parent":23084,"menu_order":0,"comment_status":"closed","ping_status":"closed","template":"","meta":{"_expiration-date-status":"saved","_expiration-date":0,"_expiration-date-type":"","_expiration-date-categories":[],"_expiration-date-options":[]},"acf":[],"_links":{"self":[{"href":"https:\/\/us.edu.pl\/student\/wp-json\/wp\/v2\/pages\/23277"}],"collection":[{"href":"https:\/\/us.edu.pl\/student\/wp-json\/wp\/v2\/pages"}],"about":[{"href":"https:\/\/us.edu.pl\/student\/wp-json\/wp\/v2\/types\/page"}],"author":[{"embeddable":true,"href":"https:\/\/us.edu.pl\/student\/wp-json\/wp\/v2\/users\/28"}],"replies":[{"embeddable":true,"href":"https:\/\/us.edu.pl\/student\/wp-json\/wp\/v2\/comments?post=23277"}],"version-history":[{"count":0,"href":"https:\/\/us.edu.pl\/student\/wp-json\/wp\/v2\/pages\/23277\/revisions"}],"up":[{"embeddable":true,"href":"https:\/\/us.edu.pl\/student\/wp-json\/wp\/v2\/pages\/23084"}],"wp:attachment":[{"href":"https:\/\/us.edu.pl\/student\/wp-json\/wp\/v2\/media?parent=23277"}],"curies":[{"name":"wp","href":"https:\/\/api.w.org\/{rel}","templated":true}]}}

<p>[vc_row][vc_column]
                <div class="text-modules ">
                    <div class="container">
                         <h3 class="subtitle text-modules__subtitle">Borys Urbanowicz</h3>
                        <div class="row m-0">
                            <div class="text-modules__content">
                                <span style="font-weight: 400">Otrzymał Wyróżnienie Rektora UŚ za </span><b>osiągnięcia artystyczne </b><span style="font-weight: 400">jako student V roku prawa. Od 2015 roku współpracuje z AUKSO &#8211; orkiestrą kameralną miasta Tychy, od 2016 roku z Orkiestrą Muzyki Nowej, a od 2019 roku z Narodową Orkiestrą Symfoniczną Polskiego Radia w Katowicach. Po wygranym, międzynarodowym konkursie został przyjęty do pilotażowego programu Akademia NOSPR, który jest realizowany od 01 stycznia 2020 roku do 31 grudnia 2020 roku. Altowiolista w kwartecie smyczkowym, instruktor gry na altówce podczas koncertów umuzykalniająco-edukacyjnych w ramach działalności Filharmonii Śląskiej (2018, 2019). Jako altowiolista solista laureat różnych konkursów, m.in. zajął I miejsce na Międzynarodowym Konkursie Muzycznym w Serbii (2019) oraz zdobył Grand Prix – na Międzynarodowym Konkursie Muzycznym Musile di Piave we Włoszech (2019).  Występował również podczas festiwalu I AM student festival (2019). Studiuje w UŚ oraz w Akademii Muzycznej im. Karola Szymanowskiego w Katowicach.</span> 
                                <div class="mt-3"></div>
                            </div>
                            
                            
                        </div>
                    </div>
                </div>[/vc_column][/vc_row]</p>
