{"id":23284,"date":"2020-08-19T15:36:01","date_gmt":"2020-08-19T13:36:01","guid":{"rendered":"https:\/\/us.edu.pl\/student\/?page_id=23284"},"modified":"2020-08-19T15:36:01","modified_gmt":"2020-08-19T13:36:01","slug":"pawel-wowra","status":"publish","type":"page","link":"https:\/\/us.edu.pl\/student\/dzialalnosc-studencka\/wyroznienia-jm-rektora-us\/laureaci-poprzednich-edycji\/laureaci-xii-edycji\/studenci\/pawel-wowra\/","title":{"rendered":"Pawe\u0142 Wowra"},"content":{"rendered":"<p>[vc_row][vc_column]\r\n                <div class=\"text-modules \">\r\n                    <div class=\"container\">\r\n                         <h3 class=\"subtitle text-modules__subtitle\">Pawe\u0142 Wowra<\/h3>\r\n                        <div class=\"row m-0\">\r\n                            <div class=\"text-modules__content\">\r\n                                <span style=\"font-weight: 400\">Otrzyma\u0142 Wyr\u00f3\u017cnienie Rektora U\u015a za <\/span><b>dzia\u0142alno\u015b\u0107 popularnonaukow\u0105 <\/b><span style=\"font-weight: 400\">jako student V roku prawa.\u00a0 Wspar\u0142 organizacj\u0119\u00a0 i\u00a0 rozpocz\u0119cie\u00a0 dzia\u0142alno\u015bci\u00a0 Centrum\u00a0 J\u0119zyka\u00a0 i\u00a0 Kultury\u00a0 Chi\u0144skiej Uniwersytetu \u015al\u0105skiego (2018). Wsp\u00f3\u0142za\u0142o\u017cyciel i pierwszy Przewodnicz\u0105cy Mi\u0119dzywydzia\u0142owego Ko\u0142a Naukowego Kultury i Prawa Chi\u0144skiego Uniwersytetu \u015al\u0105skiego w Katowicach (od 2018). Jest autorem trzech artyku\u0142\u00f3w popularnonaukowych na stronie reo.pl Koordynowa\u0142 stoiska tematyczne dotycz\u0105ce tematyki chi\u0144skiej podczas dw\u00f3ch edycji \u015al\u0105skiego Festiwalu Nauki (2018, 2019), prowadzi\u0142 zaj\u0119cia w szko\u0142ach dotycz\u0105ce Chin oraz popularyzuje wiedz\u0119 na temat tego kraju w\u015br\u00f3d student\u00f3w. Jest autorem publikacji naukowych oraz organizatorem dw\u00f3ch konferencji naukowych &#8211; og\u00f3lnopolskiej oraz mi\u0119dzynarodowej.<\/span> \r\n                                <div class=\"mt-3\"><\/div>\r\n                            <\/div>\r\n                            \r\n                            <div class=\"text-modules__img\"><img src=\"https:\/\/us.edu.pl\/student\/wp-content\/uploads\/sites\/3\/Wyr\u00f3\u017cnienia-rektora\/wyr\u00f3\u017cnieni-z-lat-poprzednich\/Laureaci-2020\/Wowra-Pawe\u0142-6-300x300.jpg\" alt=\"img\"><\/div>\r\n                        <\/div>\r\n                    <\/div>\r\n                <\/div>[\/vc_column][\/vc_row]<\/p>","protected":false},"excerpt":{"rendered":"<p>[vc_row][vc_column][\/vc_column][\/vc_row] [&#8230;]<\/p>\n<p><a class=\"btn btn-secondary understrap-read-more-link\" href=\"https:\/\/us.edu.pl\/student\/dzialalnosc-studencka\/wyroznienia-jm-rektora-us\/laureaci-poprzednich-edycji\/laureaci-xii-edycji\/studenci\/pawel-wowra\/\">Read More&#8230;<\/a><\/p>\n","protected":false},"author":28,"featured_media":0,"parent":23084,"menu_order":0,"comment_status":"closed","ping_status":"closed","template":"","meta":{"_expiration-date-status":"saved","_expiration-date":0,"_expiration-date-type":"","_expiration-date-categories":[],"_expiration-date-options":[]},"acf":[],"_links":{"self":[{"href":"https:\/\/us.edu.pl\/student\/wp-json\/wp\/v2\/pages\/23284"}],"collection":[{"href":"https:\/\/us.edu.pl\/student\/wp-json\/wp\/v2\/pages"}],"about":[{"href":"https:\/\/us.edu.pl\/student\/wp-json\/wp\/v2\/types\/page"}],"author":[{"embeddable":true,"href":"https:\/\/us.edu.pl\/student\/wp-json\/wp\/v2\/users\/28"}],"replies":[{"embeddable":true,"href":"https:\/\/us.edu.pl\/student\/wp-json\/wp\/v2\/comments?post=23284"}],"version-history":[{"count":0,"href":"https:\/\/us.edu.pl\/student\/wp-json\/wp\/v2\/pages\/23284\/revisions"}],"up":[{"embeddable":true,"href":"https:\/\/us.edu.pl\/student\/wp-json\/wp\/v2\/pages\/23084"}],"wp:attachment":[{"href":"https:\/\/us.edu.pl\/student\/wp-json\/wp\/v2\/media?parent=23284"}],"curies":[{"name":"wp","href":"https:\/\/api.w.org\/{rel}","templated":true}]}}

Paweł Wowra

<p>[vc_row][vc_column]
                <div class="text-modules ">
                    <div class="container">
                         <h3 class="subtitle text-modules__subtitle">Paweł Wowra</h3>
                        <div class="row m-0">
                            <div class="text-modules__content">
                                <span style="font-weight: 400">Otrzymał Wyróżnienie Rektora UŚ za </span><b>działalność popularnonaukową </b><span style="font-weight: 400">jako student V roku prawa.  Wsparł organizację  i  rozpoczęcie  działalności  Centrum  Języka  i  Kultury  Chińskiej Uniwersytetu Śląskiego (2018). Współzałożyciel i pierwszy Przewodniczący Międzywydziałowego Koła Naukowego Kultury i Prawa Chińskiego Uniwersytetu Śląskiego w Katowicach (od 2018). Jest autorem trzech artykułów popularnonaukowych na stronie reo.pl Koordynował stoiska tematyczne dotyczące tematyki chińskiej podczas dwóch edycji Śląskiego Festiwalu Nauki (2018, 2019), prowadził zajęcia w szkołach dotyczące Chin oraz popularyzuje wiedzę na temat tego kraju wśród studentów. Jest autorem publikacji naukowych oraz organizatorem dwóch konferencji naukowych &#8211; ogólnopolskiej oraz międzynarodowej.</span> 
                                <div class="mt-3"></div>
                            </div>
                            
                            <div class="text-modules__img"><img src="https://us.edu.pl/student/wp-content/uploads/sites/3/Wyróżnienia-rektora/wyróżnieni-z-lat-poprzednich/Laureaci-2020/Wowra-Paweł-6-300x300.jpg" alt="img"></div>
                        </div>
                    </div>
                </div>[/vc_column][/vc_row]</p>
