{"id":23312,"date":"2020-08-20T11:42:49","date_gmt":"2020-08-20T09:42:49","guid":{"rendered":"https:\/\/us.edu.pl\/student\/?page_id=23312"},"modified":"2020-08-20T11:42:49","modified_gmt":"2020-08-20T09:42:49","slug":"aneta-kurpanik","status":"publish","type":"page","link":"https:\/\/us.edu.pl\/student\/dzialalnosc-studencka\/wyroznienia-jm-rektora-us\/laureaci-poprzednich-edycji\/laureaci-xii-edycji\/doktoranci\/aneta-kurpanik\/","title":{"rendered":"Aneta Kurpanik"},"content":{"rendered":"<p>[vc_row][vc_column]\r\n                <div class=\"text-modules \">\r\n                    <div class=\"container\">\r\n                         <h3 class=\"subtitle text-modules__subtitle\">Aneta Kurpanik<\/h3>\r\n                        <div class=\"row m-0\">\r\n                            <div class=\"text-modules__content\">\r\n                                <span style=\"font-weight: 400\">Otrzyma\u0142a Wyr\u00f3\u017cnienie Rektora U\u015a za <\/span><b>osi\u0105gni\u0119cia naukowe<\/b> <b>oraz<\/b> <b>dzia\u0142alno\u015b\u0107 popularnonaukow\u0105 <\/b><span style=\"font-weight: 400\">jako doktorantka III roku w dyscyplinie nauki chemiczne. Kieruje autorskim projektem pn. &#8222;Rozbudowa symetrycznych 3,9-dipodstawionych perylen\u00f3w <\/span><i><span style=\"font-weight: 400\">via<\/span><\/i><span style=\"font-weight: 400\"> reakcje cykloaddycji &#8211; nowe struktury nanografenowe&#8221; (2020-2023) w ramach konkursu PRELUDIUM finansowanego przez Narodowe Centrum Nauki. Pracuje r\u00f3wnie\u017c w zespole dw\u00f3ch innych projekt\u00f3w NCN (&#8222;Od perylenu do funkcjonalizowanych nanografen\u00f3w o oczekiwanych w\u0142a\u015bciwo\u015bciach&#8221; (2020-2023) oraz &#8222;Strategia APEX w syntezie funkcjonalizowanych nanografen\u00f3w z 1,4-diarylo-1,3-butadiyn\u00f3w oraz perylenu i jego pochodnych: nowe domino Diels-Alder cykloaddycja-cykloaromatyzacja&#8221; (2020-2023)), za\u015b w latach 2017-2020 by\u0142a wykonawc\u0105 w projekcie &#8222;Cykloaddycja Dielsa-Aldera pod wysokim ci\u015bnieniem: nowe reakcje, nowe zastosowania&#8221;. Jest autork\u0105 trzech artyku\u0142\u00f3w naukowych, wyst\u0119powa\u0142a na kilku konferencjach mi\u0119dzynarodowych i og\u00f3lnopolskich. Otrzyma\u0142a wyr\u00f3\u017cnienie w konkursie \u201eStudent-Wynalazca&#8221; 2020 za \u201eCykl wynalazk\u00f3w dotycz\u0105cych dogodnej i wydajnej metody syntezy pochodnych perylenu oraz koronenu na drodze reakcji cykloaddycji Dielsa-Aldera aryn\u00f3w do wn\u0119ki perylenu i jego pochodnych&#8221;. Wsp\u00f3\u0142autorka pi\u0119ciu patent\u00f3w i dwunastu zg\u0142osze\u0144 patentowych. Dzia\u0142a tak\u017ce na rzecz upowszechniania i rozwoju nauki &#8211; wsp\u00f3\u0142organizowa\u0142a cztery edycje Og\u00f3lnopolskiego Konkursu Chemicznego (2017-2020) oraz koordynowa\u0142a stanowiska pokazowe podczas trzech edycji \u015al\u0105skiego Festiwalu Nauki (2017-2020). Poza pasj\u0105 do nauki jest mi\u0142o\u015bniczk\u0105 muzyki (od Haydna przez Queen po Miuosha), kot\u00f3w, gotowania i wycieczek rowerowych. W wolnych chwilach gra na ukulele i czyta ksi\u0105\u017cki (g\u0142\u00f3wnie biograficzne).<\/span> \r\n                                <div class=\"mt-3\"><\/div>\r\n                            <\/div>\r\n                            \r\n                            <div class=\"text-modules__img\"><img src=\"https:\/\/us.edu.pl\/student\/wp-content\/uploads\/sites\/3\/Wyr\u00f3\u017cnienia-rektora\/wyr\u00f3\u017cnieni-z-lat-poprzednich\/Laureaci-2020\/Kurpanik-Aneta-1-226x300.jpeg\" alt=\"img\"><\/div>\r\n                        <\/div>\r\n                    <\/div>\r\n                <\/div>[\/vc_column][\/vc_row]<\/p>","protected":false},"excerpt":{"rendered":"<p>[vc_row][vc_column][\/vc_column][\/vc_row] [&#8230;]<\/p>\n<p><a class=\"btn btn-secondary understrap-read-more-link\" href=\"https:\/\/us.edu.pl\/student\/dzialalnosc-studencka\/wyroznienia-jm-rektora-us\/laureaci-poprzednich-edycji\/laureaci-xii-edycji\/doktoranci\/aneta-kurpanik\/\">Read More&#8230;<\/a><\/p>\n","protected":false},"author":28,"featured_media":0,"parent":23082,"menu_order":0,"comment_status":"closed","ping_status":"closed","template":"","meta":{"_expiration-date-status":"saved","_expiration-date":0,"_expiration-date-type":"","_expiration-date-categories":[],"_expiration-date-options":[]},"acf":[],"_links":{"self":[{"href":"https:\/\/us.edu.pl\/student\/wp-json\/wp\/v2\/pages\/23312"}],"collection":[{"href":"https:\/\/us.edu.pl\/student\/wp-json\/wp\/v2\/pages"}],"about":[{"href":"https:\/\/us.edu.pl\/student\/wp-json\/wp\/v2\/types\/page"}],"author":[{"embeddable":true,"href":"https:\/\/us.edu.pl\/student\/wp-json\/wp\/v2\/users\/28"}],"replies":[{"embeddable":true,"href":"https:\/\/us.edu.pl\/student\/wp-json\/wp\/v2\/comments?post=23312"}],"version-history":[{"count":0,"href":"https:\/\/us.edu.pl\/student\/wp-json\/wp\/v2\/pages\/23312\/revisions"}],"up":[{"embeddable":true,"href":"https:\/\/us.edu.pl\/student\/wp-json\/wp\/v2\/pages\/23082"}],"wp:attachment":[{"href":"https:\/\/us.edu.pl\/student\/wp-json\/wp\/v2\/media?parent=23312"}],"curies":[{"name":"wp","href":"https:\/\/api.w.org\/{rel}","templated":true}]}}