{"id":23322,"date":"2020-08-20T12:10:42","date_gmt":"2020-08-20T10:10:42","guid":{"rendered":"https:\/\/us.edu.pl\/student\/?page_id=23322"},"modified":"2020-09-07T09:13:44","modified_gmt":"2020-09-07T07:13:44","slug":"aleksandra-swietlicka","status":"publish","type":"page","link":"https:\/\/us.edu.pl\/student\/dzialalnosc-studencka\/wyroznienia-jm-rektora-us\/laureaci-poprzednich-edycji\/laureaci-xii-edycji\/doktoranci\/aleksandra-swietlicka\/","title":{"rendered":"Aleksandra \u015awietlicka"},"content":{"rendered":"<p>[vc_row][vc_column]\r\n                <div class=\"text-modules \">\r\n                    <div class=\"container\">\r\n                         <h3 class=\"subtitle text-modules__subtitle\"> Aleksandra \u015awietlicka<\/h3>\r\n                        <div class=\"row m-0\">\r\n                            <div class=\"text-modules__content\">\r\n                                <span style=\"font-weight: 400\">Otrzyma\u0142a Wyr\u00f3\u017cnienie Rektora U\u015a za <\/span><b>osi\u0105gni\u0119cia sportowe, naukowe i popularyzacj\u0119 nauki <\/b><span style=\"font-weight: 400\">jako doktorantka II roku w dyscyplinie nauki chemiczne. Nale\u017cy do sekcji judo Akademickiego Zwi\u0105zku Sportowego U\u015a od 2015 roku. Na Akademickich Mistrzostwach Polski w Judo w 2018 roku zaj\u0119\u0142a I miejsce w kategorii dru\u017cynowej kobiet w\u015br\u00f3d uniwersytet\u00f3w, II miejsce w kategorii dru\u017cynowej kobiet w\u015br\u00f3d wszystkich uczelni, III miejsce w kategorii uniwersytet\u00f3w w kategorii do 57 kg, natomiast rok p\u00f3\u017aniej II miejsce w kategorii dru\u017cynowej w\u015br\u00f3d uniwersytet\u00f3w. Z kolei podczas Akademickich Mistrzostw \u015al\u0105ska w Judo (2018) zaj\u0119\u0142a I miejsce w kategorii do 57 kg i I miejsce w kategorii dru\u017cynowej kobiet a rok p\u00f3\u017aniej II miejsce w kategorii do 57 kg i I miejsce w kategorii dru\u017cynowej kobiet. W swoim dorobku naukowym posiada pi\u0119\u0107 publikacji naukowych oraz wyst\u0105pienia na konferencjach naukowych. Aktywnie w\u0142\u0105cza si\u0119 r\u00f3wnie\u017c w popularyzacj\u0119 nauki, m.in. prowadz\u0105c warsztaty dla dzieci i wsp\u00f3\u0142tworz\u0105c konkurs chemiczny dla uczni\u00f3w\u00a0 \u201eOd alchemika do milionera\u201d podczas \u015awi\u0119ta Liczby \ud835\udf45 (2019). <\/span> \r\n                                <div class=\"mt-3\"><\/div>\r\n                            <\/div>\r\n                            \r\n                            <div class=\"text-modules__img\"><img src=\"https:\/\/us.edu.pl\/student\/wp-content\/uploads\/sites\/3\/Wyr\u00f3\u017cnienia-rektora\/wyr\u00f3\u017cnieni-z-lat-poprzednich\/Laureaci-2020\/\u015awietlicka-Aleksandra-1-233x300.jpg\" alt=\"img\"><\/div>\r\n                        <\/div>\r\n                    <\/div>\r\n                <\/div>[\/vc_column][\/vc_row]<\/p>","protected":false},"excerpt":{"rendered":"<p>[vc_row][vc_column][\/vc_column][\/vc_row] [&#8230;]<\/p>\n<p><a class=\"btn btn-secondary understrap-read-more-link\" href=\"https:\/\/us.edu.pl\/student\/dzialalnosc-studencka\/wyroznienia-jm-rektora-us\/laureaci-poprzednich-edycji\/laureaci-xii-edycji\/doktoranci\/aleksandra-swietlicka\/\">Read More&#8230;<\/a><\/p>\n","protected":false},"author":28,"featured_media":0,"parent":23082,"menu_order":0,"comment_status":"closed","ping_status":"closed","template":"","meta":{"_expiration-date-status":"saved","_expiration-date":0,"_expiration-date-type":"","_expiration-date-categories":[],"_expiration-date-options":[]},"acf":[],"_links":{"self":[{"href":"https:\/\/us.edu.pl\/student\/wp-json\/wp\/v2\/pages\/23322"}],"collection":[{"href":"https:\/\/us.edu.pl\/student\/wp-json\/wp\/v2\/pages"}],"about":[{"href":"https:\/\/us.edu.pl\/student\/wp-json\/wp\/v2\/types\/page"}],"author":[{"embeddable":true,"href":"https:\/\/us.edu.pl\/student\/wp-json\/wp\/v2\/users\/28"}],"replies":[{"embeddable":true,"href":"https:\/\/us.edu.pl\/student\/wp-json\/wp\/v2\/comments?post=23322"}],"version-history":[{"count":0,"href":"https:\/\/us.edu.pl\/student\/wp-json\/wp\/v2\/pages\/23322\/revisions"}],"up":[{"embeddable":true,"href":"https:\/\/us.edu.pl\/student\/wp-json\/wp\/v2\/pages\/23082"}],"wp:attachment":[{"href":"https:\/\/us.edu.pl\/student\/wp-json\/wp\/v2\/media?parent=23322"}],"curies":[{"name":"wp","href":"https:\/\/api.w.org\/{rel}","templated":true}]}}