{"id":23327,"date":"2020-08-20T12:14:50","date_gmt":"2020-08-20T10:14:50","guid":{"rendered":"https:\/\/us.edu.pl\/student\/?page_id=23327"},"modified":"2020-09-11T08:49:21","modified_gmt":"2020-09-11T06:49:21","slug":"dariusz-zalega","status":"publish","type":"page","link":"https:\/\/us.edu.pl\/student\/dzialalnosc-studencka\/wyroznienia-jm-rektora-us\/laureaci-poprzednich-edycji\/laureaci-xii-edycji\/doktoranci\/dariusz-zalega\/","title":{"rendered":"Dariusz Zalega"},"content":{"rendered":"<p>[vc_row][vc_column]\r\n                <div class=\"text-modules \">\r\n                    <div class=\"container\">\r\n                         <h3 class=\"subtitle text-modules__subtitle\">Dariusz Zalega <\/h3>\r\n                        <div class=\"row m-0\">\r\n                            <div class=\"text-modules__content\">\r\n                                <span style=\"font-weight: 400\">Otrzyma\u0142 Wyr\u00f3\u017cnienie Rektora U\u015a za <\/span><b>dzia\u0142alno\u015b\u0107 kulturaln\u0105 <\/b><span style=\"font-weight: 400\">jako doktorant III roku w dyscyplinie historia. Jest autorem projektu \u201cZbuntowany \u015al\u0105sk\u201d, kt\u00f3rego celem by\u0142o promowanie<\/span> <span style=\"font-weight: 400\">zapomnianej<\/span> <span style=\"font-weight: 400\">historii \u201ezbuntowanego \u015al\u0105ska\u201d &#8211; walk spo\u0142ecznych, organizacji robotniczych, kontrkultury, oporu antyfaszystowskiego, ale te\u017c samych przemian spo\u0142ecznych. Jest re\u017cyserem dw\u00f3ch film\u00f3w: \u201eZbuntowany \u015al\u0105sk. Gaw\u0119da z dziej\u00f3w walk spo\u0142ecznych na \u015al\u0105sku\u201d (2016) oraz \u201cPi\u0119\u015b\u0107 i dynamit. Gaw\u0119da o \u015bl\u0105skich antyfaszystach w Hiszpanii\u201d (2019). Zrealizowa\u0142 r\u00f3wnie\u017c projekt muzyczny \u201eFanga. Pie\u015bni \u015bl\u0105skiego buntu\u201d (pie\u015bni ze zbior\u00f3w A. Dygacza). Jego ksi\u0105\u017cka \u201e\u015al\u0105sk zbuntowany\u201d (Wydawnictwo Czarne) zosta\u0142a nominowana do nagrody historycznej tygodnika \u201ePolityka\u201d w kategorii Debiuty.<\/span> \r\n                                <div class=\"mt-3\"><\/div>\r\n                            <\/div>\r\n                            \r\n                            <div class=\"text-modules__img\"><img src=\"https:\/\/us.edu.pl\/student\/wp-content\/uploads\/sites\/3\/Wyr\u00f3\u017cnienia-rektora\/wyr\u00f3\u017cnieni-z-lat-poprzednich\/Laureaci-2020\/Dariusz-Zalega-3-219x300.jpg\" alt=\"img\"><\/div>\r\n                        <\/div>\r\n                    <\/div>\r\n                <\/div>[\/vc_column][\/vc_row]<\/p>","protected":false},"excerpt":{"rendered":"<p>[vc_row][vc_column][\/vc_column][\/vc_row] [&#8230;]<\/p>\n<p><a class=\"btn btn-secondary understrap-read-more-link\" href=\"https:\/\/us.edu.pl\/student\/dzialalnosc-studencka\/wyroznienia-jm-rektora-us\/laureaci-poprzednich-edycji\/laureaci-xii-edycji\/doktoranci\/dariusz-zalega\/\">Read More&#8230;<\/a><\/p>\n","protected":false},"author":28,"featured_media":0,"parent":23082,"menu_order":0,"comment_status":"closed","ping_status":"closed","template":"","meta":{"_expiration-date-status":"saved","_expiration-date":0,"_expiration-date-type":"","_expiration-date-categories":[],"_expiration-date-options":[]},"acf":[],"_links":{"self":[{"href":"https:\/\/us.edu.pl\/student\/wp-json\/wp\/v2\/pages\/23327"}],"collection":[{"href":"https:\/\/us.edu.pl\/student\/wp-json\/wp\/v2\/pages"}],"about":[{"href":"https:\/\/us.edu.pl\/student\/wp-json\/wp\/v2\/types\/page"}],"author":[{"embeddable":true,"href":"https:\/\/us.edu.pl\/student\/wp-json\/wp\/v2\/users\/28"}],"replies":[{"embeddable":true,"href":"https:\/\/us.edu.pl\/student\/wp-json\/wp\/v2\/comments?post=23327"}],"version-history":[{"count":0,"href":"https:\/\/us.edu.pl\/student\/wp-json\/wp\/v2\/pages\/23327\/revisions"}],"up":[{"embeddable":true,"href":"https:\/\/us.edu.pl\/student\/wp-json\/wp\/v2\/pages\/23082"}],"wp:attachment":[{"href":"https:\/\/us.edu.pl\/student\/wp-json\/wp\/v2\/media?parent=23327"}],"curies":[{"name":"wp","href":"https:\/\/api.w.org\/{rel}","templated":true}]}}

<p>[vc_row][vc_column]
                <div class="text-modules ">
                    <div class="container">
                         <h3 class="subtitle text-modules__subtitle">Dariusz Zalega </h3>
                        <div class="row m-0">
                            <div class="text-modules__content">
                                <span style="font-weight: 400">Otrzymał Wyróżnienie Rektora UŚ za </span><b>działalność kulturalną </b><span style="font-weight: 400">jako doktorant III roku w dyscyplinie historia. Jest autorem projektu “Zbuntowany Śląsk”, którego celem było promowanie</span> <span style="font-weight: 400">zapomnianej</span> <span style="font-weight: 400">historii „zbuntowanego Śląska” &#8211; walk społecznych, organizacji robotniczych, kontrkultury, oporu antyfaszystowskiego, ale też samych przemian społecznych. Jest reżyserem dwóch filmów: „Zbuntowany Śląsk. Gawęda z dziejów walk społecznych na Śląsku” (2016) oraz “Pięść i dynamit. Gawęda o śląskich antyfaszystach w Hiszpanii” (2019). Zrealizował również projekt muzyczny „Fanga. Pieśni śląskiego buntu” (pieśni ze zbiorów A. Dygacza). Jego książka „Śląsk zbuntowany” (Wydawnictwo Czarne) została nominowana do nagrody historycznej tygodnika „Polityka” w kategorii Debiuty.</span> 
                                <div class="mt-3"></div>
                            </div>
                            
                            <div class="text-modules__img"><img src="https://us.edu.pl/student/wp-content/uploads/sites/3/Wyróżnienia-rektora/wyróżnieni-z-lat-poprzednich/Laureaci-2020/Dariusz-Zalega-3-219x300.jpg" alt="img"></div>
                        </div>
                    </div>
                </div>[/vc_column][/vc_row]</p>
