{"id":23647,"date":"2020-09-07T14:33:05","date_gmt":"2020-09-07T12:33:05","guid":{"rendered":"https:\/\/us.edu.pl\/student\/?page_id=23647"},"modified":"2020-09-07T15:07:32","modified_gmt":"2020-09-07T13:07:32","slug":"jakub-pluta","status":"publish","type":"page","link":"https:\/\/us.edu.pl\/student\/dzialalnosc-studencka\/wyroznienia-jm-rektora-us\/laureaci-poprzednich-edycji\/laureaci-xii-edycji\/uniwersytet-slaski-dzieci\/jakub-pluta\/","title":{"rendered":"Jakub Pluta"},"content":{"rendered":"<p>[vc_row][vc_column]\r\n                <div class=\"text-modules \">\r\n                    <div class=\"container\">\r\n                         <h3 class=\"subtitle text-modules__subtitle\">Jakub Pluta<\/h3>\r\n                        <div class=\"row m-0\">\r\n                            <div class=\"text-modules__content\">\r\n                                <span style=\"font-weight: 400\">W Uniwersytecie \u015al\u0105skim Dzieci rozwija\u0142 swoje zainteresowania w grupie M\u0142odych Naukowc\u00f3w. Jego najwi\u0119ksze osi\u0105gni\u0119cia to zaprogramowanie \u201e nieszkodliwego\u201d wirusa komputerowego. Z tym wirusem wi\u0105\u017ce si\u0119 zreszt\u0105 ma\u0142a historia. Kiedy\u015b chcia\u0142 przetestowa\u0107 swojego starego laptopa w warunkach ekstremalnych. Wtedy napisa\u0142 ma\u0142ego, nieszkodliwego ale BARDZO denerwuj\u0105cego wirusa. Wy\u015bwietla\u0142 on fa\u0142szywe b\u0142\u0119dy w niesko\u0144czono\u015b\u0107. Ka\u017cdy b\u0142\u0105d, kt\u00f3ry si\u0119 pr\u00f3bowa\u0142o zamkn\u0105\u0107, wy\u015bwietla\u0142 8 kolejnych. P\u00f3\u017aniej uda\u0142o si\u0119 to jeszcze przyspieszy\u0107 i skr\u00f3ci\u0107 kod wirusa tylko do 4 linijek. Komputery fascynuj\u0105 go od zawsze, a poniewa\u017c fascynacja jest coraz wi\u0119ksza, swoj\u0105 przysz\u0142o\u015b\u0107 wi\u0105\u017ce z programowaniem.<\/span> \r\n                                <div class=\"mt-3\"><\/div>\r\n                            <\/div>\r\n                            \r\n                            <div class=\"text-modules__img\"><img src=\"https:\/\/us.edu.pl\/student\/wp-content\/uploads\/sites\/3\/Wyr\u00f3\u017cnienia-rektora\/wyr\u00f3\u017cnieni-z-lat-poprzednich\/Laureaci-2020\/Kuba-Pluta-300x225.jpg\" alt=\"img\"><\/div>\r\n                        <\/div>\r\n                    <\/div>\r\n                <\/div>[\/vc_column][\/vc_row]<\/p>","protected":false},"excerpt":{"rendered":"<p>[vc_row][vc_column][\/vc_column][\/vc_row] [&#8230;]<\/p>\n<p><a class=\"btn btn-secondary understrap-read-more-link\" href=\"https:\/\/us.edu.pl\/student\/dzialalnosc-studencka\/wyroznienia-jm-rektora-us\/laureaci-poprzednich-edycji\/laureaci-xii-edycji\/uniwersytet-slaski-dzieci\/jakub-pluta\/\">Read More&#8230;<\/a><\/p>\n","protected":false},"author":28,"featured_media":0,"parent":23080,"menu_order":0,"comment_status":"closed","ping_status":"closed","template":"","meta":{"_expiration-date-status":"saved","_expiration-date":0,"_expiration-date-type":"","_expiration-date-categories":[],"_expiration-date-options":[]},"acf":[],"_links":{"self":[{"href":"https:\/\/us.edu.pl\/student\/wp-json\/wp\/v2\/pages\/23647"}],"collection":[{"href":"https:\/\/us.edu.pl\/student\/wp-json\/wp\/v2\/pages"}],"about":[{"href":"https:\/\/us.edu.pl\/student\/wp-json\/wp\/v2\/types\/page"}],"author":[{"embeddable":true,"href":"https:\/\/us.edu.pl\/student\/wp-json\/wp\/v2\/users\/28"}],"replies":[{"embeddable":true,"href":"https:\/\/us.edu.pl\/student\/wp-json\/wp\/v2\/comments?post=23647"}],"version-history":[{"count":0,"href":"https:\/\/us.edu.pl\/student\/wp-json\/wp\/v2\/pages\/23647\/revisions"}],"up":[{"embeddable":true,"href":"https:\/\/us.edu.pl\/student\/wp-json\/wp\/v2\/pages\/23080"}],"wp:attachment":[{"href":"https:\/\/us.edu.pl\/student\/wp-json\/wp\/v2\/media?parent=23647"}],"curies":[{"name":"wp","href":"https:\/\/api.w.org\/{rel}","templated":true}]}}