{"id":23666,"date":"2020-09-07T15:01:39","date_gmt":"2020-09-07T13:01:39","guid":{"rendered":"https:\/\/us.edu.pl\/student\/?page_id=23666"},"modified":"2020-09-07T15:04:57","modified_gmt":"2020-09-07T13:04:57","slug":"nina-cielica","status":"publish","type":"page","link":"https:\/\/us.edu.pl\/student\/dzialalnosc-studencka\/wyroznienia-jm-rektora-us\/laureaci-poprzednich-edycji\/laureaci-xii-edycji\/uniwersytet-slaski-mlodziezy\/nina-cielica\/","title":{"rendered":"Nina Cielica"},"content":{"rendered":"<p>[vc_row][vc_column]\r\n                <div class=\"text-modules \">\r\n                    <div class=\"container\">\r\n                         <h3 class=\"subtitle text-modules__subtitle\">Nina Cielica<\/h3>\r\n                        <div class=\"row m-0\">\r\n                            <div class=\"text-modules__content\">\r\n                                <span style=\"font-weight: 400\">Jej najwi\u0119kszym osi\u0105gni\u0119ciem jest fakt, \u017ce znalaz\u0142a si\u0119 w gronie 50 laureat\u00f3w programu stypendialnego Adamed SmartUp. Otrzyma\u0142a trzykrotnie Stypendium Miasta D\u0105browy G\u00f3rniczej oraz stypendium ,,\u015al\u0105skie- Inwestujemy w talenty\u201d. By\u0142o to mo\u017cliwe mi\u0119dzy innymi, dzi\u0119ki nast\u0119puj\u0105cym osi\u0105gni\u0119ciom: Laureat Wojew\u00f3dzkiego Konkursu Przedmiotowego z J\u0119zyka Polskiego, Laureat Wojew\u00f3dzkiego Konkursu Przedmiotowego z Fizyki, Finalista Wojew\u00f3dzkiego Konkursu Przedmiotowego z Matematyki, Finalista Wojew\u00f3dzkiego Konkursu Przedmiotowego z Historii, III miejsce w XIX Wojew\u00f3dzkim Indywidualnym Konkursie z Fizyki dla klas VII szk\u00f3\u0142 podstawowych i gimnazjum, Trzykrotne Wyr\u00f3\u017cnienie w Mi\u0119dzynarodowym Konkursie Kangur Matematyczny, III miejsce i tytu\u0142 laureata w XVI Wojew\u00f3dzkim Konkursie Matematycznym im. prof. S. Bomskiego \u201eBomba z matmy\u201d. Poza tym odnosi\u0142a sukcesy w og\u00f3lnopolskim konkursie Edi Panda m.in. dwukrotnie III miejsce z matematyki oraz sukcesy w og\u00f3lnopolskiej olimpiadzie przedmiotowej Olimpus m.in. III miejsce z matematyki. Inne jej osi\u0105gni\u0119cia to II miejsce w rywalizacji indywidualnej Regionalnego Konkursu z Zaj\u0119\u0107 Technicznych \u201eElektronika- to nie takie trudne\u201d, Laureat Wojew\u00f3dzkiego Konkursu Poetyckiego Antologia Poezji Dzieci\u0119cej i M\u0142odzie\u017cowej, II miejsce w Finale wojew\u00f3dztwa \u015bl\u0105skiego w koszyk\u00f3wce dziewcz\u0105t 3&#215;3.<\/span> \r\n                                <div class=\"mt-3\"><\/div>\r\n                            <\/div>\r\n                            \r\n                            <div class=\"text-modules__img\"><img src=\"https:\/\/us.edu.pl\/student\/wp-content\/uploads\/sites\/3\/Nieprzypisane\/Nina-Cielica-193x300.jpg\" alt=\"img\"><\/div>\r\n                        <\/div>\r\n                    <\/div>\r\n                <\/div>[\/vc_column][\/vc_row]<\/p>","protected":false},"excerpt":{"rendered":"<p>[vc_row][vc_column][\/vc_column][\/vc_row] [&#8230;]<\/p>\n<p><a class=\"btn btn-secondary understrap-read-more-link\" href=\"https:\/\/us.edu.pl\/student\/dzialalnosc-studencka\/wyroznienia-jm-rektora-us\/laureaci-poprzednich-edycji\/laureaci-xii-edycji\/uniwersytet-slaski-mlodziezy\/nina-cielica\/\">Read More&#8230;<\/a><\/p>\n","protected":false},"author":28,"featured_media":0,"parent":23640,"menu_order":0,"comment_status":"closed","ping_status":"closed","template":"","meta":{"_expiration-date-status":"saved","_expiration-date":0,"_expiration-date-type":"","_expiration-date-categories":[],"_expiration-date-options":[]},"acf":[],"_links":{"self":[{"href":"https:\/\/us.edu.pl\/student\/wp-json\/wp\/v2\/pages\/23666"}],"collection":[{"href":"https:\/\/us.edu.pl\/student\/wp-json\/wp\/v2\/pages"}],"about":[{"href":"https:\/\/us.edu.pl\/student\/wp-json\/wp\/v2\/types\/page"}],"author":[{"embeddable":true,"href":"https:\/\/us.edu.pl\/student\/wp-json\/wp\/v2\/users\/28"}],"replies":[{"embeddable":true,"href":"https:\/\/us.edu.pl\/student\/wp-json\/wp\/v2\/comments?post=23666"}],"version-history":[{"count":0,"href":"https:\/\/us.edu.pl\/student\/wp-json\/wp\/v2\/pages\/23666\/revisions"}],"up":[{"embeddable":true,"href":"https:\/\/us.edu.pl\/student\/wp-json\/wp\/v2\/pages\/23640"}],"wp:attachment":[{"href":"https:\/\/us.edu.pl\/student\/wp-json\/wp\/v2\/media?parent=23666"}],"curies":[{"name":"wp","href":"https:\/\/api.w.org\/{rel}","templated":true}]}}