{"id":24482,"date":"2020-09-29T15:37:53","date_gmt":"2020-09-29T13:37:53","guid":{"rendered":"https:\/\/us.edu.pl\/student\/?page_id=24482"},"modified":"2022-03-31T15:57:48","modified_gmt":"2022-03-31T13:57:48","slug":"wsparcie-psychologiczne","status":"publish","type":"page","link":"https:\/\/us.edu.pl\/student\/wda\/skarbiec-wiedzy\/wsparcie-psychologiczne\/","title":{"rendered":"Wsparcie psychologiczne"},"content":{"rendered":"<p>[vc_row][vc_column]\r\n                <div class=\"text-modules\">\r\n                    <div class=\"container\">\r\n                        <h3 class=\"page-title text__title\">Wsparcie psychologiczne<\/h3>\r\n                        <div class=\"text-modules__content\"><\/p>\n<p><iframe loading=\"lazy\" title=\"WDA: Pomoc psychologiczna\" width=\"640\" height=\"360\" src=\"https:\/\/www.youtube.com\/embed\/ztruxqZqmcQ?feature=oembed\" frameborder=\"0\" allow=\"accelerometer; autoplay; clipboard-write; encrypted-media; gyroscope; picture-in-picture\" allowfullscreen><\/iframe><\/p>\n<p>\n<\/div>\r\n                    <\/div>\r\n                <\/div>\r\n                <div class=\"text-modules \">\r\n                    <div class=\"container\">\r\n                         \r\n                        <div class=\"row m-0\">\r\n                            <div class=\"text-modules__content\">\r\n                                <span style=\"font-weight: 400;\">Tym, co wyr\u00f3\u017cnia Uniwersytet \u015al\u0105ski w Katowicach spo\u015br\u00f3d innych uczelni wy\u017cszych, jest ca\u0142o\u015bciowe spojrzenie na studenta. Mamy \u015bwiadomo\u015b\u0107 tego, \u017ce studia to szczeg\u00f3lny moment w \u017cyciu \u2013 moment wej\u015bcia w doros\u0142o\u015b\u0107, a wi\u0119c przyswajania nowych r\u00f3l, czas cz\u0119sto zwi\u0105zany z opuszczeniem domu rodzinnego i pocz\u0105tkami budowania swojej samodzielno\u015bci. To niesie ze sob\u0105 wiele wyzwa\u0144, mo\u017ce zwi\u0119ksza\u0107 poziom stresu, dlatego te\u017c jako uczelnia d\u0105\u017cymy do tego, aby w momentach kryzysowych nasi studenci mieli do kogo zwr\u00f3ci\u0107 si\u0119 o pomoc.\u00a0<\/span><\/p>\n<p>&nbsp;<\/p>\n<p><span style=\"font-weight: 400;\">Od wielu lat prowadzimy Studencki Serwis rozwoju <\/span><a href=\"http:\/\/www.wiecjestem.us.edu.pl\"><b>wiecjestem.us.edu.pl<\/b><\/a><span style=\"font-weight: 400;\">, na kt\u00f3rym ka\u017cdy zainteresowany mo\u017ce znale\u017a\u0107 publikowane w konsultacji z psychologami tre\u015bci odnosz\u0105ce si\u0119 do rozwoju osobistego, sposob\u00f3w radzenia sobie ze stresem, dobrej organizacji i wyznaczania cel\u00f3w itd.\u00a0Chcemy, by w sytuacji braku jakich\u015b umiej\u0119tno\u015bci albo poszukiwania nowych rozwi\u0105za\u0144 nasi studenci mogli korzysta\u0107 z tre\u015bci opartych na najnowszej wiedzy i poprawnych merytorycznie.\u00a0<\/span><\/p>\n<p>&nbsp;<\/p>\n<p><span style=\"font-weight: 400;\">Od kilku lat realizujemy te\u017c kampanie spo\u0142eczne (takie jak <\/span><b>Co nas spina?<\/b><span style=\"font-weight: 400;\"> czy <\/span><b>Studencka kawiarnia mo\u017cliwo\u015bci<\/b><span style=\"font-weight: 400;\">). Ich celem jest rozw\u00f3j wiedzy naszych student\u00f3w w konkretnych obszarach wp\u0142ywaj\u0105cych na zdrowie psychiczne. Dotychczasowe kampanie dotyczy\u0142y higieny zdrowia psychicznego, radzenia sobie ze stresem czy kszta\u0142towania kompetencji mi\u0119kkich.\u00a0<\/span><\/p>\n<p>&nbsp;<\/p>\n<p><span style=\"font-weight: 400;\">Ponadto od ponad dziesi\u0119ciu lat studenci Uniwersytetu \u015al\u0105skiego w Katowicach mog\u0105 korzysta\u0107 <\/span><span style=\"font-weight: 400;\"><br \/>\n<\/span><span style=\"font-weight: 400;\">z bezp\u0142atnych konsultacji psychologicznych. Zach\u0119camy naszych s\u0142uchaczy do tego, by <\/span><span style=\"font-weight: 400;\"><br \/>\n<\/span><span style=\"font-weight: 400;\">w sytuacji nasilenia stresu, chwilowego kryzysu czy innych incydentalnych trudno\u015bci korzysta\u0107 <\/span><span style=\"font-weight: 400;\"><br \/>\n<\/span><span style=\"font-weight: 400;\">z pomocy profesjonalist\u00f3w w murach uczelni lub poza ni\u0105.\u00a0Konsultacje s\u0105 ca\u0142kowicie bezp\u0142atne, <\/span><span style=\"font-weight: 400;\"><br \/>\n<\/span><span style=\"font-weight: 400;\">a osoby, kt\u00f3re studiuj\u0105 na Uniwersytecie i chc\u0105 si\u0119 um\u00f3wi\u0107 na spotkanie z psychologiem, proszone s\u0105 o kontakt mailowy (<a href=\"mailto:psycholog@us.edu.pl\">psycholog@us.edu.pl<\/a> lub dla student\u00f3w z Cieszyna \u2013 <a href=\"mailto:psycholog.cieszyn@us.edu.pl\">psycholog.cieszyn@us.edu.pl<\/a>).<\/span><\/p>\n<p>&nbsp;<\/p>\n<p><span style=\"font-weight: 400;\">Szczeg\u00f3\u0142owe informacje: <a href=\"http:\/\/www.us.edu.pl\/student\/wsparcie-i-fundusze\/pomoc-psychologiczna-nasz-zespol\">us.edu.pl\/student\/wsparcie-i-fundusze\/pomoc-psychologiczna-nasz-zespol<\/a>.<\/span> \r\n                                <div class=\"mt-3\"><\/div>\r\n                            <\/div>\r\n                            \r\n                            \r\n                        <\/div>\r\n                    <\/div>\r\n                <\/div>[\/vc_column][\/vc_row]<\/p>","protected":false},"excerpt":{"rendered":"<p>[vc_row][vc_column][\/vc_column][\/vc_row] [&#8230;]<\/p>\n<p><a class=\"btn btn-secondary understrap-read-more-link\" href=\"https:\/\/us.edu.pl\/student\/wda\/skarbiec-wiedzy\/wsparcie-psychologiczne\/\">Read More&#8230;<\/a><\/p>\n","protected":false},"author":28,"featured_media":0,"parent":24454,"menu_order":0,"comment_status":"closed","ping_status":"closed","template":"","meta":{"_expiration-date-status":"saved","_expiration-date":0,"_expiration-date-type":"","_expiration-date-categories":[],"_expiration-date-options":[]},"acf":[],"_links":{"self":[{"href":"https:\/\/us.edu.pl\/student\/wp-json\/wp\/v2\/pages\/24482"}],"collection":[{"href":"https:\/\/us.edu.pl\/student\/wp-json\/wp\/v2\/pages"}],"about":[{"href":"https:\/\/us.edu.pl\/student\/wp-json\/wp\/v2\/types\/page"}],"author":[{"embeddable":true,"href":"https:\/\/us.edu.pl\/student\/wp-json\/wp\/v2\/users\/28"}],"replies":[{"embeddable":true,"href":"https:\/\/us.edu.pl\/student\/wp-json\/wp\/v2\/comments?post=24482"}],"version-history":[{"count":0,"href":"https:\/\/us.edu.pl\/student\/wp-json\/wp\/v2\/pages\/24482\/revisions"}],"up":[{"embeddable":true,"href":"https:\/\/us.edu.pl\/student\/wp-json\/wp\/v2\/pages\/24454"}],"wp:attachment":[{"href":"https:\/\/us.edu.pl\/student\/wp-json\/wp\/v2\/media?parent=24482"}],"curies":[{"name":"wp","href":"https:\/\/api.w.org\/{rel}","templated":true}]}}