{"id":25752,"date":"2020-10-26T14:48:48","date_gmt":"2020-10-26T13:48:48","guid":{"rendered":"https:\/\/us.edu.pl\/student\/?page_id=25752"},"modified":"2020-10-28T11:14:15","modified_gmt":"2020-10-28T10:14:15","slug":"wybory-2020-2021","status":"publish","type":"page","link":"https:\/\/us.edu.pl\/student\/dzialalnosc-studencka\/samorzad-studencki\/wybory-2020-2021\/","title":{"rendered":"WYBORY 2020\/2021"},"content":{"rendered":"<p>[vc_row][vc_column]\r\n                <div class=\"text-modules \">\r\n                    <div class=\"container\">\r\n                         \r\n                        <div class=\"row m-0\">\r\n                            <div class=\"text-modules__content\">\r\n                                <\/p>\n<ul>\n<li><a href=\"https:\/\/us.edu.pl\/student\/wp-content\/uploads\/sites\/3\/dokumenty\/Przew_UKW_kom_senat_2020.docx\" class=\"mtli_attachment mtli_docx\" data-mtli=\"mtli_filesize9,79kB\"><strong>KOMUNIKAT <\/strong>Przewodnicz\u0105cego Uczelnianej Komisji Wyborczej Samorz\u0105du Studenckiego Uniwersytetu \u015al\u0105skiego w Katowicach z dnia 23 pa\u017adziernika 2020 roku w sprawie og\u0142oszenia wybor\u00f3w przedstawicieli student\u00f3w w Senacie Uniwersytetu \u015al\u0105skiego w Katowicach<\/a><\/li>\n<li><a href=\"https:\/\/us.edu.pl\/student\/wp-content\/uploads\/sites\/3\/dokumenty\/UKW_zarz_wybory_2020.docx\" class=\"mtli_attachment mtli_docx\" data-mtli=\"mtli_filesize19,56kB\"><strong>OBWIESZCZENIE<\/strong> Uczelnianej Komisji Wyborczej Samorz\u0105du Studenckiego\u00a0 Uniwersytetu \u015al\u0105skiego w Katowicach z dnia 25 pa\u017adziernika 2020 r. w sprawie og\u0142oszenia wybor\u00f3w do Wydzia\u0142owych Rad Samorz\u0105du Studenckiego oraz Rad Mieszka\u0144c\u00f3w Dom\u00f3w Studenta<\/a><\/li>\n<\/ul>\n<div class=\"mt-3\"><\/div>\r\n                            <\/div>\r\n                            \r\n                            \r\n                        <\/div>\r\n                    <\/div>\r\n                <\/div>\r\n                <div class=\"text-modules \">\r\n                    <div class=\"container\">\r\n                         <h3 class=\"subtitle text-modules__subtitle\">Wzory zg\u0142osze\u0144:<\/h3>\r\n                        <div class=\"row m-0\">\r\n                            <div class=\"text-modules__content\">\r\n                                <\/p>\n<ul>\n<li><a href=\"https:\/\/us.edu.pl\/student\/wp-content\/uploads\/sites\/3\/dokumenty\/wzor_zgl_rni.doc\" class=\"mtli_attachment mtli_doc\" data-mtli=\"mtli_filesize27,00kB\">Zg\u0142oszenie kandydatki\/ta do Rady Naukowej Instytutu<\/a><\/li>\n<li><a href=\"https:\/\/us.edu.pl\/student\/wp-content\/uploads\/sites\/3\/dokumenty\/wzor_zgl_wkks.doc\" class=\"mtli_attachment mtli_doc\" data-mtli=\"mtli_filesize27,00kB\">Zg\u0142oszenie kandydatki\/ta do Wydzia\u0142owej Komisji ds. Kszta\u0142cenia i Student\u00f3w<\/a><\/li>\n<li><a href=\"https:\/\/us.edu.pl\/student\/wp-content\/uploads\/sites\/3\/dokumenty\/wzor_zgl_ridk.doc\" class=\"mtli_attachment mtli_doc\" data-mtli=\"mtli_filesize27,00kB\">Zg\u0142oszenie kandydatki\/ta do Rady Dydaktycznej Kierunku<\/a><\/li>\n<\/ul>\n<div class=\"mt-3\"><\/div>\r\n                            <\/div>\r\n                            \r\n                            \r\n                        <\/div>\r\n                    <\/div>\r\n                <\/div>[\/vc_column][\/vc_row]<\/p>\n<style type=\"text\/css\">a[data-mtli~=\"mtli_filesize9,79kB\"]:after {content:\" (9,79 kB)\"}a[data-mtli~=\"mtli_filesize19,56kB\"]:after {content:\" (19,56 kB)\"}a[data-mtli~=\"mtli_filesize27,00kB\"]:after {content:\" (27,00 kB)\"}<\/style>","protected":false},"excerpt":{"rendered":"<p>[vc_row][vc_column][\/vc_column][\/vc_row] [&#8230;]<\/p>\n<p><a class=\"btn btn-secondary understrap-read-more-link\" href=\"https:\/\/us.edu.pl\/student\/dzialalnosc-studencka\/samorzad-studencki\/wybory-2020-2021\/\">Read More&#8230;<\/a><\/p>\n","protected":false},"author":28,"featured_media":0,"parent":9574,"menu_order":0,"comment_status":"closed","ping_status":"closed","template":"","meta":{"_expiration-date-status":"saved","_expiration-date":0,"_expiration-date-type":"","_expiration-date-categories":[],"_expiration-date-options":[]},"acf":[],"_links":{"self":[{"href":"https:\/\/us.edu.pl\/student\/wp-json\/wp\/v2\/pages\/25752"}],"collection":[{"href":"https:\/\/us.edu.pl\/student\/wp-json\/wp\/v2\/pages"}],"about":[{"href":"https:\/\/us.edu.pl\/student\/wp-json\/wp\/v2\/types\/page"}],"author":[{"embeddable":true,"href":"https:\/\/us.edu.pl\/student\/wp-json\/wp\/v2\/users\/28"}],"replies":[{"embeddable":true,"href":"https:\/\/us.edu.pl\/student\/wp-json\/wp\/v2\/comments?post=25752"}],"version-history":[{"count":0,"href":"https:\/\/us.edu.pl\/student\/wp-json\/wp\/v2\/pages\/25752\/revisions"}],"up":[{"embeddable":true,"href":"https:\/\/us.edu.pl\/student\/wp-json\/wp\/v2\/pages\/9574"}],"wp:attachment":[{"href":"https:\/\/us.edu.pl\/student\/wp-json\/wp\/v2\/media?parent=25752"}],"curies":[{"name":"wp","href":"https:\/\/api.w.org\/{rel}","templated":true}]}}