{"id":32362,"date":"2021-11-08T15:08:49","date_gmt":"2021-11-08T14:08:49","guid":{"rendered":"https:\/\/us.edu.pl\/student\/?page_id=32362"},"modified":"2021-11-15T10:56:49","modified_gmt":"2021-11-15T09:56:49","slug":"barbara-flasz","status":"publish","type":"page","link":"https:\/\/us.edu.pl\/student\/dzialalnosc-studencka\/wyroznienia-jm-rektora-us\/laureaci-xiii-edycji\/doktoranci\/barbara-flasz\/","title":{"rendered":"Barbara Flasz"},"content":{"rendered":"<p>[vc_row][vc_column]\r\n                <div class=\"text-modules \">\r\n                    <div class=\"container\">\r\n                        <h3 class=\"section-title section-title_border-bottom\">Barbara Flasz<\/h3> \r\n                        <div class=\"row m-0\">\r\n                            <div class=\"text-modules__content\">\r\n                                Otrzyma\u0142a Wyr\u00f3\u017cnienie Rektora U\u015a w XIII edycji konkursu za osi\u0105gni\u0119cia naukowe jako doktorantka w dyscyplinie biotechnologia na Wydziale Nauk Przyrodniczych U\u015a. Kieruje w\u0142asnym projektem pozyskanym z Narodowego Centrum Nauki \u201cOcena potencja\u0142u reprodukcyjnego, ekspresji witellogenin i d\u0142ugo\u015bci telomer\u00f3w u modelowego organizmu Acheta domesticus z linii dzikiej i selekcjonowanej w kierunku d\u0142ugowieczno\u015bci, po ekspozycji na tlenek grafenu i\/lub kwas askorbinowy\u201d. Jak podsumowuje sama Autorka, g\u0142\u00f3wnym celem projektu jest ocena skutk\u00f3w d\u0142ugotrwa\u0142ego nara\u017cenia na nanocz\u0105stki tlenku grafenu (GO) w po\u017cywieniu oraz ocena ich wp\u0142ywu na potencja\u0142 reprodukcyjny (na poziomie molekularnym) u gatunku modelowego Acheta domesticus, jak r\u00f3wnie\u017c oszacowanie potencjalnie ochronnego wp\u0142ywu suplementacji witamin\u0105 C na popraw\u0119 kondycji organizmu \u015bwierszcza domowego poddanego intoksykacji GO. W swoim dorobku naukowym Pani Flasz posiada 7 artyku\u0142\u00f3w naukowych, prac\u0119 w zespo\u0142ach naukowych dw\u00f3ch innych grant\u00f3w pozyskanych z NCN oraz wyst\u0105pienia na dziesi\u0119ciu konferencjach mi\u0119dzynarodowych i sze\u015bciu og\u00f3lnopolskich, na kt\u00f3rych zdobywa\u0142a nagrody u wyr\u00f3\u017cnienia za najlepsze wyst\u0105pienia. Otrzyma\u0142a stypendium m.in. Narodowej Agencji Wymiany Akademickiej. Trzykrotnie anga\u017cowa\u0142a si\u0119 w organizacj\u0119 Nocy Biolog\u00f3w (2017, 2018, 2019). Lubi wycieczki g\u00f3rskie i czytanie ksi\u0105\u017cek. \r\n                                <div class=\"mt-3\"><\/div>\r\n                            <\/div>\r\n                            \r\n                            <div class=\"text-modules__img\"><img src=\"https:\/\/us.edu.pl\/student\/wp-content\/uploads\/sites\/3\/Wyr\u00f3\u017cnienia-rektora\/Wyr\u00f3\u017cnienia-2021\/Flasz_B-290x300.jpg\" alt=\"img\"><\/div>\r\n                        <\/div>\r\n                    <\/div>\r\n                <\/div>[\/vc_column][\/vc_row]<\/p>","protected":false},"excerpt":{"rendered":"<p>[vc_row][vc_column][\/vc_column][\/vc_row] [&#8230;]<\/p>\n<p><a class=\"btn btn-secondary understrap-read-more-link\" href=\"https:\/\/us.edu.pl\/student\/dzialalnosc-studencka\/wyroznienia-jm-rektora-us\/laureaci-xiii-edycji\/doktoranci\/barbara-flasz\/\">Read More&#8230;<\/a><\/p>\n","protected":false},"author":28,"featured_media":0,"parent":32330,"menu_order":0,"comment_status":"closed","ping_status":"closed","template":"","meta":{"_expiration-date-status":"saved","_expiration-date":0,"_expiration-date-type":"","_expiration-date-categories":[],"_expiration-date-options":[]},"acf":[],"_links":{"self":[{"href":"https:\/\/us.edu.pl\/student\/wp-json\/wp\/v2\/pages\/32362"}],"collection":[{"href":"https:\/\/us.edu.pl\/student\/wp-json\/wp\/v2\/pages"}],"about":[{"href":"https:\/\/us.edu.pl\/student\/wp-json\/wp\/v2\/types\/page"}],"author":[{"embeddable":true,"href":"https:\/\/us.edu.pl\/student\/wp-json\/wp\/v2\/users\/28"}],"replies":[{"embeddable":true,"href":"https:\/\/us.edu.pl\/student\/wp-json\/wp\/v2\/comments?post=32362"}],"version-history":[{"count":0,"href":"https:\/\/us.edu.pl\/student\/wp-json\/wp\/v2\/pages\/32362\/revisions"}],"up":[{"embeddable":true,"href":"https:\/\/us.edu.pl\/student\/wp-json\/wp\/v2\/pages\/32330"}],"wp:attachment":[{"href":"https:\/\/us.edu.pl\/student\/wp-json\/wp\/v2\/media?parent=32362"}],"curies":[{"name":"wp","href":"https:\/\/api.w.org\/{rel}","templated":true}]}}

<p>[vc_row][vc_column]
                <div class="text-modules ">
                    <div class="container">
                        <h3 class="section-title section-title_border-bottom">Barbara Flasz</h3> 
                        <div class="row m-0">
                            <div class="text-modules__content">
                                Otrzymała Wyróżnienie Rektora UŚ w XIII edycji konkursu za osiągnięcia naukowe jako doktorantka w dyscyplinie biotechnologia na Wydziale Nauk Przyrodniczych UŚ. Kieruje własnym projektem pozyskanym z Narodowego Centrum Nauki “Ocena potencjału reprodukcyjnego, ekspresji witellogenin i długości telomerów u modelowego organizmu Acheta domesticus z linii dzikiej i selekcjonowanej w kierunku długowieczności, po ekspozycji na tlenek grafenu i/lub kwas askorbinowy”. Jak podsumowuje sama Autorka, głównym celem projektu jest ocena skutków długotrwałego narażenia na nanocząstki tlenku grafenu (GO) w pożywieniu oraz ocena ich wpływu na potencjał reprodukcyjny (na poziomie molekularnym) u gatunku modelowego Acheta domesticus, jak również oszacowanie potencjalnie ochronnego wpływu suplementacji witaminą C na poprawę kondycji organizmu świerszcza domowego poddanego intoksykacji GO. W swoim dorobku naukowym Pani Flasz posiada 7 artykułów naukowych, pracę w zespołach naukowych dwóch innych grantów pozyskanych z NCN oraz wystąpienia na dziesięciu konferencjach międzynarodowych i sześciu ogólnopolskich, na których zdobywała nagrody u wyróżnienia za najlepsze wystąpienia. Otrzymała stypendium m.in. Narodowej Agencji Wymiany Akademickiej. Trzykrotnie angażowała się w organizację Nocy Biologów (2017, 2018, 2019). Lubi wycieczki górskie i czytanie książek. 
                                <div class="mt-3"></div>
                            </div>
                            
                            <div class="text-modules__img"><img src="https://us.edu.pl/student/wp-content/uploads/sites/3/Wyróżnienia-rektora/Wyróżnienia-2021/Flasz_B-290x300.jpg" alt="img"></div>
                        </div>
                    </div>
                </div>[/vc_column][/vc_row]</p>
