{"id":32524,"date":"2021-11-10T13:44:01","date_gmt":"2021-11-10T12:44:01","guid":{"rendered":"https:\/\/us.edu.pl\/student\/?page_id=32524"},"modified":"2021-11-15T11:48:24","modified_gmt":"2021-11-15T10:48:24","slug":"oliwia-wieloch","status":"publish","type":"page","link":"https:\/\/us.edu.pl\/student\/dzialalnosc-studencka\/wyroznienia-jm-rektora-us\/laureaci-xiii-edycji\/uniwersytet-slaski-dzieci\/oliwia-wieloch\/","title":{"rendered":"Oliwia Wieloch"},"content":{"rendered":"<p>[vc_row][vc_column]\r\n                <div class=\"text-modules \">\r\n                    <div class=\"container\">\r\n                        <h3 class=\"section-title section-title_border-bottom\">Oliwia Wieloch<\/h3> \r\n                        <div class=\"row m-0\">\r\n                            <div class=\"text-modules__content\">\r\n                                <span class=\"NormalTextRun BCX8 SCXW131339029\">Otrzyma\u0142a Wyr\u00f3\u017cnienie Rektora U\u015a w XIII edycji konkursu<\/span><span class=\"NormalTextRun BCX8 SCXW131339029\">\u00a0jako aktywna studentka\u00a0<\/span><span class=\"NormalTextRun BCX8 SCXW131339029\">w grupie M\u0142odych Naukowc\u00f3w (10-12 lat).<\/span><span class=\"NormalTextRun BCX8 SCXW131339029\">\u00a0W\u015br\u00f3d swoich\u00a0<\/span><span class=\"NormalTextRun BCX8 SCXW131339029\">licznych\u00a0<\/span><span class=\"NormalTextRun BCX8 SCXW131339029\">zainteresowa\u0144 wymienia architektur\u0119, j\u0119zyk japo\u0144ski, wspinaczk\u0119 \u015bciankow\u0105, g\u00f3ry, karate, plastyk\u0119, muzyk\u0119, gr\u0119 na pianinie lub fortepianie<\/span><span class=\"NormalTextRun BCX8 SCXW131339029\">\u00a0oraz<\/span><span class=\"NormalTextRun BCX8 SCXW131339029\">\u00a0gr<\/span><span class=\"NormalTextRun BCX8 SCXW131339029\">\u0119<\/span><span class=\"NormalTextRun BCX8 SCXW131339029\">\u00a0na komputerze &#8211; tworzenie budowli i\u00a0<\/span><span class=\"NormalTextRun BCX8 SCXW131339029\">rollerco<\/span><span class=\"NormalTextRun BCX8 SCXW131339029\">a<\/span><span class=\"NormalTextRun BCX8 SCXW131339029\">ster\u00f3w<\/span><span class=\"NormalTextRun BCX8 SCXW131339029\">. Lubi tak\u017ce\u00a0<\/span><span class=\"NormalTextRun BCX8 SCXW131339029\">LEGO\u00a0<\/span><span class=\"NormalTextRun BCX8 SCXW131339029\">i\u00a0<\/span><span class=\"NormalTextRun BCX8 SCXW131339029\">zwierz\u0105tk<\/span><span class=\"NormalTextRun BCX8 SCXW131339029\">a.\u00a0<\/span><span class=\"NormalTextRun BCX8 SCXW131339029\">Otrzyma\u0142a w<\/span><span class=\"NormalTextRun BCX8 SCXW131339029\">yr\u00f3\u017cnienie w\u00a0<\/span><span class=\"NormalTextRun BCX8 SCXW131339029\">s<\/span><span class=\"NormalTextRun BCX8 SCXW131339029\">zkolnym\u00a0<\/span><span class=\"NormalTextRun BCX8 SCXW131339029\">k<\/span><span class=\"NormalTextRun BCX8 SCXW131339029\">onkursie na\u00a0<\/span><span class=\"NormalTextRun BCX8 SCXW131339029\">w<\/span><span class=\"NormalTextRun BCX8 SCXW131339029\">\u0142asn\u0105\u00a0<\/span><span class=\"NormalTextRun BCX8 SCXW131339029\">i<\/span><span class=\"NormalTextRun BCX8 SCXW131339029\">nterpretacj\u0119\u00a0<\/span><span class=\"NormalTextRun BCX8 SCXW131339029\">u<\/span><span class=\"NormalTextRun BCX8 SCXW131339029\">twor\u00f3w Fryderyka Chopina<\/span><span class=\"NormalTextRun BCX8 SCXW131339029\">, s<\/span><span class=\"NormalTextRun BCX8 SCXW131339029\">pecjalne wyr\u00f3\u017cnienie w Og\u00f3lnopolskim Konkursie Literackim &#8222;OKNO&#8221;<\/span><span class=\"NormalTextRun BCX8 SCXW131339029\">, w<\/span><span class=\"NormalTextRun BCX8 SCXW131339029\">ysokie miejsca w rankingach\u00a0<\/span><span class=\"NormalTextRun BCX8 SCXW131339029\">o<\/span><span class=\"NormalTextRun BCX8 SCXW131339029\">g\u00f3lnopolskich konkurs\u00f3w z matematyki i j\u0119zyka polskiego<\/span><span class=\"NormalTextRun BCX8 SCXW131339029\">\u00a0oraz c<\/span><span class=\"NormalTextRun BCX8 SCXW131339029\">oroczne wyr\u00f3\u017cnienia za najlepsze wyniki w nauce przy \u015bredniej ocen powy\u017cej 5.5<\/span><span class=\"NormalTextRun BCX8 SCXW131339029\">. Mo\u017ce poszczyci\u0107 si\u0119 tak\u017ce n<\/span><span class=\"NormalTextRun BCX8 SCXW131339029\">agrod<\/span><span class=\"NormalTextRun BCX8 SCXW131339029\">ami<\/span><span class=\"NormalTextRun BCX8 SCXW131339029\">\u00a0w konkursach plastycznych oraz sportowych organizowanych w Domach\u00a0<\/span><span class=\"NormalTextRun BCX8 SCXW131339029\">Kultury, na obozach sportowych oraz konkursach szkolnych<\/span> \r\n                                <div class=\"mt-3\"><\/div>\r\n                            <\/div>\r\n                            \r\n                            <div class=\"text-modules__img\"><img src=\"https:\/\/us.edu.pl\/student\/wp-content\/uploads\/sites\/3\/Wyr\u00f3\u017cnienia-rektora\/Wyr\u00f3\u017cnienia-2021\/WielochOliwia-175x300.jpg\" alt=\"img\"><\/div>\r\n                        <\/div>\r\n                    <\/div>\r\n                <\/div>[\/vc_column][\/vc_row]<\/p>","protected":false},"excerpt":{"rendered":"<p>[vc_row][vc_column][\/vc_column][\/vc_row] [&#8230;]<\/p>\n<p><a class=\"btn btn-secondary understrap-read-more-link\" href=\"https:\/\/us.edu.pl\/student\/dzialalnosc-studencka\/wyroznienia-jm-rektora-us\/laureaci-xiii-edycji\/uniwersytet-slaski-dzieci\/oliwia-wieloch\/\">Read More&#8230;<\/a><\/p>\n","protected":false},"author":28,"featured_media":0,"parent":32510,"menu_order":0,"comment_status":"closed","ping_status":"closed","template":"","meta":{"_expiration-date-status":"saved","_expiration-date":0,"_expiration-date-type":"","_expiration-date-categories":[],"_expiration-date-options":[]},"acf":[],"_links":{"self":[{"href":"https:\/\/us.edu.pl\/student\/wp-json\/wp\/v2\/pages\/32524"}],"collection":[{"href":"https:\/\/us.edu.pl\/student\/wp-json\/wp\/v2\/pages"}],"about":[{"href":"https:\/\/us.edu.pl\/student\/wp-json\/wp\/v2\/types\/page"}],"author":[{"embeddable":true,"href":"https:\/\/us.edu.pl\/student\/wp-json\/wp\/v2\/users\/28"}],"replies":[{"embeddable":true,"href":"https:\/\/us.edu.pl\/student\/wp-json\/wp\/v2\/comments?post=32524"}],"version-history":[{"count":0,"href":"https:\/\/us.edu.pl\/student\/wp-json\/wp\/v2\/pages\/32524\/revisions"}],"up":[{"embeddable":true,"href":"https:\/\/us.edu.pl\/student\/wp-json\/wp\/v2\/pages\/32510"}],"wp:attachment":[{"href":"https:\/\/us.edu.pl\/student\/wp-json\/wp\/v2\/media?parent=32524"}],"curies":[{"name":"wp","href":"https:\/\/api.w.org\/{rel}","templated":true}]}}