{"id":34367,"date":"2022-03-22T16:55:00","date_gmt":"2022-03-22T15:55:00","guid":{"rendered":"https:\/\/us.edu.pl\/student\/?page_id=34367"},"modified":"2022-03-22T16:57:23","modified_gmt":"2022-03-22T15:57:23","slug":"studencka-strefa-aktywnosci","status":"publish","type":"page","link":"https:\/\/us.edu.pl\/student\/wsparcie-i-fundusze\/dostosowanie-do-specjalnych-potrzeb\/studencka-strefa-aktywnosci\/","title":{"rendered":"Studencka Strefa Aktywno\u015bci"},"content":{"rendered":"<p>[vc_row][vc_column]\r\n                <div class=\"text-modules\">\r\n                    <div class=\"container\">\r\n                        <h3 class=\"page-title text__title\">Studencka Strefa Aktywno\u015bci<\/h3>\r\n                        <div class=\"text-modules__content\"><\/p>\n<p style=\"text-align: left;\"><strong>Studencka Strefa Aktywno\u015bci<\/strong> to miejsce, w kt\u00f3rym za\u0142atwisz wszystkie sprawy zwi\u0105zane z Twoj\u0105 dzia\u0142alno\u015bci\u0105 studenck\u0105 (np. ko\u0142em naukowym, konferencj\u0105 czy grantem), a tak\u017ce uzyskasz wsparcie prawne oraz wszystkie informacje na temat stypendi\u00f3w, pomocy materialnej i akademik\u00f3w. Spotkasz tutaj swojego doradc\u0119 zawodowego i coacha oraz psychologa. Uzyskasz tak\u017ce informacje dotycz\u0105ce dostosowania organizacji studi\u00f3w i bada\u0144 naukowych do potrzeb os\u00f3b z niepe\u0142nosprawno\u015bciami. S\u0142owem \u2013 wszystkie Twoje sprawy, przynale\u017c\u0105ce do administracji og\u00f3lnouczelnianej oraz zwi\u0105zane z Twoim rozwojem, za\u0142atwisz w Studenckiej Strefie Aktywno\u015bci, czyli na parterze rektoratu (Katowice, ul. Bankowa 12).<\/p>\n<p><iframe loading=\"lazy\" title=\"Studencka Strefa Aktywno\u015bci \u2013 Kr\u00f3lestwo Flaming\u00f3w\" width=\"640\" height=\"360\" src=\"https:\/\/www.youtube.com\/embed\/G1aSr6sTEfA?feature=oembed\" frameborder=\"0\" allow=\"accelerometer; autoplay; clipboard-write; encrypted-media; gyroscope; picture-in-picture\" allowfullscreen><\/iframe><\/p>\n<p>\n<\/div>\r\n                    <\/div>\r\n                <\/div>[\/vc_column][\/vc_row]<\/p>","protected":false},"excerpt":{"rendered":"<p>[vc_row][vc_column][\/vc_column][\/vc_row] [&#8230;]<\/p>\n<p><a class=\"btn btn-secondary understrap-read-more-link\" href=\"https:\/\/us.edu.pl\/student\/wsparcie-i-fundusze\/dostosowanie-do-specjalnych-potrzeb\/studencka-strefa-aktywnosci\/\">Read More&#8230;<\/a><\/p>\n","protected":false},"author":28,"featured_media":0,"parent":9188,"menu_order":0,"comment_status":"closed","ping_status":"closed","template":"","meta":{"_expiration-date-status":"saved","_expiration-date":0,"_expiration-date-type":"","_expiration-date-categories":[],"_expiration-date-options":[]},"acf":[],"_links":{"self":[{"href":"https:\/\/us.edu.pl\/student\/wp-json\/wp\/v2\/pages\/34367"}],"collection":[{"href":"https:\/\/us.edu.pl\/student\/wp-json\/wp\/v2\/pages"}],"about":[{"href":"https:\/\/us.edu.pl\/student\/wp-json\/wp\/v2\/types\/page"}],"author":[{"embeddable":true,"href":"https:\/\/us.edu.pl\/student\/wp-json\/wp\/v2\/users\/28"}],"replies":[{"embeddable":true,"href":"https:\/\/us.edu.pl\/student\/wp-json\/wp\/v2\/comments?post=34367"}],"version-history":[{"count":0,"href":"https:\/\/us.edu.pl\/student\/wp-json\/wp\/v2\/pages\/34367\/revisions"}],"up":[{"embeddable":true,"href":"https:\/\/us.edu.pl\/student\/wp-json\/wp\/v2\/pages\/9188"}],"wp:attachment":[{"href":"https:\/\/us.edu.pl\/student\/wp-json\/wp\/v2\/media?parent=34367"}],"curies":[{"name":"wp","href":"https:\/\/api.w.org\/{rel}","templated":true}]}}