{"id":35649,"date":"2022-06-03T10:01:20","date_gmt":"2022-06-03T08:01:20","guid":{"rendered":"https:\/\/us.edu.pl\/student\/?page_id=35649"},"modified":"2022-06-06T12:28:46","modified_gmt":"2022-06-06T10:28:46","slug":"anna-depta","status":"publish","type":"page","link":"https:\/\/us.edu.pl\/student\/dzialalnosc-studencka\/wyroznienia-jm-rektora-us\/laureaci-poprzednich-edycji\/laureaci-xiv-edycji\/doktoranci\/anna-depta\/","title":{"rendered":"Anna Depta"},"content":{"rendered":"<p>[vc_row][vc_column]\r\n                <div class=\"text-modules \">\r\n                    <div class=\"container\">\r\n                         <h3 class=\"subtitle text-modules__subtitle\">Anna Depta<\/h3>\r\n                        <div class=\"row m-0\">\r\n                            <div class=\"text-modules__content\">\r\n                                <span class=\"TextRun SCXW176991080 BCX8\" lang=\"PL-PL\" xml:lang=\"PL-PL\" data-contrast=\"none\"><span class=\"NormalTextRun SCXW176991080 BCX8\">Otrzyma\u0142a Wyr\u00f3\u017cnienie Rektora U\u015a w XIV edycji konkursu za dzia\u0142alno\u015b\u0107 popularnonaukow\u0105 oraz osi\u0105gni\u0119cia naukowe jako doktorantka w dyscyplinie\u00a0<\/span><span class=\"NormalTextRun SCXW176991080 BCX8\">literaturoznawstwo<\/span><span class=\"NormalTextRun SCXW176991080 BCX8\">\u00a0na Wydziale Humanistycznym U\u015a. Prowadzi\u0142a prelekcje dla r\u00f3\u017cnych grup odbiorc\u00f3w. Koordynatorka licznych wydarze\u0144 popularyzuj\u0105cych wiedz\u0119 dla licealist\u00f3w, m.in. <\/span><span class=\"NormalTextRun SCXW176991080 BCX8\">bloku humanistycznego podczas Nocy Naukowc\u00f3w z U\u015a organizowanej przez AZSO w Chorzowie.\u00a0Ponadto w<\/span><span class=\"NormalTextRun SCXW176991080 BCX8\">sp\u00f3\u0142pracowa\u0142a z <\/span><span class=\"NormalTextRun SCXW176991080 BCX8\">Fundacj\u0105 Wiedzy i Dialogu Spo\u0142ecznego <\/span><span class=\"SpellingError SCXW176991080 BCX8\">Agere<\/span><span class=\"NormalTextRun SCXW176991080 BCX8\"> Aude <\/span><span class=\"NormalTextRun SCXW176991080 BCX8\">koordynuj\u0105c warsztaty \u201c<\/span><span class=\"NormalTextRun SCXW176991080 BCX8\">Wybierz kultur\u0119, z hejtem nie jeste\u015b sob\u0105!\u201d w ramach programu \u201eOjczysty \u2013 dodaj do ulubionych\u201d (2020). Autorka artyku\u0142\u00f3w popularnonaukowych, m.in. w czasopi\u015bmie Opcje. W swoim dorobku naukowym mo\u017ce wymieni\u0107 3 artyku\u0142y naukowe, 5 rozdzia\u0142\u00f3w ksi\u0105\u017ckowych, wsp\u00f3\u0142redakcj\u0119 monografii zbiorowej \u201eOblicza wampiryzmu\u201d oraz wyst\u0105pienia na 3 konferencjach naukowych mi\u0119dzynarodowych i 6 og\u00f3lnopolskich. By\u0142a zaanga\u017cowana w organizacj\u0119 kilku wydarze\u0144 naukowych, w tym m.in. konferencji naukowej \u201eEwaluacje literatury \u2013 krytyka, teoria, historia\u201d (2019). Od 2014 roku cz\u0142onkini Stowarzyszenia Badaczy Popkultury i Edukacji Popkulturowej \u201e<\/span><span class=\"SpellingError SCXW176991080 BCX8\">Trickster<\/span><span class=\"NormalTextRun SCXW176991080 BCX8\">\u201d. Jej pasj\u0105 s\u0105 gry planszowe, pokoje zagadek, kino kostiumowe i oczywi\u015bcie literatura.<\/span><\/span><span class=\"EOP SCXW176991080 BCX8\" data-ccp-props=\"{&quot;201341983&quot;:0,&quot;335551550&quot;:1,&quot;335551620&quot;:1,&quot;335559739&quot;:0,&quot;335559740&quot;:360}\">\u00a0<\/span> \r\n                                <div class=\"mt-3\"><\/div>\r\n                            <\/div>\r\n                            \r\n                            <div class=\"text-modules__img\"><img src=\"https:\/\/us.edu.pl\/student\/wp-content\/uploads\/sites\/3\/Wyroznienia-rektora\/wyroznieni-z-lat-poprzednich\/Laureaci-2022\/Depta-2-225x300.jpg\" alt=\"img\"><\/div>\r\n                        <\/div>\r\n                    <\/div>\r\n                <\/div>[\/vc_column][\/vc_row]<\/p>","protected":false},"excerpt":{"rendered":"<p>[vc_row][vc_column][\/vc_column][\/vc_row] [&#8230;]<\/p>\n<p><a class=\"btn btn-secondary understrap-read-more-link\" href=\"https:\/\/us.edu.pl\/student\/dzialalnosc-studencka\/wyroznienia-jm-rektora-us\/laureaci-poprzednich-edycji\/laureaci-xiv-edycji\/doktoranci\/anna-depta\/\">Read More&#8230;<\/a><\/p>\n","protected":false},"author":28,"featured_media":0,"parent":35637,"menu_order":0,"comment_status":"closed","ping_status":"closed","template":"","meta":{"_expiration-date-status":"","_expiration-date":0,"_expiration-date-type":"","_expiration-date-categories":[],"_expiration-date-options":[]},"acf":[],"_links":{"self":[{"href":"https:\/\/us.edu.pl\/student\/wp-json\/wp\/v2\/pages\/35649"}],"collection":[{"href":"https:\/\/us.edu.pl\/student\/wp-json\/wp\/v2\/pages"}],"about":[{"href":"https:\/\/us.edu.pl\/student\/wp-json\/wp\/v2\/types\/page"}],"author":[{"embeddable":true,"href":"https:\/\/us.edu.pl\/student\/wp-json\/wp\/v2\/users\/28"}],"replies":[{"embeddable":true,"href":"https:\/\/us.edu.pl\/student\/wp-json\/wp\/v2\/comments?post=35649"}],"version-history":[{"count":2,"href":"https:\/\/us.edu.pl\/student\/wp-json\/wp\/v2\/pages\/35649\/revisions"}],"predecessor-version":[{"id":35799,"href":"https:\/\/us.edu.pl\/student\/wp-json\/wp\/v2\/pages\/35649\/revisions\/35799"}],"up":[{"embeddable":true,"href":"https:\/\/us.edu.pl\/student\/wp-json\/wp\/v2\/pages\/35637"}],"wp:attachment":[{"href":"https:\/\/us.edu.pl\/student\/wp-json\/wp\/v2\/media?parent=35649"}],"curies":[{"name":"wp","href":"https:\/\/api.w.org\/{rel}","templated":true}]}}