{"id":35661,"date":"2022-06-03T10:09:17","date_gmt":"2022-06-03T08:09:17","guid":{"rendered":"https:\/\/us.edu.pl\/student\/?page_id=35661"},"modified":"2022-06-06T12:54:44","modified_gmt":"2022-06-06T10:54:44","slug":"agnieszka-pajak","status":"publish","type":"page","link":"https:\/\/us.edu.pl\/student\/dzialalnosc-studencka\/wyroznienia-jm-rektora-us\/laureaci-poprzednich-edycji\/laureaci-xiv-edycji\/doktoranci\/agnieszka-pajak\/","title":{"rendered":"Agnieszka Paj\u0105k"},"content":{"rendered":"<p>[vc_row][vc_column]\r\n                <div class=\"text-modules \">\r\n                    <div class=\"container\">\r\n                         <h3 class=\"subtitle text-modules__subtitle\">Agnieszka Paj\u0105k<\/h3>\r\n                        <div class=\"row m-0\">\r\n                            <div class=\"text-modules__content\">\r\n                                <span class=\"TextRun SCXW104808134 BCX8\" lang=\"PL-PL\" xml:lang=\"PL-PL\" data-contrast=\"none\"><span class=\"NormalTextRun SCXW104808134 BCX8\">Otrzyma\u0142a Wyr\u00f3\u017cnienie Rektora U\u015a w XIV edycji konkursu za osi\u0105gni\u0119cia naukowe jako doktorantka w dyscyplinie <\/span><\/span><span class=\"TextRun SCXW104808134 BCX8\" lang=\"PL-PL\" xml:lang=\"PL-PL\" data-contrast=\"none\"><span class=\"NormalTextRun SCXW104808134 BCX8\">nauki chemiczne<\/span><\/span><span class=\"TextRun SCXW104808134 BCX8\" lang=\"PL-PL\" xml:lang=\"PL-PL\" data-contrast=\"none\"><span class=\"NormalTextRun SCXW104808134 BCX8\"> na Wydziale\u00a0<\/span><span class=\"NormalTextRun SCXW104808134 BCX8\">Nauk \u015acis\u0142ych i Technicznych<\/span><span class=\"NormalTextRun SCXW104808134 BCX8\">\u00a0U\u015a. Jej praca magisterska uzyska\u0142a n<\/span><span class=\"NormalTextRun SCXW104808134 BCX8\">agrod\u0119 w konkursie Polskiego Towarzystwa Chemicznego za najlepsz\u0105 prac\u0119 magistersk\u0105 obronion\u0105 w Instytucie Chemii U\u015a w roku akademickim\u00a02017\/18. <\/span><span class=\"NormalTextRun SCXW104808134 BCX8\">W swoim dorobku naukowym posiada 12 artyku\u0142\u00f3w naukowych. By\u0142a wykonawc\u0105 w projekcie NCN \u201cO<\/span><span class=\"NormalTextRun SCXW104808134 BCX8\">trzymywanie\u00a0\u00a0 i\u00a0\u00a0 charakterystyka\u00a0\u00a0 nowych\u00a0\u00a0 materia\u0142\u00f3w do\u00a0 <\/span><span class=\"SpellingError SCXW104808134 BCX8\">perowskitowych<\/span><span class=\"NormalTextRun SCXW104808134 BCX8\">\u00a0ogniw\u00a0s\u0142onecznych\u201d. Wyst\u0105pi\u0142a na 4 konferencjach mi\u0119dzynarodowych oraz 5\u00a0og\u00f3lnopolskich. Zrealizowa\u0142a 3 sta\u017ce naukowe. Zaanga\u017cowana w popularyzacj\u0119 nauk chemicznych podczas 3. \u015al\u0105skiego Festiwalu Nauki KATOWICE oraz jako jedna z realizatorek XIV Og\u00f3lnopolskiego Konkursu Chemicznego. W\u015br\u00f3d swoich pasji poza chemi\u0105 wymienia ksi\u0105\u017cki (od naukowych po fantastyk\u0119) oraz uk\u0142adanie puzzli. Jej mottem s\u0105 s\u0142owa: \u201eJe\u015bli masz dwie drogi do wyboru, wybieraj zawsze drog\u0119 trudniejsz\u0105 dla ciebie.\u201d<\/span><\/span><span class=\"EOP SCXW104808134 BCX8\" data-ccp-props=\"{&quot;201341983&quot;:0,&quot;335551550&quot;:1,&quot;335551620&quot;:1,&quot;335559739&quot;:0,&quot;335559740&quot;:360}\">\u00a0<\/span> \r\n                                <div class=\"mt-3\"><\/div>\r\n                            <\/div>\r\n                            \r\n                            <div class=\"text-modules__img\"><img src=\"https:\/\/us.edu.pl\/student\/wp-content\/uploads\/sites\/3\/Wyroznienia-rektora\/wyroznieni-z-lat-poprzednich\/Laureaci-2022\/Pajak-211x300.jpg\" alt=\"img\"><\/div>\r\n                        <\/div>\r\n                    <\/div>\r\n                <\/div>[\/vc_column][\/vc_row]<\/p>","protected":false},"excerpt":{"rendered":"<p>[vc_row][vc_column][\/vc_column][\/vc_row] [&#8230;]<\/p>\n<p><a class=\"btn btn-secondary understrap-read-more-link\" href=\"https:\/\/us.edu.pl\/student\/dzialalnosc-studencka\/wyroznienia-jm-rektora-us\/laureaci-poprzednich-edycji\/laureaci-xiv-edycji\/doktoranci\/agnieszka-pajak\/\">Read More&#8230;<\/a><\/p>\n","protected":false},"author":28,"featured_media":0,"parent":35637,"menu_order":0,"comment_status":"closed","ping_status":"closed","template":"","meta":{"_expiration-date-status":"","_expiration-date":0,"_expiration-date-type":"","_expiration-date-categories":[],"_expiration-date-options":[]},"acf":[],"_links":{"self":[{"href":"https:\/\/us.edu.pl\/student\/wp-json\/wp\/v2\/pages\/35661"}],"collection":[{"href":"https:\/\/us.edu.pl\/student\/wp-json\/wp\/v2\/pages"}],"about":[{"href":"https:\/\/us.edu.pl\/student\/wp-json\/wp\/v2\/types\/page"}],"author":[{"embeddable":true,"href":"https:\/\/us.edu.pl\/student\/wp-json\/wp\/v2\/users\/28"}],"replies":[{"embeddable":true,"href":"https:\/\/us.edu.pl\/student\/wp-json\/wp\/v2\/comments?post=35661"}],"version-history":[{"count":2,"href":"https:\/\/us.edu.pl\/student\/wp-json\/wp\/v2\/pages\/35661\/revisions"}],"predecessor-version":[{"id":35816,"href":"https:\/\/us.edu.pl\/student\/wp-json\/wp\/v2\/pages\/35661\/revisions\/35816"}],"up":[{"embeddable":true,"href":"https:\/\/us.edu.pl\/student\/wp-json\/wp\/v2\/pages\/35637"}],"wp:attachment":[{"href":"https:\/\/us.edu.pl\/student\/wp-json\/wp\/v2\/media?parent=35661"}],"curies":[{"name":"wp","href":"https:\/\/api.w.org\/{rel}","templated":true}]}}