{"id":35724,"date":"2022-06-06T09:41:06","date_gmt":"2022-06-06T07:41:06","guid":{"rendered":"https:\/\/us.edu.pl\/student\/?page_id=35724"},"modified":"2022-06-07T14:53:32","modified_gmt":"2022-06-07T12:53:32","slug":"katarzyna-main","status":"publish","type":"page","link":"https:\/\/us.edu.pl\/student\/dzialalnosc-studencka\/wyroznienia-jm-rektora-us\/laureaci-poprzednich-edycji\/laureaci-xiv-edycji\/studenci\/katarzyna-main\/","title":{"rendered":"Katarzyna Main"},"content":{"rendered":"<p>[vc_row][vc_column]\r\n                <div class=\"text-modules \">\r\n                    <div class=\"container\">\r\n                         <h3 class=\"subtitle text-modules__subtitle\">Katarzyna Main<\/h3>\r\n                        <div class=\"row m-0\">\r\n                            <div class=\"text-modules__content\">\r\n                                Otrzyma\u0142a Wyr\u00f3\u017cnienie Rektora U\u015a w XIV edycji konkursu za osi\u0105gni\u0119cia artystyczne jako studentka grafiki na Wydziale Sztuki i Nauk o Edukacji U\u015a. Pomaga\u0142a w organizacji m.in. V Przegl\u0105du Tw\u00f3rczo\u015bci Student\u00f3w Art+ (2019), wsp\u00f3\u0142tworzy\u0142a wystaw\u0119 fotograficzn\u0105 &#8222;Nami\u0119tno\u015b\u0107 Formy&#8221; (2019). Jest autork\u0105 zdj\u0119\u0107 promuj\u0105cych ok\u0142adk\u0119 p\u0142yty zespo\u0142u Redakcja (2019), singiel zespo\u0142u Ch\u0142odno (2021), audycje w radiu JazzKultura (2021). Zaprojektowa\u0142a grafik\u0119 promuj\u0105c\u0105 rekrutacj\u0119 na WSiNE (2021), plakat, infografik\u0119 i grafik\u0119 promuj\u0105c\u0105 Pszczy\u0144skie Forum Nauki 2021 \u201eCo nam zosta\u0142o z Einsteina&#8221;. Uczestniczka i wystawca podczas wystawy studenckiej &#8222;Studiujemy w Cieszynie&#8221; (2021). Jej prace by\u0142y prezentowane m. in. podczas wystaw takich jak: &#8222;Utalentowani&#8221; \u2012\u00a0 fotografia (2021), mi\u0119dzynarodowy festiwal fotografii &#8222;FotoArtFestival&#8221; (Bielsko-Bia\u0142a, 2019 i 2021), mi\u0119dzynarodowy konkurs Ex Librisu &#8222;Ex Spirit&#8221; \u2012\u00a0 ex libris (P\u00f3\u0142nocny Cypr\/Cieszyn, 2019), mi\u0119dzynarodowy przegl\u0105d Ex Librisu &#8222;ExDigitalis&#8221; \u2012\u00a0 ex libris (Toru\u0144, 2019), mi\u0119dzynarodowa wystawa plakatu &#8222;Jazz w ruinach&#8221; (Gliwice, strony internetowe, 2020 oraz 2021), mi\u0119dzynarodowa wystawa grafiki &#8222;Alone Together&#8221; (Pensylwania, USA; 2021), og\u00f3lnopolskie biennale fotografii &#8222;Kocha\u0107 cz\u0142owieka&#8221; (O\u015bwi\u0119cim, 2021), mi\u0119dzynarodowa wystawa plakatu &#8222;Ogaki Poster Museum Japan&#8221; (2022), mi\u0119dzynarodowy projekt fotograficzny NoBordersAward (Polska, S\u0142owacja, Czechy, W\u0119gry, 2021-2022). Jej prace uzyska\u0142y wyr\u00f3\u017cnienia w kraju i za granic\u0105, m.in. wyr\u00f3\u017cnienie w\u00a0 og\u00f3lnopolskim konkursie graficznym &#8222;Odbite w Olzie&#8221; (Katowice, 2019), mi\u0119dzynarodowym konkursie fotograficznym &#8222;Discover Europe&#8221; (Warszawa, 2021), PCU COMMITTEE Photo Contest 2021 (Belgia, Szwajcaria 2022). Opr\u00f3cz licznych aktywno\u015bci kulturalnych i artystycznych anga\u017cuje si\u0119 r\u00f3wnie\u017c w sport, m.in. jest czynnym instruktorem narciarstwa zjazdowego SiTN PZN oraz prowadzi szkolenia z zakresu \u017ceglarstwa. Stypendystka Ministra 2020\/2021. W\u015br\u00f3d swoich pasji wymienia trekking wysokog\u00f3rski, narciarstwo zjazdowe i \u017ceglarstwo. \r\n                                <div class=\"mt-3\"><\/div>\r\n                            <\/div>\r\n                            \r\n                            <div class=\"text-modules__img\"><img src=\"https:\/\/us.edu.pl\/student\/wp-content\/uploads\/sites\/3\/Wyroznienia-rektora\/wyroznieni-z-lat-poprzednich\/Laureaci-2022\/Main-2-225x300.jpg\" alt=\"img\"><\/div>\r\n                        <\/div>\r\n                    <\/div>\r\n                <\/div>[\/vc_column][\/vc_row]<\/p>","protected":false},"excerpt":{"rendered":"<p>[vc_row][vc_column][\/vc_column][\/vc_row] [&#8230;]<\/p>\n<p><a class=\"btn btn-secondary understrap-read-more-link\" href=\"https:\/\/us.edu.pl\/student\/dzialalnosc-studencka\/wyroznienia-jm-rektora-us\/laureaci-poprzednich-edycji\/laureaci-xiv-edycji\/studenci\/katarzyna-main\/\">Read More&#8230;<\/a><\/p>\n","protected":false},"author":28,"featured_media":0,"parent":35675,"menu_order":0,"comment_status":"closed","ping_status":"closed","template":"","meta":{"_expiration-date-status":"","_expiration-date":0,"_expiration-date-type":"","_expiration-date-categories":[],"_expiration-date-options":[]},"acf":[],"_links":{"self":[{"href":"https:\/\/us.edu.pl\/student\/wp-json\/wp\/v2\/pages\/35724"}],"collection":[{"href":"https:\/\/us.edu.pl\/student\/wp-json\/wp\/v2\/pages"}],"about":[{"href":"https:\/\/us.edu.pl\/student\/wp-json\/wp\/v2\/types\/page"}],"author":[{"embeddable":true,"href":"https:\/\/us.edu.pl\/student\/wp-json\/wp\/v2\/users\/28"}],"replies":[{"embeddable":true,"href":"https:\/\/us.edu.pl\/student\/wp-json\/wp\/v2\/comments?post=35724"}],"version-history":[{"count":4,"href":"https:\/\/us.edu.pl\/student\/wp-json\/wp\/v2\/pages\/35724\/revisions"}],"predecessor-version":[{"id":35840,"href":"https:\/\/us.edu.pl\/student\/wp-json\/wp\/v2\/pages\/35724\/revisions\/35840"}],"up":[{"embeddable":true,"href":"https:\/\/us.edu.pl\/student\/wp-json\/wp\/v2\/pages\/35675"}],"wp:attachment":[{"href":"https:\/\/us.edu.pl\/student\/wp-json\/wp\/v2\/media?parent=35724"}],"curies":[{"name":"wp","href":"https:\/\/api.w.org\/{rel}","templated":true}]}}

<p>[vc_row][vc_column]
                <div class="text-modules ">
                    <div class="container">
                         <h3 class="subtitle text-modules__subtitle">Katarzyna Main</h3>
                        <div class="row m-0">
                            <div class="text-modules__content">
                                Otrzymała Wyróżnienie Rektora UŚ w XIV edycji konkursu za osiągnięcia artystyczne jako studentka grafiki na Wydziale Sztuki i Nauk o Edukacji UŚ. Pomagała w organizacji m.in. V Przeglądu Twórczości Studentów Art+ (2019), współtworzyła wystawę fotograficzną &#8222;Namiętność Formy&#8221; (2019). Jest autorką zdjęć promujących okładkę płyty zespołu Redakcja (2019), singiel zespołu Chłodno (2021), audycje w radiu JazzKultura (2021). Zaprojektowała grafikę promującą rekrutację na WSiNE (2021), plakat, infografikę i grafikę promującą Pszczyńskie Forum Nauki 2021 „Co nam zostało z Einsteina&#8221;. Uczestniczka i wystawca podczas wystawy studenckiej &#8222;Studiujemy w Cieszynie&#8221; (2021). Jej prace były prezentowane m. in. podczas wystaw takich jak: &#8222;Utalentowani&#8221; ‒  fotografia (2021), międzynarodowy festiwal fotografii &#8222;FotoArtFestival&#8221; (Bielsko-Biała, 2019 i 2021), międzynarodowy konkurs Ex Librisu &#8222;Ex Spirit&#8221; ‒  ex libris (Północny Cypr/Cieszyn, 2019), międzynarodowy przegląd Ex Librisu &#8222;ExDigitalis&#8221; ‒  ex libris (Toruń, 2019), międzynarodowa wystawa plakatu &#8222;Jazz w ruinach&#8221; (Gliwice, strony internetowe, 2020 oraz 2021), międzynarodowa wystawa grafiki &#8222;Alone Together&#8221; (Pensylwania, USA; 2021), ogólnopolskie biennale fotografii &#8222;Kochać człowieka&#8221; (Oświęcim, 2021), międzynarodowa wystawa plakatu &#8222;Ogaki Poster Museum Japan&#8221; (2022), międzynarodowy projekt fotograficzny NoBordersAward (Polska, Słowacja, Czechy, Węgry, 2021-2022). Jej prace uzyskały wyróżnienia w kraju i za granicą, m.in. wyróżnienie w  ogólnopolskim konkursie graficznym &#8222;Odbite w Olzie&#8221; (Katowice, 2019), międzynarodowym konkursie fotograficznym &#8222;Discover Europe&#8221; (Warszawa, 2021), PCU COMMITTEE Photo Contest 2021 (Belgia, Szwajcaria 2022). Oprócz licznych aktywności kulturalnych i artystycznych angażuje się również w sport, m.in. jest czynnym instruktorem narciarstwa zjazdowego SiTN PZN oraz prowadzi szkolenia z zakresu żeglarstwa. Stypendystka Ministra 2020/2021. Wśród swoich pasji wymienia trekking wysokogórski, narciarstwo zjazdowe i żeglarstwo. 
                                <div class="mt-3"></div>
                            </div>
                            
                            <div class="text-modules__img"><img src="https://us.edu.pl/student/wp-content/uploads/sites/3/Wyroznienia-rektora/wyroznieni-z-lat-poprzednich/Laureaci-2022/Main-2-225x300.jpg" alt="img"></div>
                        </div>
                    </div>
                </div>[/vc_column][/vc_row]</p>
