{"id":35899,"date":"2022-06-09T13:58:09","date_gmt":"2022-06-09T11:58:09","guid":{"rendered":"https:\/\/us.edu.pl\/student\/?page_id=35899"},"modified":"2022-06-09T14:00:09","modified_gmt":"2022-06-09T12:00:09","slug":"halina-cwiklinska","status":"publish","type":"page","link":"https:\/\/us.edu.pl\/student\/dzialalnosc-studencka\/wyroznienia-jm-rektora-us\/laureaci-poprzednich-edycji\/laureaci-xiv-edycji\/uniwersytet-trzeciego-wieku\/halina-cwiklinska\/","title":{"rendered":"Halina \u0106wikli\u0144ska"},"content":{"rendered":"<p>[vc_row][vc_column]\r\n                <div class=\"text-modules \">\r\n                    <div class=\"container\">\r\n                         <h3 class=\"subtitle text-modules__subtitle\">Halina \u0106wikli\u0144ska<\/h3>\r\n                        <div class=\"row m-0\">\r\n                            <div class=\"text-modules__content\">\r\n                                Jak sama m\u00f3wi, swoj\u0105 przygod\u0119 z Uniwersytetem Trzeciego Wieku w Uniwersytecie \u015al\u0105skim rozpocz\u0119\u0142a w 2007 roku. Od samego pocz\u0105tku bardzo anga\u017cowa\u0142a si\u0119 w dzia\u0142alno\u015b\u0107 tej jednostki. Uniwersytet jest dla Pani Haliny przestrzeni\u0105, w kt\u00f3rej mo\u017ce si\u0119 ka\u017cdego dnia doskonali\u0107, poznawa\u0107 nowych ludzi oraz poszerza\u0107 swoj\u0105 wiedz\u0119 i horyzonty. To miejsce, w kt\u00f3rym z przyjemno\u015bci\u0105 sp\u0119dza ka\u017cd\u0105 woln\u0105 chwil\u0119. Od 2010 roku dzia\u0142a aktywnie w\u00a0Samorz\u0105dzie UTW\u00a0&#8211; jest odpowiedzialna za nauk\u0119 oraz opiek\u0119 nad grupami zaj\u0119ciowymi z nauki o komputerach. By\u0142a cz\u0142onkini\u0105 Komisji Rewizyjnej w ramach Samorz\u0105du.\u00a0Wspiera biuro UTW w zakresie koordynacji kolporta\u017cu bilet\u00f3w na wydarzenia, dzia\u0142a\u0144 rekrutacyjnych i promocyjnych UTW.\u00a0Bra\u0142a udzia\u0142 w Olimpiadach Senior\u00f3w w \u0141azach i Siemianowicach (od 2013 do 2017 bra\u0142a udzia\u0142 w\u00a0przynajmniej 5 takich wydarzeniach).\u00a0W latach 2008 &#8211; 2011 udziela\u0142a si\u0119 jako wolontariuszka w Bibliotece Miejskiej w Katowicach oraz \u015bwietlicy \u015brodowiskowej &#8222;Gniazdo&#8221; (organizowa\u0142a zabawy dla dzieci, wspiera\u0142a ich nauk\u0119 oraz czyta\u0142a im ksi\u0105\u017cki).\u00a0Od 2017 roku bra\u0142a udzia\u0142 jako wolontariuszka w Dniu Seniora w Katowicach, wsp\u00f3\u0142pracuj\u0105c z Urz\u0119dem Miasta oraz fundacj\u0105 FAMI.LOCK.\u00a0W 2018 roku otrzyma\u0142a wyr\u00f3\u017cnienie za prac\u0119 w ramach projektu &#8222;Niezwyk\u0142e kobiety, niezwyk\u0142e historie \u2013 kobiety \u015al\u0105ska&#8221;.\u00a0W 2021 roku bra\u0142a udzia\u0142 w projekcie Muzeum Historii Katowic nt. tw\u00f3rczo\u015bci Wojciecha Kilara: organizowa\u0142a i przeprowadzi\u0142a warsztaty z dzie\u0107mi i m\u0142odzie\u017c\u0105 z \u015bwietlic miejskich w Katowicach.\u00a0W 2021 roku bra\u0142a udzia\u0142 w projekcie &#8222;4 Pory Roku \u2013 4 Strony \u015awiata&#8221;, kt\u00f3rego celem by\u0142a integracja senior\u00f3w z dzie\u0107mi z rodzin\u00a0wymagaj\u0105cych wsparcia.\u00a0Opiekuje si\u0119 r\u00f3wnie\u017c starsz\u0105 s\u0142uchaczk\u0105 UTW, kt\u00f3ra z racji swojego wieku (95 lat) ma utrudniony dost\u0119p do oferty edukacyjnej. Wspiera j\u0105 i \u2013 mimo wieku \u2013 stara si\u0119 organizowa\u0107 dla niej nauk\u0119 w ramach UTW. \r\n                                <div class=\"mt-3\"><\/div>\r\n                            <\/div>\r\n                            \r\n                            <div class=\"text-modules__img\"><img src=\"https:\/\/us.edu.pl\/student\/wp-content\/uploads\/sites\/3\/Wyroznienia-rektora\/wyroznieni-z-lat-poprzednich\/Laureaci-2022\/Cwiklinska-212x300.jpg\" alt=\"img\"><\/div>\r\n                        <\/div>\r\n                    <\/div>\r\n                <\/div>[\/vc_column][\/vc_row]<\/p>","protected":false},"excerpt":{"rendered":"<p>[vc_row][vc_column][\/vc_column][\/vc_row] [&#8230;]<\/p>\n<p><a class=\"btn btn-secondary understrap-read-more-link\" href=\"https:\/\/us.edu.pl\/student\/dzialalnosc-studencka\/wyroznienia-jm-rektora-us\/laureaci-poprzednich-edycji\/laureaci-xiv-edycji\/uniwersytet-trzeciego-wieku\/halina-cwiklinska\/\">Read More&#8230;<\/a><\/p>\n","protected":false},"author":28,"featured_media":0,"parent":35681,"menu_order":0,"comment_status":"closed","ping_status":"closed","template":"","meta":{"_expiration-date-status":"","_expiration-date":0,"_expiration-date-type":"","_expiration-date-categories":[],"_expiration-date-options":[]},"acf":[],"_links":{"self":[{"href":"https:\/\/us.edu.pl\/student\/wp-json\/wp\/v2\/pages\/35899"}],"collection":[{"href":"https:\/\/us.edu.pl\/student\/wp-json\/wp\/v2\/pages"}],"about":[{"href":"https:\/\/us.edu.pl\/student\/wp-json\/wp\/v2\/types\/page"}],"author":[{"embeddable":true,"href":"https:\/\/us.edu.pl\/student\/wp-json\/wp\/v2\/users\/28"}],"replies":[{"embeddable":true,"href":"https:\/\/us.edu.pl\/student\/wp-json\/wp\/v2\/comments?post=35899"}],"version-history":[{"count":2,"href":"https:\/\/us.edu.pl\/student\/wp-json\/wp\/v2\/pages\/35899\/revisions"}],"predecessor-version":[{"id":35903,"href":"https:\/\/us.edu.pl\/student\/wp-json\/wp\/v2\/pages\/35899\/revisions\/35903"}],"up":[{"embeddable":true,"href":"https:\/\/us.edu.pl\/student\/wp-json\/wp\/v2\/pages\/35681"}],"wp:attachment":[{"href":"https:\/\/us.edu.pl\/student\/wp-json\/wp\/v2\/media?parent=35899"}],"curies":[{"name":"wp","href":"https:\/\/api.w.org\/{rel}","templated":true}]}}