{"id":35916,"date":"2022-06-09T14:34:56","date_gmt":"2022-06-09T12:34:56","guid":{"rendered":"https:\/\/us.edu.pl\/student\/?page_id=35916"},"modified":"2022-06-09T14:34:56","modified_gmt":"2022-06-09T12:34:56","slug":"mikolaj-szubka","status":"publish","type":"page","link":"https:\/\/us.edu.pl\/student\/dzialalnosc-studencka\/wyroznienia-jm-rektora-us\/laureaci-poprzednich-edycji\/laureaci-xiv-edycji\/uniwersytet-slaski-dzieci\/mikolaj-szubka\/","title":{"rendered":"Miko\u0142aj Szubka"},"content":{"rendered":"<p>[vc_row][vc_column]\r\n                <div class=\"text-modules \">\r\n                    <div class=\"container\">\r\n                         <h3 class=\"subtitle text-modules__subtitle\"> Miko\u0142aj Szubka<\/h3>\r\n                        <div class=\"row m-0\">\r\n                            <div class=\"text-modules__content\">\r\n                                Miko\u0142aj jest m\u0142odym cz\u0142owiekiem, kt\u00f3rego pasjonuje otaczaj\u0105cy go \u015bwiat we wszystkich jego barwach. Jego pasj\u0105 jest \u017ceglarstwo &#8211; p\u0142ywa na Optymistach, windsurfingu oraz z rodzicami na wi\u0119kszych jednostkach. Uprawia sportowo p\u0142ywanie oraz jazd\u0119 na nartach (m.in. z\u0142oty medal w Powiatowych Zawodach w Narciarstwie Alpejskim Szk\u00f3\u0142 Podstawowych). Nale\u017cy do \u015al\u0105skiej Ligii Dzieci i M\u0142odzie\u017cy, gdzie regularnie startuje w zawodach narciarskich. Opr\u00f3cz tego trenuje karate (2 z\u0142ote medale w zawodach Shinkyokushin oraz 2 br\u0105zowe w Satori). Wzi\u0105\u0142 udzia\u0142 w wielu biegach charytatywnych oraz w Runmageddonie. Pr\u00f3cz sportu pasjonuje si\u0119 tak\u017ce nauk\u0105 &#8211; interesuje si\u0119 g\u0142\u00f3wnie astronomi\u0105 i matematyk\u0105 (wynik bardzo dobry w konkursie Kangur Matematyczny 2020, 2021 &#8211; 1 miejsce w powiecie) oraz szachami (3 miejsce w powiecie w Igrzyskach Dzieci w szachach dru\u017cynowych). Od najm\u0142odszych lat ucz\u0119szcza na zaj\u0119cia Uniwersytetu \u015al\u0105skiego Dzieci, w tym roku r\u00f3wnie\u017c jako wolontariusz. \r\n                                <div class=\"mt-3\"><\/div>\r\n                            <\/div>\r\n                            \r\n                            <div class=\"text-modules__img\"><img src=\"https:\/\/us.edu.pl\/student\/wp-content\/uploads\/sites\/3\/Wyroznienia-rektora\/wyroznieni-z-lat-poprzednich\/Laureaci-2022\/Szubka-1-225x300.jpg\" alt=\"img\"><\/div>\r\n                        <\/div>\r\n                    <\/div>\r\n                <\/div>[\/vc_column][\/vc_row]<\/p>","protected":false},"excerpt":{"rendered":"<p>[vc_row][vc_column][\/vc_column][\/vc_row] [&#8230;]<\/p>\n<p><a class=\"btn btn-secondary understrap-read-more-link\" href=\"https:\/\/us.edu.pl\/student\/dzialalnosc-studencka\/wyroznienia-jm-rektora-us\/laureaci-poprzednich-edycji\/laureaci-xiv-edycji\/uniwersytet-slaski-dzieci\/mikolaj-szubka\/\">Read More&#8230;<\/a><\/p>\n","protected":false},"author":28,"featured_media":0,"parent":35678,"menu_order":0,"comment_status":"closed","ping_status":"closed","template":"","meta":{"_expiration-date-status":"","_expiration-date":0,"_expiration-date-type":"","_expiration-date-categories":[],"_expiration-date-options":[]},"acf":[],"_links":{"self":[{"href":"https:\/\/us.edu.pl\/student\/wp-json\/wp\/v2\/pages\/35916"}],"collection":[{"href":"https:\/\/us.edu.pl\/student\/wp-json\/wp\/v2\/pages"}],"about":[{"href":"https:\/\/us.edu.pl\/student\/wp-json\/wp\/v2\/types\/page"}],"author":[{"embeddable":true,"href":"https:\/\/us.edu.pl\/student\/wp-json\/wp\/v2\/users\/28"}],"replies":[{"embeddable":true,"href":"https:\/\/us.edu.pl\/student\/wp-json\/wp\/v2\/comments?post=35916"}],"version-history":[{"count":1,"href":"https:\/\/us.edu.pl\/student\/wp-json\/wp\/v2\/pages\/35916\/revisions"}],"predecessor-version":[{"id":35918,"href":"https:\/\/us.edu.pl\/student\/wp-json\/wp\/v2\/pages\/35916\/revisions\/35918"}],"up":[{"embeddable":true,"href":"https:\/\/us.edu.pl\/student\/wp-json\/wp\/v2\/pages\/35678"}],"wp:attachment":[{"href":"https:\/\/us.edu.pl\/student\/wp-json\/wp\/v2\/media?parent=35916"}],"curies":[{"name":"wp","href":"https:\/\/api.w.org\/{rel}","templated":true}]}}