{"id":40478,"date":"2023-06-07T12:36:32","date_gmt":"2023-06-07T10:36:32","guid":{"rendered":"https:\/\/us.edu.pl\/student\/?page_id=40478"},"modified":"2023-06-16T11:56:47","modified_gmt":"2023-06-16T09:56:47","slug":"doktoranci","status":"publish","type":"page","link":"https:\/\/us.edu.pl\/student\/dzialalnosc-studencka\/wyroznienia-jm-rektora-us\/laureaci-poprzednich-edycji\/laureaci-xv-edycji\/doktoranci\/","title":{"rendered":"Doktoranci"},"content":{"rendered":"<p>[vc_row][vc_column]\r\n                <div class=\"text-modules\">\r\n                    <div class=\"container\">\r\n                        <h3 class=\"page-title text__title\">Doktoranci<\/h3>\r\n                        <div class=\"text-modules__content\"><p><a href=\"#bartosz\">Bartosz Baran<\/a><br \/>\n<a href=\"#julia\">Julia Korzuch<\/a><br \/>\n<a href=\"#karolina\">Karolina Pra\u017cmowska-Marcinowska<\/a><br \/>\n<a href=\"#katarzyna\">Katarzyna Pypno<\/a><br \/>\n<a href=\"#emiliana\">Emiliana Russo<\/a><br \/>\n<a href=\"#joanna\">Joanna Ryszka<\/a><br \/>\n<a href=\"#kinga\">Kinga Surmiak-Stalmach<\/a><br \/>\n<a href=\"#emilie\">Emilie Szwajnoch<\/a><br \/>\n<a href=\"#sylwia\">Sylwia Zimosz<\/a><\/p>\n<hr \/>\n<h3><strong><a id=\"bartosz\"><\/a>Bartosz Baran<\/strong><\/h3>\n<p>Otrzyma\u0142 Wyr\u00f3\u017cnienie Rektora U\u015a w XV edycji konkursu za osi\u0105gni\u0119cia naukowe oraz dzia\u0142alno\u015b\u0107 popularnonaukow\u0105 jako doktorant w dyscyplinie nauki biologiczne na Wydziale Nauk Przyrodniczych U\u015a. Jego dorobek naukowy obejmuje autorstwo i wsp\u00f3\u0142autorstwo licznych, wielokrotnie cytowanych publikacji w uznanych czasopismach naukowych, w szczeg\u00f3lno\u015bci wsp\u00f3\u0142autorstwo artyku\u0142u \u201eMotivational trade-offs and modulation of nociception in bumblebees\u201d opublikowanego w presti\u017cowym periodyku\u00a0\u201eProceedings of the National Academy of Sciences\u201d. Szczeg\u00f3lnie wyr\u00f3\u017cnia go uzyskanie presti\u017cowego Diamentowego Grantu, dzi\u0119ki kt\u00f3remu realizowa\u0142 w latach 2016\u20132022 autorski, indywidualny projekt \u201eBehawioralna i neurohistologiczna charakterystyka mutant\u00f3w dw\u00f3ch linii \u015bwierszcza domowego (<em>Acheta domesticus<\/em>) z deficytami pigment\u00f3w wzrokowych\u201d. Jest r\u00f3wnie\u017c wsp\u00f3\u0142autorem zg\u0142oszenia patentowego. Ponadto aktywnie anga\u017cowa\u0142 si\u0119 w dzia\u0142alno\u015b\u0107 popularyzuj\u0105c\u0105 nauk\u0119, b\u0119d\u0105c wieloletnim wsp\u00f3\u0142organizatorem i organizatorem dorocznych obchod\u00f3w \u015awiatowego Tygodnia M\u00f3zgu w Katowicach. W 2016 roku otrzyma\u0142 Wyr\u00f3\u017cnienie Rektora jako student.<\/p>\n<hr \/>\n<h3><strong><a id=\"julia\"><\/a>Julia Korzuch<\/strong><\/h3>\n<p>Otrzyma\u0142a Wyr\u00f3\u017cnienie Rektora U\u015a w XV edycji konkursu za osi\u0105gni\u0119cia naukowe i sportowe jako doktorantka w dyscyplinie nauki chemiczne w Szkole Doktorskiej U\u015a. Zajmuje si\u0119 chemi\u0105 fulleren\u00f3w i ich zastosowaniem w nanomedycynie. Jest wsp\u00f3\u0142autork\u0105 pi\u0119ciu artyku\u0142\u00f3w w wysoko punktowanych czasopismach, tj.\u00a0\u201eScientific Reports\u201d,\u00a0\u201eBiomaterials Science &amp; Engineering\u201d. Uczestniczy\u0142a w wielu konferencjach, w tym w mi\u0119dzynarodowych. W zesz\u0142ym roku odby\u0142a sta\u017c na Uniwersytecie Bolo\u0144skim, gdzie opracowana zosta\u0142a innowacyjna metoda stanowi\u0105ca prze\u0142om dla biodost\u0119pno\u015bci fulleren\u00f3w. Jest cz\u0142onkiem Kadry Narodowej Polskiego Zwi\u0105zku Lekkiej Atletyki. Od pocz\u0105tku studi\u00f3w doktoranckich zdoby\u0142a pi\u0119\u0107 medali Mistrzostw Polski na dystansie 400 m przez p\u0142otki oraz w sztafecie 4 \u00d7 400 m. Reprezentuje r\u00f3wnie\u017c Uniwersytet \u015al\u0105ski na Akademickich Mistrzostwach Polski, gdzie trzykrotnie zdoby\u0142a tytu\u0142 mistrzowski na dystansie 400 m przez p\u0142otki. W 2022 roku startowa\u0142a w pierwszej w Polsce Diamentowej Lidze na Stadionie \u015al\u0105skim w Chorzowie. Poza sportem i fullerenami w\u015br\u00f3d swoich zainteresowa\u0144 i pasji wymienia muzyk\u0119 (blues rock, muzyka klasyczna), podr\u00f3\u017ce oraz programy kulinarne.<\/p>\n<hr \/>\n<h3><strong><a id=\"karolina\"><\/a>Karolina Pra\u017cmowska-Marcinowska<\/strong><\/h3>\n<p>Otrzyma\u0142a Wyr\u00f3\u017cnienie Rektora U\u015a w XV edycji konkursu za osi\u0105gni\u0119cia naukowe jako doktorantka w dyscyplinie nauki prawne w Szkole Doktorskiej U\u015a. Jest laureatk\u0105 grantu PRELUDIUM finansowanego przez Narodowe Centrum Nauki i kieruje projektem zatytu\u0142owanym \u201eLudy tubylcze kontra zmiany klimatu. Wyzwania dla sprawiedliwo\u015bci mi\u0119dzynarodowej\u201d. Autorka wielu artyku\u0142\u00f3w opublikowanych w renomowanych czasopismach mi\u0119dzynarodowych. Uczestniczy\u0142a czynnie w presti\u017cowych konferencjach zagranicznych, przede wszystkim w konferencji zorganizowanej przez Socio-Legal Studies Association na Uniwersytecie w Yorku. Pe\u0142ni\u0142a rol\u0119 opiekunki merytorycznej m\u0142odzie\u017cy podczas 6. \u015al\u0105skiego Festiwalu Nauki KATOWICE w ramach inicjatywy Uniwersytetu \u015al\u0105skiego \u201eM\u0142odzi buduj\u0105 miasto nauki\u201d oraz podczas dni otwartych na Wydziale Prawa i Administracji Uniwersytetu \u015al\u0105skiego. Uczestniczy\u0142a w projekcie Global Classroom Initiative realizowanym przez Southeastern Association of Law Schools oraz w Transform4Europe Week \u201eCritical Heritage\u201d w Kownie. By\u0142a cz\u0142onkini\u0105 zespo\u0142u ds. opracowania Planu R\u00f3wno\u015bci P\u0142ci w Uniwersytecie \u015al\u0105skim. W\u015br\u00f3d swoich zainteresowa\u0144 wymienia szeroko poj\u0119te dziedzictwo kulturowe, ze szczeg\u00f3lnym uwzgl\u0119dnieniem dziedzictwa kulturowego ludno\u015bci tubylczej.<\/p>\n<hr \/>\n<h3><strong><a id=\"katarzyna\"><\/a>Katarzyna Pypno<\/strong><\/h3>\n<p>Otrzyma\u0142a Wyr\u00f3\u017cnienie Rektora U\u015a w XV edycji konkursu za osi\u0105gni\u0119cia naukowe oraz dzia\u0142alno\u015b\u0107 spo\u0142eczn\u0105 jako doktorantka w dyscyplinie psychologia w Szkole Doktorskiej U\u015a. Jak sama pisze, jej najwa\u017cniejszym osi\u0105gni\u0119ciem jest obalenie istniej\u0105cego w psychologii fenomenu pijanego utylitarysty (<em>drunk utilitarian<\/em>). Wi\u0105za\u0142o si\u0119 to z nawi\u0105zaniem wsp\u00f3\u0142pracy z wybitnymi psychologami moralno\u015bci z USA i Wielkiej Brytanii. Realizuje si\u0119 w siedmiu mi\u0119dzynarodowych projektach badawczych. Jest wsp\u00f3\u0142autork\u0105 publikacji naukowych oraz wyst\u0105pie\u0144 na trzech mi\u0119dzynarodowych konferencjach naukowych. Poza zainteresowaniami naukowymi anga\u017cuje si\u0119 w dzia\u0142alno\u015b\u0107 spo\u0142eczn\u0105, kulturaln\u0105, popularyzatorsk\u0105, a przede wszystkim zwi\u0105zan\u0105 z turystyk\u0105 g\u00f3rsk\u0105. Dzia\u0142a w Studenckim Kole Przewodnik\u00f3w G\u00f3rskich \u201eHarnasie\u201d. Jest tak\u017ce wolontariuszk\u0105 w Stowarzyszeniu Wolnej Herbaty. Tematy ekologii i ochrony \u015brodowiska s\u0105 jej bliskie, dlatego, opr\u00f3cz w\u0119drowania po beskidzkich lasach, uczestniczy w akcjach sprz\u0105tania \u015bwiata czy akcjach promuj\u0105cych polityk\u0119 zero waste. Zainteresowania te znajduj\u0105 te\u017c odzwierciedlenie w\u00a0projektach naukowych, kt\u00f3re podejmuje (np. projekt \u201eResponsibility to Future Generations and Climate Change\u201d). Jest zawodowym muzykiem i od wielu lat udziela lekcji fortepianu, m.in. jako nauczyciel w szkole muzycznej. Uwielbia podr\u00f3\u017ce, pewnie dlatego za jedno ze swoich najwi\u0119kszych osi\u0105gni\u0119\u0107 uwa\u017ca przej\u015bcie wzd\u0142u\u017c ca\u0142ej Madery.<\/p>\n<hr \/>\n<h3><strong><a id=\"emiliana\"><\/a>Emiliana Russo<\/strong><\/h3>\n<p>Otrzyma\u0142a Wyr\u00f3\u017cnienie Rektora U\u015a w XV edycji konkursu za osi\u0105gni\u0119cia naukowe i artystyczne jako doktorantka w dyscyplinie j\u0119zykoznawstwo w Szkole Doktorskiej U\u015a. Jest autork\u0105 publikacji naukowych, wyst\u0105pie\u0144 konferencyjnych oraz poezji. Cho\u0107 mo\u017ce to zabrzmie\u0107 banalnie, trudno jest jej wybra\u0107 jedno swoje najwa\u017cniejsze osi\u0105gni\u0119cie, poniewa\u017c \u2013 prawdopodobnie pod wp\u0142ywem swoich studi\u00f3w nad renesansem \u2013 widzi rzeczywisto\u015b\u0107 bardziej holistycznie. Najbardziej wdzi\u0119czna jest jednak za umiej\u0119tno\u015b\u0107 przelewania my\u015bli na papier. Zdobywa\u0142a wyr\u00f3\u017cnienia i nagrody w kilku konkursach poetyckich. Stypendystka Fulbrighta i stypendystka na Uniwersytecie Susquehanna w USA. Zaanga\u017cowana r\u00f3wnie\u017c w kultur\u0119 i j\u0119zyk w\u0142oski.<\/p>\n<hr \/>\n<h3><strong><a id=\"joanna\"><\/a>Joanna Ryszka<\/strong><\/h3>\n<p>Otrzyma\u0142a Wyr\u00f3\u017cnienie Rektora U\u015a w XV edycji konkursu za osi\u0105gni\u0119cia naukowe jako doktorantka w dyscyplinie j\u0119zykoznawstwo w Szkole Doktorskiej U\u015a. Jako doktorantka realizuj\u0105ca podw\u00f3jny dyplom na Uniwersytecie \u015al\u0105skim w Katowicach oraz Uniwersytecie Rzymskim \u201eLa Sapienza\u201d opublikowa\u0142a dwa artyku\u0142y, w tym jeden za 200 punkt\u00f3w. Uczestniczy\u0142a w wielu konferencjach naukowych. By\u0142a organizatork\u0105 konferencji \u201eOriental Meetings in Sosnowiec (OMIS)\u201d. Zajmuje si\u0119 r\u00f3wnie\u017c popularyzacj\u0105 nauki poprzez dzia\u0142alno\u015b\u0107 w dw\u00f3ch ko\u0142ach naukowych, w ramach kt\u00f3rej organizuje warsztaty i spotkania, a tak\u017ce publikuje ciekawostki j\u0119zykowe. Jej starania popularyzatorskie zosta\u0142y nagrodzone w 2021 roku pierwszym miejscem w konkursie Three Minute Thesis organizowanym przez Politechnik\u0119 \u015al\u0105sk\u0105. Jej pasj\u0105 jest nauka j\u0119zyk\u00f3w, rysunek, muzyka i gra na pianinie, literatura (zw\u0142aszcza fantastyczna oraz poezja), j\u0119zykoznawstwo (g\u0142\u00f3wnie z zakresu ewolucji j\u0119zyka i kontaktu j\u0119zykowego) oraz kultura Dalekiego Wschodu.<\/p>\n<hr \/>\n<h3><strong><a id=\"kinga\"><\/a>Kinga Surmiak-Stalmach<\/strong><\/h3>\n<p>Otrzyma\u0142a Wyr\u00f3\u017cnienie Rektora U\u015a w XV edycji konkursu za dzia\u0142alno\u015b\u0107 popularnonaukow\u0105 oraz osi\u0105gni\u0119cia naukowe jako doktorantka w dyscyplinie nauki biologiczne na Wydziale Nauk Przyrodniczych U\u015a. Wsp\u00f3\u0142autorka pi\u0119ciu opublikowanych artyku\u0142\u00f3w naukowych oraz poster\u00f3w i wyst\u0105pie\u0144 na czternastu konferencjach naukowych o charakterze og\u00f3lnopolskim i mi\u0119dzynarodowym. Pomys\u0142odawczyni i realizatorka projekt\u00f3w naukowych i edukacyjnych, m.in. autorskich projekt\u00f3w edukacyjnych dla uczni\u00f3w szko\u0142y podstawowej pt. \u201ePoznajemy \u015bwiat w\u0142asnymi zmys\u0142ami\u201d czy \u201eMatematyczno-przyrodnicze aplikacje\u201d, kt\u00f3re mia\u0142y na celu popularyzacj\u0119 nauk przyrodniczych w\u015br\u00f3d dzieci i m\u0142odzie\u017cy. Bierze r\u00f3wnie\u017c udzia\u0142 w pracach zespo\u0142u badawczego w grancie NCN \u201eW poszukiwaniu strategii adaptacyjnej u obligatoryjnych drapie\u017cnik\u00f3w \u2013 Immunologiczne mechanizmy u modelowego gatunku paj\u0105ka Steatoda grossa (<em>Theridiidae<\/em>) w warunkach kr\u00f3tkoterminowej i chronicznej ekspozycji na metale\u201d. Jest zaanga\u017cowana w popularyzacj\u0119 nauki \u2013 m.in. prowadzi\u0142a warsztaty, pokazy i wyk\u0142ady dla uczni\u00f3w szk\u00f3\u0142 podstawowych i liceum, by\u0142a organizatork\u0105 konkurs\u00f3w i olimpiad, przygotowa\u0142a i przeprowadzi\u0142a zaj\u0119cia w ramach Og\u00f3lnopolskich Nocy Biolog\u00f3w oraz \u015al\u0105skiego Festiwalu Nauki KATOWICE. Po wielu latach sp\u0119dzonych w murach uczelni \u015bmia\u0142o przyznaje, \u017ce to jej drugi dom.<\/p>\n<hr \/>\n<h3><strong><a id=\"emilie\"><\/a>Emilie Szwajnoch<\/strong><\/h3>\n<p>Otrzyma\u0142a Wyr\u00f3\u017cnienie Rektora U\u015a w XV edycji konkursu za osi\u0105gni\u0119cia naukowe oraz dzia\u0142alno\u015b\u0107 na rzecz \u015brodowiska akademickiego jako doktorantka w dyscyplinie nauki o polityce i administracji w Szkole Doktorskiej U\u015a. Jej dotychczasowa dzia\u0142alno\u015b\u0107 w ramach doktoratu odbywa\u0142a si\u0119 przede wszystkim w dw\u00f3ch obszarach. Pierwszym z nich jest dzia\u0142alno\u015b\u0107 naukowa, kt\u00f3ra obejmuje nie tylko przygotowywanie rozprawy doktorskiej, ale r\u00f3wnie\u017c artyku\u0142\u00f3w naukowych. Realizuje jako kierownik grant PRELUDIUM z Narodowego Centrum Nauki pt. \u201eChina\u2019s domestic security policy as an instrument of securitization of infrastructure projects implemented in Central Asia\u201d. Dzi\u0119ki uzyskaniu dodatkowego finansowania na dzia\u0142alno\u015b\u0107 naukow\u0105 mia\u0142a m.in. mo\u017cliwo\u015b\u0107 wzi\u0119cia udzia\u0142u w mi\u0119dzynarodowych konferencjach naukowych oraz nawi\u0105zania kontaktu i wsp\u00f3\u0142pracy z badaczami pracuj\u0105cymi w uznanych o\u015brodkach zagranicznych. W\u015br\u00f3d swoich osi\u0105gni\u0119\u0107 mo\u017ce te\u017c wymieni\u0107 organizacj\u0119 i wsp\u00f3\u0142organizacj\u0119 mi\u0119dzynarodowych konferencji naukowych. Drugim obszarem jej dzia\u0142alno\u015bci jest praca na rzecz \u015brodowiska doktorant\u00f3w, kt\u00f3r\u0105 mog\u0142a realizowa\u0107 przede wszystkim dzi\u0119ki przewodniczeniu Uczelnianej Radzie Samorz\u0105du Doktorant\u00f3w w dw\u00f3ch kadencjach. Jako przewodnicz\u0105ca URSD wsp\u00f3lnie z cz\u0142onkami Rady podj\u0119\u0142a r\u00f3\u017cnego rodzaju dzia\u0142ania na rzecz \u015brodowiska doktorant\u00f3w.<\/p>\n<hr \/>\n<h3><strong><a id=\"sylwia\"><\/a>Sylwia Zimosz<\/strong><\/h3>\n<p>Otrzyma\u0142a Wyr\u00f3\u017cnienie Rektora U\u015a w XV edycji konkursu za osi\u0105gni\u0119cia naukowe jako doktorantka w dyscyplinie nauki chemiczne na Wydziale Nauk \u015acis\u0142ych i Technicznych U\u015a. Jest wsp\u00f3\u0142autork\u0105 czterech publikacji naukowych, w tym pierwszym autorem w dw\u00f3ch z nich. Czynnie uczestniczy\u0142a w pi\u0119ciu konferencjach naukowych, w tym trzech zagranicznych oraz dw\u00f3ch krajowych, przestawiaj\u0105c wyniki swojej pracy badawczej zar\u00f3wno w formie plakat\u00f3w, jak i wyst\u0105pie\u0144 ustnych. Wsp\u00f3\u0142autorka dw\u00f3ch zg\u0142osze\u0144 patentowych. Ch\u0119tnie anga\u017cuje si\u0119 w dzia\u0142alno\u015b\u0107 popularnonaukow\u0105 (\u015awi\u0119to Liczby \u03c0, \u015al\u0105ski Festiwal Nauki KATOWICE). Jej ulubionym cytatem s\u0105 s\u0142owa Marii Sk\u0142odowskiej-Curie: \u201eNiczego w \u017cyciu nie nale\u017cy si\u0119 ba\u0107, nale\u017cy to tylko zrozumie\u0107\u201d.<\/p>\n<\/div>\r\n                    <\/div>\r\n                <\/div>[\/vc_column][\/vc_row]<\/p>","protected":false},"excerpt":{"rendered":"<p>[vc_row][vc_column][\/vc_column][\/vc_row] [&#8230;]<\/p>\n<p><a class=\"btn btn-secondary understrap-read-more-link\" href=\"https:\/\/us.edu.pl\/student\/dzialalnosc-studencka\/wyroznienia-jm-rektora-us\/laureaci-poprzednich-edycji\/laureaci-xv-edycji\/doktoranci\/\">Read More&#8230;<\/a><\/p>\n","protected":false},"author":28,"featured_media":0,"parent":40471,"menu_order":0,"comment_status":"closed","ping_status":"closed","template":"","meta":{"_expiration-date-status":"","_expiration-date":0,"_expiration-date-type":"","_expiration-date-categories":[],"_expiration-date-options":[]},"acf":[],"_links":{"self":[{"href":"https:\/\/us.edu.pl\/student\/wp-json\/wp\/v2\/pages\/40478"}],"collection":[{"href":"https:\/\/us.edu.pl\/student\/wp-json\/wp\/v2\/pages"}],"about":[{"href":"https:\/\/us.edu.pl\/student\/wp-json\/wp\/v2\/types\/page"}],"author":[{"embeddable":true,"href":"https:\/\/us.edu.pl\/student\/wp-json\/wp\/v2\/users\/28"}],"replies":[{"embeddable":true,"href":"https:\/\/us.edu.pl\/student\/wp-json\/wp\/v2\/comments?post=40478"}],"version-history":[{"count":6,"href":"https:\/\/us.edu.pl\/student\/wp-json\/wp\/v2\/pages\/40478\/revisions"}],"predecessor-version":[{"id":40582,"href":"https:\/\/us.edu.pl\/student\/wp-json\/wp\/v2\/pages\/40478\/revisions\/40582"}],"up":[{"embeddable":true,"href":"https:\/\/us.edu.pl\/student\/wp-json\/wp\/v2\/pages\/40471"}],"wp:attachment":[{"href":"https:\/\/us.edu.pl\/student\/wp-json\/wp\/v2\/media?parent=40478"}],"curies":[{"name":"wp","href":"https:\/\/api.w.org\/{rel}","templated":true}]}}