{"id":41160,"date":"2023-09-11T11:16:11","date_gmt":"2023-09-11T09:16:11","guid":{"rendered":"https:\/\/us.edu.pl\/student\/?page_id=41160"},"modified":"2025-02-11T12:12:36","modified_gmt":"2025-02-11T11:12:36","slug":"coaching-kariery","status":"publish","type":"page","link":"https:\/\/us.edu.pl\/student\/kariera-i-rozwoj\/rozwoj-osobisty\/coaching-kariery\/","title":{"rendered":"Coaching kariery"},"content":{"rendered":"<p>[vc_row][vc_column]\r\n                <div class=\"text-modules \">\r\n                    <div class=\"container\">\r\n                        <h3 class=\"section-title section-title_border-bottom\">Coaching kariery<\/h3> \r\n                        <div class=\"row m-0\">\r\n                            <div class=\"text-modules__content\">\r\n                                <\/p>\n<h4><strong>Czym jest coaching kariery?<\/strong><\/h4>\n<p>Coaching to proces, kt\u00f3rego celem jest wsparcie Ci\u0119 w dokonaniu zamierzonej zmiany i pomoc w odkrywaniu Twoich zasob\u00f3w. Coach staje si\u0119 towarzyszem Twojego rozwoju, z pomoc\u0105 kt\u00f3rego ustalisz swoje cele, dostrze\u017cesz sw\u00f3j potencja\u0142 i osi\u0105gni\u0119cia, b\u0119dziesz dzia\u0142a\u0107 du\u017co efektywniej.<\/p>\n<h4><strong>Czemu s\u0142u\u017cy coaching kariery?<\/strong><\/h4>\n<p>Coaching mo\u017ce Ci pom\u00f3c w sytuacji, gdy:<\/p>\n<ul>\n<li>stoisz w miejscu i nie wiesz, jak ruszy\u0107 do przodu,<\/li>\n<li>chcesz si\u0119 zmotywowa\u0107 i zacz\u0105\u0107 dzia\u0142a\u0107, by rozwija\u0107 swoje \u017cycie zawodowe,<\/li>\n<li>chcesz przezwyci\u0119\u017cy\u0107 w\u0142asne ograniczenia i przekonania,<\/li>\n<li>pr\u00f3bujesz odzyska\u0107 r\u00f3wnowag\u0119 mi\u0119dzy \u017cyciem prywatnym a zawodowym,<\/li>\n<li>chcesz polepszy\u0107 efekty swojego dzia\u0142ania,<\/li>\n<li>wahasz si\u0119 podejmuj\u0105c wa\u017cne dla Ciebie decyzje zawodowe.<\/li>\n<\/ul>\n<h4><strong>Kto prowadzi coaching kariery?<\/strong><\/h4>\n<p>W zale\u017cno\u015bci od wydzia\u0142u, na kt\u00f3rym studiujesz wsparciem obejmie Ci\u0119 jedna z naszych coacherek:<\/p>\n<ul>\n<li>je\u015bli studiujesz na Wydziale: Humanistycznym, Nauk Przyrodniczych, Teologicznym lub Sztuki i Nauk o Edukacji Twoj\u0105 coacherk\u0105 jest:\n<ul>\n<li><strong>Ewelina Skuba\u0142a-Skrzynecka<\/strong><br \/>\ne-mail:\u00a0<a href=\"mailto:ewelina.skubala@us.edu.pl\">ewelina.skubala@us.edu.pl<\/a><br \/>\ntel. 32 359 19 77, 508 375 583<\/li>\n<\/ul>\n<\/li>\n<\/ul>\n<ul>\n<li>je\u015bli studiujesz na Wydziale: Prawa i Administracji, Nauk \u015acis\u0142ych i Technicznych, Nauk Spo\u0142ecznych lub w Szkole Filmowej im. K. Kie\u015blowskiego Twoj\u0105 coacherk\u0105 jest:\n<ul>\n<li><strong>Ma\u0142gorzata Chatys<\/strong><br \/>\ne-mail:\u00a0<a href=\"mailto:malgorzata.chatys@us.edu.pl\">malgorzata.chatys@us.edu.pl<\/a><br \/>\ntel. 32 359 20 32, 508 371 586<\/li>\n<\/ul>\n<\/li>\n<\/ul>\n<h4><strong>Jak um\u00f3wi\u0107 si\u0119 na spotkanie z coacherk\u0105 kariery?<\/strong><\/h4>\n<p>Je\u015bli chcesz pokona\u0107 przeszkody, kt\u00f3re blokuj\u0105 Tw\u00f3j rozw\u00f3j lub zwi\u0119kszy\u0107 swoj\u0105 motywacj\u0119 w dzia\u0142aniu, to zapisz si\u0119 wysy\u0142aj\u0105c e-maila z:<\/p>\n<ul>\n<li>imieniem i nazwiskiem,<\/li>\n<li>nazw\u0105 wydzia\u0142u, na kt\u00f3rym studiujesz,<\/li>\n<li>rokiem studi\u00f3w,<\/li>\n<li>informacj\u0105 o Twoim aktualnym statusie na rynku pracy,<\/li>\n<li>Twoj\u0105 dost\u0119pno\u015bci\u0105 godzinow\u0105 w poszczeg\u00f3lne dni tygodnia.<\/li>\n<\/ul>\n<p>na adres mailowy swojej coacherki z informacj\u0105, w jakiej sprawie chcesz si\u0119 spotka\u0107, a dostaniesz odpowied\u017a z propozycj\u0105 terminu spotkania indywidualnego, na kt\u00f3rym b\u0119dziesz m\u00f3g\u0142 opowiedzie\u0107 o swoich w\u0105tpliwo\u015bciach, planach, aspiracjach.<\/p>\n<p>Na pierwszej sesji ustalicie cel coachingu, ale warto, by\u015b ju\u017c teraz przemy\u015bla\u0142(a) nad jakim obszarem zawodowym chcesz popracowa\u0107. Dzi\u0119ki zastosowanym przez coacherk\u0119 pytaniom i narz\u0119dziom coachingowym po spotkaniach uda Ci si\u0119 dokona\u0107 wa\u017cnej dla Ciebie zmiany w \u017cyciu i spojrze\u0107 na pewne sprawy z nowej perspektywy. \r\n                                <div class=\"mt-3\"><\/div>\r\n                            <\/div>\r\n                            \r\n                            \r\n                        <\/div>\r\n                    <\/div>\r\n                <\/div>[\/vc_column][\/vc_row]<\/p>","protected":false},"excerpt":{"rendered":"<p>[vc_row][vc_column][\/vc_column][\/vc_row] [&#8230;]<\/p>\n<p><a class=\"btn btn-secondary understrap-read-more-link\" href=\"https:\/\/us.edu.pl\/student\/kariera-i-rozwoj\/rozwoj-osobisty\/coaching-kariery\/\">Read More&#8230;<\/a><\/p>\n","protected":false},"author":28,"featured_media":0,"parent":41159,"menu_order":0,"comment_status":"closed","ping_status":"closed","template":"","meta":{"_expiration-date-status":"","_expiration-date":0,"_expiration-date-type":"","_expiration-date-categories":[],"_expiration-date-options":[]},"acf":[],"_links":{"self":[{"href":"https:\/\/us.edu.pl\/student\/wp-json\/wp\/v2\/pages\/41160"}],"collection":[{"href":"https:\/\/us.edu.pl\/student\/wp-json\/wp\/v2\/pages"}],"about":[{"href":"https:\/\/us.edu.pl\/student\/wp-json\/wp\/v2\/types\/page"}],"author":[{"embeddable":true,"href":"https:\/\/us.edu.pl\/student\/wp-json\/wp\/v2\/users\/28"}],"replies":[{"embeddable":true,"href":"https:\/\/us.edu.pl\/student\/wp-json\/wp\/v2\/comments?post=41160"}],"version-history":[{"count":8,"href":"https:\/\/us.edu.pl\/student\/wp-json\/wp\/v2\/pages\/41160\/revisions"}],"predecessor-version":[{"id":50085,"href":"https:\/\/us.edu.pl\/student\/wp-json\/wp\/v2\/pages\/41160\/revisions\/50085"}],"up":[{"embeddable":true,"href":"https:\/\/us.edu.pl\/student\/wp-json\/wp\/v2\/pages\/41159"}],"wp:attachment":[{"href":"https:\/\/us.edu.pl\/student\/wp-json\/wp\/v2\/media?parent=41160"}],"curies":[{"name":"wp","href":"https:\/\/api.w.org\/{rel}","templated":true}]}}