{"id":41164,"date":"2023-09-11T11:34:31","date_gmt":"2023-09-11T09:34:31","guid":{"rendered":"https:\/\/us.edu.pl\/student\/?page_id=41164"},"modified":"2024-08-09T14:27:33","modified_gmt":"2024-08-09T12:27:33","slug":"szkolenia-i-warsztaty","status":"publish","type":"page","link":"https:\/\/us.edu.pl\/student\/kariera-i-rozwoj\/rozwoj-osobisty\/szkolenia-i-warsztaty\/","title":{"rendered":"szkolenia i warsztaty"},"content":{"rendered":"<p>[vc_row][vc_column]\r\n                <div class=\"text-modules \">\r\n                    <div class=\"container\">\r\n                        <h3 class=\"section-title section-title_border-bottom\">Szkolenia i warsztaty<\/h3> \r\n                        <div class=\"row m-0\">\r\n                            <div class=\"text-modules__content\">\r\n                                <\/p>\n<h4><strong>Czego dotycz\u0105 szkolenia i warsztaty?<\/strong><\/h4>\n<p>Szkolenia oferowane przez Biuro dotycz\u0105 zagadnie\u0144 zwi\u0105zanych z rynkiem pracy i szeroko rozumianych umiej\u0119tno\u015bci &#8222;mi\u0119kkich&#8221;. Zaj\u0119cia s\u0105 prowadzone przez naszych pracownik\u00f3w, specjalist\u00f3w zewn\u0119trznych lub pracodawc\u00f3w. Informacje na temat najbli\u017cszych szkole\u0144 mo\u017cesz znale\u017a\u0107 w newsach na stronie g\u0142\u00f3wnej BK.<\/p>\n<h4><strong>Kto mo\u017ce skorzysta\u0107 z oferty szkole\u0144 i warsztat\u00f3w?<\/strong><\/h4>\n<p>Szkolenia s\u0105 skierowane &#8211; przede wszystkim &#8211; do student\u00f3w i absolwent\u00f3w Uniwersytetu \u015al\u0105skiego. Studenci innych uczelni oraz zatrudnieni absolwenci s\u0105 wpisywani na list\u0119 rezerwow\u0105 i &#8211; w przypadku wolnych miejsc &#8211; informowani o mo\u017cliwo\u015bci wzi\u0119cia udzia\u0142u w szkoleniu dzie\u0144 wcze\u015bniej. Udzia\u0142 w szkoleniach i warsztatach organizowanych przez Biuro Karier jest bezp\u0142atny.<\/p>\n<h4><strong>Jak zapisa\u0107 si\u0119 na szkolenie\/warsztat?<\/strong><\/h4>\n<p>Obowi\u0105zuj\u0105 zapisy poprzez formularz rejestracyjny, kt\u00f3ry zamieszczony jest ka\u017cdorazowo w wiadomo\u015bci promuj\u0105cej szkolenie <a href=\"https:\/\/us.edu.pl\/student\/kariera-i-rozwoj\/\">na stronie Biura Karier<\/a>.\u00a0Na dzie\u0144 przed szkoleniem zesp\u00f3\u0142 Biura Karier potwierdza obecno\u015bci uczestnika drog\u0105 telefoniczn\u0105 lub mailow\u0105. \r\n                                <div class=\"mt-3\"><\/div>\r\n                            <\/div>\r\n                            \r\n                            \r\n                        <\/div>\r\n                    <\/div>\r\n                <\/div>[\/vc_column][\/vc_row]<\/p>","protected":false},"excerpt":{"rendered":"<p>[vc_row][vc_column][\/vc_column][\/vc_row] [&#8230;]<\/p>\n<p><a class=\"btn btn-secondary understrap-read-more-link\" href=\"https:\/\/us.edu.pl\/student\/kariera-i-rozwoj\/rozwoj-osobisty\/szkolenia-i-warsztaty\/\">Read More&#8230;<\/a><\/p>\n","protected":false},"author":28,"featured_media":0,"parent":41159,"menu_order":0,"comment_status":"closed","ping_status":"closed","template":"","meta":{"_expiration-date-status":"","_expiration-date":0,"_expiration-date-type":"","_expiration-date-categories":[],"_expiration-date-options":[]},"acf":[],"_links":{"self":[{"href":"https:\/\/us.edu.pl\/student\/wp-json\/wp\/v2\/pages\/41164"}],"collection":[{"href":"https:\/\/us.edu.pl\/student\/wp-json\/wp\/v2\/pages"}],"about":[{"href":"https:\/\/us.edu.pl\/student\/wp-json\/wp\/v2\/types\/page"}],"author":[{"embeddable":true,"href":"https:\/\/us.edu.pl\/student\/wp-json\/wp\/v2\/users\/28"}],"replies":[{"embeddable":true,"href":"https:\/\/us.edu.pl\/student\/wp-json\/wp\/v2\/comments?post=41164"}],"version-history":[{"count":4,"href":"https:\/\/us.edu.pl\/student\/wp-json\/wp\/v2\/pages\/41164\/revisions"}],"predecessor-version":[{"id":45311,"href":"https:\/\/us.edu.pl\/student\/wp-json\/wp\/v2\/pages\/41164\/revisions\/45311"}],"up":[{"embeddable":true,"href":"https:\/\/us.edu.pl\/student\/wp-json\/wp\/v2\/pages\/41159"}],"wp:attachment":[{"href":"https:\/\/us.edu.pl\/student\/wp-json\/wp\/v2\/media?parent=41164"}],"curies":[{"name":"wp","href":"https:\/\/api.w.org\/{rel}","templated":true}]}}