{"id":41180,"date":"2023-09-11T11:45:03","date_gmt":"2023-09-11T09:45:03","guid":{"rendered":"https:\/\/us.edu.pl\/student\/?page_id=41180"},"modified":"2024-04-23T15:19:21","modified_gmt":"2024-04-23T13:19:21","slug":"program-crc","status":"publish","type":"page","link":"https:\/\/us.edu.pl\/student\/kariera-i-rozwoj\/rozwoj-osobisty\/program-crc\/","title":{"rendered":"program CRC"},"content":{"rendered":"<p>[vc_row][vc_column]\r\n                <div class=\"text-modules \">\r\n                    <div class=\"container\">\r\n                        <h3 class=\"section-title section-title_border-bottom\">Program CRC<\/h3> \r\n                        <div class=\"row m-0\">\r\n                            <div class=\"text-modules__content\">\r\n                                <\/p>\n<h4><strong>Czym jest Program Corporate Readiness Certificate?<\/strong><\/h4>\n<p>Program Corporate Readiness Certificate to presti\u017cowy program dla student\u00f3w organizowany wsp\u00f3lnie przez Kyndryl, Accenture, ING Hubs Poland oraz EY obejmuj\u0105cy wyk\u0142ady i szkolenia z zakresu IT i zarz\u0105dzania IT.<\/p>\n<h4><strong>Podstawowe cele programu<\/strong><\/h4>\n<p>Nadrz\u0119dnym celem Programu CRC jest stworzenie we wsp\u00f3\u0142pracy z uczelniami atrakcyjnej oferty edukacyjnej, kt\u00f3ra najzdolniejszym i najbardziej aktywnym studentom:<\/p>\n<ul>\n<li>umo\u017cliwi szybszy rozw\u00f3j,<\/li>\n<li>umo\u017cliwi zdobycie przedmiotowej wiedzy praktycznej,<\/li>\n<li>wykszta\u0142ci umiej\u0119tno\u015bci funkcjonowania w z\u0142o\u017conym, nowoczesnym \u015brodowisku biznesowym.<\/li>\n<\/ul>\n<h4><strong>Za\u0142o\u017cenia programu<\/strong><\/h4>\n<p>CRC to oferta dla aktywnych i otwartych na pozyskiwanie nowej wiedzy i zdobywanie praktycznych umiej\u0119tno\u015bci student\u00f3w, kt\u00f3ra daje unikalne mo\u017cliwo\u015bci rozwoju zawodowego.<\/p>\n<p>Udzia\u0142 w programie to wyj\u0105tkowa okazja, aby zdoby\u0107 dodatkow\u0105, specjalistyczn\u0105 wiedz\u0119 z zakresu IT oraz system\u00f3w zarz\u0105dzania prac\u0105 w du\u017cych przedsi\u0119biorstwach, pozna\u0107 nowe obszary dzia\u0142alno\u015bci biznesowej, aby w rezultacie zwi\u0119kszy\u0107 swoje szanse na rynku pracy.<\/p>\n<p>Przyk\u0142adowe tematy:<\/p>\n<ul>\n<li>Cybersecurity \u2013 defense in modern organizations<\/li>\n<li>Design Journey<\/li>\n<li>Communication and Multiculturalism in Business<\/li>\n<li>MsSQL<\/li>\n<li>Oracle SQL_PLSQL \u2013 introduction<\/li>\n<li>Oracle to the infinity and beyond<\/li>\n<li>Project Management in shared service<\/li>\n<li>Zmiana &#8211; najwi\u0119kszy trend po 2020<\/li>\n<li>Zarz\u0105dzanie modelami ryzyka w erze big data<\/li>\n<li>Zarz\u0105dzanie w zespo\u0142ach SCRUMowych<\/li>\n<li>Zarz\u0105dzanie mark\u0105 pracodawcy<\/li>\n<li>SAP Platforma Aplikacji Biznesowych<\/li>\n<li>IT Governance &#8211; wsp\u00f3\u0142praca pomi\u0119dzy IT i biznesem<\/li>\n<li>Sztuczna inteligencja dla przedsi\u0119biorstw: podej\u015bcie praktyczne<\/li>\n<li>Open Source dla Przedsi\u0119biorstw<\/li>\n<\/ul>\n<h4><strong>Organizatorzy<\/strong><\/h4>\n<p><em>Accenture<\/em> jest globaln\u0105 firm\u0105 zajmuj\u0105c\u0105 si\u0119 doradztwem w zakresie konsultingu, nowoczesnych technologii i outsourcingu.<\/p>\n<p><em>Kyndryl<\/em> jest \u015bwiatowym liderem w kreowaniu, rozwijaniu i produkcji najbardziej zaawansowanych technologii informatycznych obejmuj\u0105cych systemy komputerowe, oprogramowanie, systemy sieciowe, pami\u0119ci masowe i rozwi\u0105zania z zakresu mikroelektroniki.<\/p>\n<p><em>ING Hubs Poland<\/em> to centrum us\u0142ug wsp\u00f3lnych zlokalizowanych w Katowicach, kt\u00f3re dostarcza innowacyjne us\u0142ugi informatyczne dla sp\u00f3\u0142ek Grupy ING na ca\u0142ym \u015bwiecie.<\/p>\n<p><em>EY<\/em> jest \u015bwiatowym liderem rynku us\u0142ug profesjonalnych obejmuj\u0105cych us\u0142ugi audytorskie, doradztwo podatkowe, consulting oraz strategia i transakcje.<\/p>\n<h4><strong>Jak si\u0119 zapisa\u0107?<\/strong><\/h4>\n<p>Zapisy do CRC rozpoczynaj\u0105 si\u0119 zwykle na prze\u0142omie stycznia i lutego. Jest to te\u017c czas, w kt\u00f3rym odbywaj\u0105 si\u0119 egzaminy wst\u0119pne. Zaj\u0119cia z kolei realizowane s\u0105 w semestrze letnim roku akademickiego.<\/p>\n<p>Program ko\u0144czy si\u0119 uzyskaniem certyfikatu, kt\u00f3ry stanowi potwierdzenie zdobytych umiej\u0119tno\u015bci i otwiera drzwi do kariery.<\/p>\n<p>Dla najlepszych uczestnik\u00f3w przewidziana jest mo\u017cliwo\u015b\u0107 realizacji sta\u017cu! \r\n                                <div class=\"mt-3\"><\/div>\r\n                            <\/div>\r\n                            \r\n                            \r\n                        <\/div>\r\n                    <\/div>\r\n                <\/div>[\/vc_column][\/vc_row]<\/p>","protected":false},"excerpt":{"rendered":"<p>[vc_row][vc_column][\/vc_column][\/vc_row] [&#8230;]<\/p>\n<p><a class=\"btn btn-secondary understrap-read-more-link\" href=\"https:\/\/us.edu.pl\/student\/kariera-i-rozwoj\/rozwoj-osobisty\/program-crc\/\">Read More&#8230;<\/a><\/p>\n","protected":false},"author":28,"featured_media":0,"parent":41159,"menu_order":0,"comment_status":"closed","ping_status":"closed","template":"","meta":{"_expiration-date-status":"","_expiration-date":0,"_expiration-date-type":"","_expiration-date-categories":[],"_expiration-date-options":[]},"acf":[],"_links":{"self":[{"href":"https:\/\/us.edu.pl\/student\/wp-json\/wp\/v2\/pages\/41180"}],"collection":[{"href":"https:\/\/us.edu.pl\/student\/wp-json\/wp\/v2\/pages"}],"about":[{"href":"https:\/\/us.edu.pl\/student\/wp-json\/wp\/v2\/types\/page"}],"author":[{"embeddable":true,"href":"https:\/\/us.edu.pl\/student\/wp-json\/wp\/v2\/users\/28"}],"replies":[{"embeddable":true,"href":"https:\/\/us.edu.pl\/student\/wp-json\/wp\/v2\/comments?post=41180"}],"version-history":[{"count":5,"href":"https:\/\/us.edu.pl\/student\/wp-json\/wp\/v2\/pages\/41180\/revisions"}],"predecessor-version":[{"id":44094,"href":"https:\/\/us.edu.pl\/student\/wp-json\/wp\/v2\/pages\/41180\/revisions\/44094"}],"up":[{"embeddable":true,"href":"https:\/\/us.edu.pl\/student\/wp-json\/wp\/v2\/pages\/41159"}],"wp:attachment":[{"href":"https:\/\/us.edu.pl\/student\/wp-json\/wp\/v2\/media?parent=41180"}],"curies":[{"name":"wp","href":"https:\/\/api.w.org\/{rel}","templated":true}]}}