{"id":42652,"date":"2024-01-09T13:50:22","date_gmt":"2024-01-09T12:50:22","guid":{"rendered":"https:\/\/us.edu.pl\/student\/?page_id=42652"},"modified":"2024-12-06T08:28:02","modified_gmt":"2024-12-06T07:28:02","slug":"lektura-na-weekend","status":"publish","type":"page","link":"https:\/\/us.edu.pl\/student\/kariera-i-rozwoj\/e-publikacje\/lektura-na-weekend\/","title":{"rendered":"Lektura na weekend"},"content":{"rendered":"<p>[vc_row][vc_column]\r\n                <div class=\"text-modules \">\r\n                    <div class=\"container\">\r\n                        <h3 class=\"section-title section-title_border-bottom\">Lektura na weekend<\/h3> \r\n                        <div class=\"row m-0\">\r\n                            <div class=\"text-modules__content\">\r\n                                W niniejszej zak\u0142adce znajdziesz tre\u015bci tworzone przez nasze doradczynie zawodowe. Specjalnie dla student\u00f3w i absolwent\u00f3w Uniwersytetu \u015al\u0105skiego tworz\u0105 one teksty omawiaj\u0105ce sytuacj\u0119 na rynku pracy oraz zawieraj\u0105ce porady b\u0105d\u017a cenne informacje pomocne przy wej\u015bciu i poruszaniu si\u0119 po rynku pracy.<\/p>\n<h4><strong>Lista artyku\u0142\u00f3w:<\/strong><\/h4>\n<ul>\n<li><a href=\"https:\/\/us.edu.pl\/student\/wp-content\/uploads\/sites\/3\/Bez-kategorii\/lektura_na_weekend_Odkryj-swoj-tworczy-potencjal.-Czy-kreatywnosci-mozna-sie-nauczyc-1.pdf\" class=\"mtli_attachment mtli_pdf\" data-mtli=\"mtli_filesize335,36kB\">&#8222;Odkryj sw\u00f3j tw\u00f3rczy potencja\u0142. Czy kreatywno\u015bci mo\u017cna si\u0119 nauczy\u0107?&#8221; &#8211; Ma\u0142gorzata Chatys<\/a><\/li>\n<li><a href=\"https:\/\/us.edu.pl\/student\/wp-content\/uploads\/sites\/3\/Editor\/Biuro-Karier\/lektura_na_weekend_-_wymagane_doswiadczenie_zawodowe.pdf\" class=\"mtli_attachment mtli_pdf\" data-mtli=\"mtli_filesize302,88kB\">&#8222;Wymagane: do\u015bwiadczenie zawodowe&#8221; &#8211; Ewelina Skuba\u0142a<\/a><\/li>\n<li><a href=\"https:\/\/us.edu.pl\/student\/wp-content\/uploads\/sites\/3\/Editor\/Biuro-Karier\/Metafora-w-wyborze-sciezki-zawodowej.pdf\" class=\"mtli_attachment mtli_pdf\" data-mtli=\"mtli_filesize285,87kB\">&#8222;Metafora w wyborze \u015bcie\u017cki zawodowej&#8221; &#8211; Ma\u0142gorzata Chatys<\/a><\/li>\n<li><a href=\"https:\/\/us.edu.pl\/student\/wp-content\/uploads\/sites\/3\/Editor\/Biuro-Karier\/lektura_na_weekend_-_pali_sie_-1.pdf\" class=\"mtli_attachment mtli_pdf\" data-mtli=\"mtli_filesize1,05MB\">&#8222;Pali si\u0119&#8221; &#8211; Ma\u0142gorzata Biylnik<\/a><\/li>\n<li><a href=\"https:\/\/us.edu.pl\/student\/wp-content\/uploads\/sites\/3\/Editor\/Biuro-Karier\/lektura_na_weekend_-_wszystkie_puzzle_na_swoim_miejscu.pdf\" class=\"mtli_attachment mtli_pdf\" data-mtli=\"mtli_filesize237,35kB\">&#8222;Wszystkie puzzle na swoim miejscu&#8221; &#8211; Ewelina Skuba\u0142a<\/a><\/li>\n<li><a href=\"https:\/\/us.edu.pl\/student\/wp-content\/uploads\/sites\/3\/Editor\/Biuro-Karier\/przeznaczenie_-_rozpoznaj_zainteresowania_zawodowe.pdf\" class=\"mtli_attachment mtli_pdf\" data-mtli=\"mtli_filesize350,72kB\">&#8222;Przeznaczenie? &#8211; rozpoznaj zainteresowania zawodowe&#8221; &#8211; Ewa Cetnar-Tkaczyk<\/a><\/li>\n<li><a href=\"https:\/\/us.edu.pl\/student\/wp-content\/uploads\/sites\/3\/Editor\/Biuro-Karier\/lektura_na_weekend_-_po_co_sie_w_to_angazujesz.pdf\" class=\"mtli_attachment mtli_pdf\" data-mtli=\"mtli_filesize1,13MB\">&#8222;Po co si\u0119 w to anga\u017cujesz?&#8221; &#8211; Ma\u0142gorzata Biylnik<\/a><\/li>\n<li><a href=\"https:\/\/us.edu.pl\/student\/wp-content\/uploads\/sites\/3\/Editor\/Biuro-Karier\/lektura_na_weekend_-_rekrutacja_online-wchodze_w_to.pdf\" class=\"mtli_attachment mtli_pdf\" data-mtli=\"mtli_filesize261,57kB\">&#8222;Rekrutacja online? Wchodz\u0119 w to!&#8221; &#8211; Ewelina Kaleta<\/a><\/li>\n<li><a href=\"https:\/\/us.edu.pl\/student\/wp-content\/uploads\/sites\/3\/Editor\/Biuro-Karier\/lektura_na_weekend_urzad_pracy_co_oferuje_absolwentom.pdf\" class=\"mtli_attachment mtli_pdf\" data-mtli=\"mtli_filesize311,17kB\">&#8222;Urz\u0105d Pracy &#8211; co oferuje absolwentom?&#8221; &#8211; Ewa Cetnar-Tkaczyk<\/a><\/li>\n<li><a href=\"https:\/\/us.edu.pl\/student\/wp-content\/uploads\/sites\/3\/Editor\/Biuro-Karier\/lektura_na_weekend_-_jak_cie_widza_tak_cie_pisza.pdf\" class=\"mtli_attachment mtli_pdf\" data-mtli=\"mtli_filesize301,29kB\">&#8222;Jak ci\u0119 widz\u0105, tak ci\u0119 pisz\u0105! O sile personal brandingu&#8221; &#8211; Ewelina Kaleta<\/a><\/li>\n<li><a href=\"https:\/\/us.edu.pl\/student\/wp-content\/uploads\/sites\/3\/Editor\/Biuro-Karier\/lektura_na_weekend_na_wlasny_rachunek.pdf\" class=\"mtli_attachment mtli_pdf\" data-mtli=\"mtli_filesize319,95kB\">&#8222;Na w\u0142asny rachunek&#8221; &#8211; Ewa Cetnar-Tkaczyk<\/a><\/li>\n<li><a href=\"https:\/\/us.edu.pl\/student\/wp-content\/uploads\/sites\/3\/Editor\/Biuro-Karier\/lektura_na_weekend_-_lider-na-czasy-kryzysu.pdf\" class=\"mtli_attachment mtli_pdf\" data-mtli=\"mtli_filesize981,76kB\">&#8222;Lider na czasy kryzysu&#8221; &#8211; Ma\u0142gorzata Biylnik<\/a><\/li>\n<li><a href=\"https:\/\/us.edu.pl\/student\/wp-content\/uploads\/sites\/3\/Editor\/Biuro-Karier\/lektura_na_weekend_-_kompetencje.pdf\" class=\"mtli_attachment mtli_pdf\" data-mtli=\"mtli_filesize404,74kB\">&#8222;Wi\u0119cej ni\u017c dobre ch\u0119ci: kompetencje!&#8221; &#8211; Ewa Cetnar-Tkaczyk<\/a><\/li>\n<li><a href=\"https:\/\/us.edu.pl\/student\/wp-content\/uploads\/sites\/3\/Editor\/Biuro-Karier\/lektura_na_weekend_-_your_work_is_where_your_Wi-Fi_is.pdf\" class=\"mtli_attachment mtli_pdf\" data-mtli=\"mtli_filesize279,96kB\">&#8222;Your work is where your Wi-Fi is! Jak efektywnie pracowa\u0107 w domowym zaciszu?&#8221; &#8211; Ewelina Kaleta<\/a><\/li>\n<li><a href=\"https:\/\/us.edu.pl\/student\/wp-content\/uploads\/sites\/3\/Editor\/Biuro-Karier\/lektura_na_weekend_-_obudz_w_sobie_gracza.pdf\" class=\"mtli_attachment mtli_pdf\" data-mtli=\"mtli_filesize526,57kB\">&#8222;Obud\u017a w sobie gracza i pokonaj kwarantann\u0119&#8221; &#8211; Ma\u0142gorzata Biylnik<\/a><\/li>\n<\/ul>\n<div class=\"mt-3\"><\/div>\r\n                            <\/div>\r\n                            \r\n                            \r\n                        <\/div>\r\n                    <\/div>\r\n                <\/div>[\/vc_column][\/vc_row]<\/p>\n<style type=\"text\/css\">a[data-mtli~=\"mtli_filesize335,36kB\"]:after {content:\" (335,36 kB)\"}a[data-mtli~=\"mtli_filesize302,88kB\"]:after {content:\" (302,88 kB)\"}a[data-mtli~=\"mtli_filesize285,87kB\"]:after {content:\" (285,87 kB)\"}a[data-mtli~=\"mtli_filesize1,05MB\"]:after {content:\" (1,05 MB)\"}a[data-mtli~=\"mtli_filesize237,35kB\"]:after {content:\" (237,35 kB)\"}a[data-mtli~=\"mtli_filesize350,72kB\"]:after {content:\" (350,72 kB)\"}a[data-mtli~=\"mtli_filesize1,13MB\"]:after {content:\" (1,13 MB)\"}a[data-mtli~=\"mtli_filesize261,57kB\"]:after {content:\" (261,57 kB)\"}a[data-mtli~=\"mtli_filesize311,17kB\"]:after {content:\" (311,17 kB)\"}a[data-mtli~=\"mtli_filesize301,29kB\"]:after {content:\" (301,29 kB)\"}a[data-mtli~=\"mtli_filesize319,95kB\"]:after {content:\" (319,95 kB)\"}a[data-mtli~=\"mtli_filesize981,76kB\"]:after {content:\" (981,76 kB)\"}a[data-mtli~=\"mtli_filesize404,74kB\"]:after {content:\" (404,74 kB)\"}a[data-mtli~=\"mtli_filesize279,96kB\"]:after {content:\" (279,96 kB)\"}a[data-mtli~=\"mtli_filesize526,57kB\"]:after {content:\" (526,57 kB)\"}<\/style>","protected":false},"excerpt":{"rendered":"<p>[vc_row][vc_column][\/vc_column][\/vc_row] [&#8230;]<\/p>\n<p><a class=\"btn btn-secondary understrap-read-more-link\" href=\"https:\/\/us.edu.pl\/student\/kariera-i-rozwoj\/e-publikacje\/lektura-na-weekend\/\">Read More&#8230;<\/a><\/p>\n","protected":false},"author":28,"featured_media":0,"parent":42647,"menu_order":0,"comment_status":"closed","ping_status":"closed","template":"","meta":{"_expiration-date-status":"","_expiration-date":0,"_expiration-date-type":"","_expiration-date-categories":[],"_expiration-date-options":[]},"acf":[],"_links":{"self":[{"href":"https:\/\/us.edu.pl\/student\/wp-json\/wp\/v2\/pages\/42652"}],"collection":[{"href":"https:\/\/us.edu.pl\/student\/wp-json\/wp\/v2\/pages"}],"about":[{"href":"https:\/\/us.edu.pl\/student\/wp-json\/wp\/v2\/types\/page"}],"author":[{"embeddable":true,"href":"https:\/\/us.edu.pl\/student\/wp-json\/wp\/v2\/users\/28"}],"replies":[{"embeddable":true,"href":"https:\/\/us.edu.pl\/student\/wp-json\/wp\/v2\/comments?post=42652"}],"version-history":[{"count":7,"href":"https:\/\/us.edu.pl\/student\/wp-json\/wp\/v2\/pages\/42652\/revisions"}],"predecessor-version":[{"id":48475,"href":"https:\/\/us.edu.pl\/student\/wp-json\/wp\/v2\/pages\/42652\/revisions\/48475"}],"up":[{"embeddable":true,"href":"https:\/\/us.edu.pl\/student\/wp-json\/wp\/v2\/pages\/42647"}],"wp:attachment":[{"href":"https:\/\/us.edu.pl\/student\/wp-json\/wp\/v2\/media?parent=42652"}],"curies":[{"name":"wp","href":"https:\/\/api.w.org\/{rel}","templated":true}]}}