{"id":42689,"date":"2024-01-09T14:43:13","date_gmt":"2024-01-09T13:43:13","guid":{"rendered":"https:\/\/us.edu.pl\/student\/?page_id=42689"},"modified":"2024-08-09T14:00:11","modified_gmt":"2024-08-09T12:00:11","slug":"zrealizowane-projekty","status":"publish","type":"page","link":"https:\/\/us.edu.pl\/student\/kariera-i-rozwoj\/projekty\/zrealizowane-projekty\/","title":{"rendered":"zrealizowane projekty"},"content":{"rendered":"<p>[vc_row][vc_column]\r\n                <div class=\"text-modules\">\r\n                    <div class=\"container\">\r\n                        \r\n                        <div class=\"text-modules__content\"><\/p>\n<h3>Zrealizowane projekty<\/h3>\n<ul>\n<li><strong>\u201eEntrepreneur \u2013 Entrepreneurial Preparation for Notable and Engaging Universities\u201d<\/strong> &#8211; projekt realizowany w ramach programu \u201eHEI Initiative: Innovation Capacity Building for Higher Education\u201d finansowanego przez Europejski Instytut Technologii I Innowacji. Projekt zak\u0142ada rozwijanie kultury przedsi\u0119biorczo\u015bci i innowacyjno\u015bci w uczelni poprzez dzia\u0142ania skierowane do \u015brodowiska akademickiego \u2013 student\u00f3w, pracownik\u00f3w naukowych i administracyjnych takie jak: szkolenia, mentoring, konkursy na startupy, diagnoza aktywno\u015bci i zasob\u00f3w uczenia przedsi\u0119biorczo\u015bci w\u015br\u00f3d partner\u00f3w, analiza biur transferu technologii w celu ich wzmacniania i internacjonalizacji. Zadaniem Biura Karier jest organizacja i przeprowadzanie warsztat\u00f3w dla student\u00f3w z zakresu wsp\u00f3\u0142czesnej przedsi\u0119biorczo\u015bci i jej psychologicznych aspekt\u00f3w, co podnosi poziom wiedzy na temat cech osoby przedsi\u0119biorczej. Projekt zako\u0144czy\u0142 si\u0119 30 czerwca 2024 r.<\/li>\n<li><strong>&#8222;Jeden Uniwersytet &#8211; Wiele Mo\u017cliwo\u015bci. Program Zintegrowany&#8221;<\/strong> &#8211; celem modu\u0142u sta\u017cowego by\u0142a realizacja p\u0142atnych sta\u017cy zgodnych z kierunkiem kszta\u0142cenia, w wymiarze 120 lub 360 godzin zada\u0144 sta\u017cowych (przy za\u0142o\u017ceniu minimum 20 godzin tygodniowo). Sta\u017cami zostali obj\u0119ci studenci i studentki kierunk\u00f3w ze wszystkich obszar\u00f3w kszta\u0142cenia realizowanych na U\u015a, dzi\u0119ki czemu zniwelowane zosta\u0142y r\u00f3\u017cnice w dost\u0119pie do praktycznych form kszta\u0142cenia pomi\u0119dzy kierunkami \u015bcis\u0142ymi i przyrodniczymi a humanistycznymi i spo\u0142ecznymi oraz artystycznymi. Projekt trwa\u0142 do 30 grudnia 2023 r.<\/li>\n<li><strong>&#8222;Studia i co dalej? &#8211; zwi\u0119kszenie konkurencyjno\u015bci student\u00f3w U\u015a na rynku pracy&#8221;<\/strong> &#8211; celem projektu jest podniesienie jako\u015bci i rozw\u00f3j us\u0142ug \u015bwiadczonych przez Biuro Karier poprzez wsparcie w okresie trwania projektu student\u00f3w i studentek w rozpocz\u0119ciu aktywno\u015bci zawodowej na rynku pracy. Projekt trwa\u0142 do 30 kwietnia 2021 r i by\u0142 finansowany ze \u015brodk\u00f3w Unii Europejskiej w ramach Europejskiego Funduszu Spo\u0142ecznego.<\/li>\n<li><strong>\u201eCZAS NA STA\u017b \u2013 granty dla innowator\u00f3w spo\u0142ecznych oferuj\u0105cych nowe rozwi\u0105zania praktycznej nauki zawodu w przej\u015bciu z edukacji do pracy\u201d<\/strong> &#8211; celem projektu jest wsparcie procesu przej\u015bcia z systemu edukacji do aktywno\u015bci zawodowej poprzez upowszechnienie rozwi\u0105za\u0144 wypracowanych przez uczni\u00f3w szk\u00f3\u0142 zawodowych, student\u00f3w, rzemie\u015blnik\u00f3w oraz firmy. Projekt trwa\u0142 od lipca 2016 roku do wrze\u015bnia 2019 roku &#8211; i by\u0142 finansowany z Programu Operacyjnego Wiedza Edukacja Rozw\u00f3j.<\/li>\n<li><strong>&#8222;TEchnologies for young ENtrepreneurs&#8221;<\/strong> (TEEN) &#8211; celem projektu by\u0142o poznanie sposob\u00f3w rozpowszechniania kultury przedsi\u0119biorczo\u015bci i narz\u0119dzi IT wspieraj\u0105cych przedsi\u0119biorczo\u015b\u0107 w\u015br\u00f3d os\u00f3b m\u0142odych. Projekt trwa\u0142 od sierpnia 2013 roku do lipca 2015 roku &#8211; i by\u0142 finansowany z Programu Leonardo da Vinci.<\/li>\n<li><strong>&#8222;Programowanie kariery &#8211; wsparcie m\u0142odych os\u00f3b na rynku pracy&#8221;<\/strong> &#8211; celem projektu by\u0142a aktywizacja zawodowa i podniesienie zdolno\u015bci do zatrudnienia 60 uczestnik\u00f3w projektu, pozostaj\u0105cych bez zatrudnienia, poprzez wyposa\u017cenie ich w latach 2014-2015 w kwalifikacje i umiej\u0119tno\u015bci odpowiadaj\u0105ce zdiagnozowanym potrzebom pracodawc\u00f3w. Projekt trwa\u0142 od lutego 2014 do kwietnia 2015 roku &#8211; i by\u0142 finansowany z Programu Operacyjnego Kapita\u0142 Ludzki.<\/li>\n<li><strong>Aimed at Improving Higher Education in Serbia&#8221;<\/strong> &#8211; celem projektu by\u0142o stworzenie Narodowego Programu i Metodologii Doradztwa Kariery oraz przewodnika dotycz\u0105cego planowania kariery &#8222;CareerS Kit&#8221; dla student\u00f3w i pracownik\u00f3w naukowych. Projekt trwa\u0142 od 2011 roku do 2014 roku &#8211; i by\u0142 finansowany z Programu Tempus.<\/li>\n<li><strong>&#8222;Go to work. Polish young professionals on European labour market&#8221;<\/strong> &#8211; celem projektu by\u0142o wzmocnienie potencja\u0142u zawodowego absolwent\u00f3w kierunk\u00f3w \u015bcis\u0142ych Uniwersytetu \u015al\u0105skiego oraz u\u0142atwienie tym\u017ce absolwentom mo\u017cliwo\u015bci zdobycia do\u015bwiadczenia zawodowego za granic\u0105, podniesienia kompetencji mi\u0119dzykulturowych i j\u0119zykowych, zapoznania si\u0119 z warunkami pracy w \u015brodowisku mi\u0119dzynarodowym. Projekt trwa\u0142 od 2011 do 2013 roku &#8211; i by\u0142 finansowany z Programu Leonardo da Vinci.<\/li>\n<li><strong>&#8222;Przedsi\u0119biorczo\u015b\u0107 Akademicka na START&#8221;<\/strong> &#8211; celem projektu by\u0142o podniesienie poziomu kreatywno\u015bci, transferu wiedzy i postaw przedsi\u0119biorczych w\u015br\u00f3d student\u00f3w uczelni wy\u017cszych wojew\u00f3dztwa \u015bl\u0105skiego. Projekt trwa\u0142 od 2011 do 2013 roku &#8211; i by\u0142 finansowany z Programu Operacyjnego Kapita\u0142 Ludzki.<\/li>\n<li><strong>&#8222;Kreator Innowacyjno\u015bci &#8211; Wsparcie Innowacyjnej Przedsi\u0119biorczo\u015bci Akademickiej&#8221;<\/strong> &#8211; celem projektu by\u0142o promowanie idei przedsi\u0119biorczo\u015bci w \u015brodowisku akademickim oraz wspieranie jego uczestnik\u00f3w w zak\u0142adaniu i prowadzeniu w\u0142asnej dzia\u0142alno\u015bci gospodarczej. Projekt trwa\u0142 od 2011 do 2013 roku &#8211; i by\u0142 finansowany przez Narodowe Centrum Bada\u0144 i Rozwoju.<\/li>\n<li><strong>\u201eProgram Promocji Przedsi\u0119biorczo\u015bci w Uczelniach Wy\u017cszych w Wojew\u00f3dztwie \u015al\u0105skim\u201d<\/strong> &#8211; celem projektu by\u0142o, m.in. promowanie kreatywno\u015bci i przedsi\u0119biorczo\u015bci w\u015br\u00f3d student\u00f3w oraz pracownik\u00f3w akademickich uczelni wy\u017cszych z wojew\u00f3dztwa \u015bl\u0105skiego. Projekt trwa\u0142 od 2009 do 2011 roku &#8211; i by\u0142 finansowany z Programu Operacyjnego Kapita\u0142 Ludzki.<\/li>\n<\/ul>\n<p>\n<\/div>\r\n                    <\/div>\r\n                <\/div>\r\n                <div class=\"text-modules\">\r\n                    <div class=\"container\">\r\n                        \r\n                        <div class=\"text-modules__content\"><\/p>\n<h3>Zrealizowane wydarzenia<\/h3>\n<ul>\n<li><strong>\u201eTargi Kariery\u201d<\/strong> i <strong>\u201eJobs Spot\u201d<\/strong> \u2013 celem obu wydarze\u0144 by\u0142y spotkania student\u00f3w i absolwent\u00f3w Uniwersytetu \u015al\u0105skiego z przedstawicielami czo\u0142owych pracodawc\u00f3w w wojew\u00f3dztwie \u015bl\u0105skim. Wydarzenia by\u0142y realizowane w latach 2013-2015, przy czym Targi Kariery odbywa\u0142y si\u0119 w marcu, a Jobs Spot w pa\u017adzierniku.<\/li>\n<li>Spotkania <strong>\u201eLicencjat i co dalej?\u201d<\/strong> \u2013 ich celem by\u0142o uzyskanie przez absolwent\u00f3w I stopnia studi\u00f3w odpowiedzi na wszelkie pytania zwi\u0105zane z mo\u017cliwo\u015bci\u0105 zrobienia kariery. Spotkania odbywa\u0142y si\u0119 w 2013 roku.<\/li>\n<li>Spotkania <strong>\u201eKt\u00f3r\u0119dy do pracy?\u201d<\/strong> \u2013 ich celem by\u0142o stworzenie platformy wymiany informacji pomi\u0119dzy specjalistami konkretnych dziedzin i studentami rozwa\u017caj\u0105cymi wykonywanie wybranego zawodu w przysz\u0142o\u015bci. Spotkania odbywa\u0142y si\u0119 od 2010 do 2012 roku.<\/li>\n<\/ul>\n<p>\n<\/div>\r\n                    <\/div>\r\n                <\/div>\r\n                <div class=\"text-modules\">\r\n                    <div class=\"container\">\r\n                        \r\n                        <div class=\"text-modules__content\"><\/p>\n<h3>Zrealizowane konkursy<\/h3>\n<ul>\n<li>Konkurs &#8222;<strong>Praktykodawca Roku Wojew\u00f3dztwa \u015al\u0105skiego<\/strong>&#8221; &#8211; jego celem jest szeroko poj\u0119te promowanie idei organizowania warto\u015bciowych praktyk i sta\u017cy, m.in. poprzez wy\u0142anianie najlepszych praktykodawc\u00f3w w regionie i informowanie o nich student\u00f3w. Konkurs jest realizowany od 2014 roku.<\/li>\n<li>Konkurs na najlepsz\u0105 strategi\u0119 marketingow\u0105 Biura Karier &#8222;<strong>Zbuduj strategi\u0119 i zgarnij studia<\/strong>&#8221; &#8211; celem konkursu by\u0142o wy\u0142onienie najlepszej strategii marketingowej Biura Karier Uniwersytetu \u015al\u0105skiego. Konkurs odby\u0142 si\u0119 w 2013 roku &#8211; i by\u0142 finansowany ze \u015brodk\u00f3w Uniwersytetu \u015al\u0105skiego.<\/li>\n<li>&#8222;<strong>Konkurs na najlepsz\u0105 prac\u0119 dyplomow\u0105 poszukuj\u0105c\u0105 innowacyjnych rozwi\u0105za\u0144<\/strong>&#8221; &#8211; celem konkursu by\u0142o wy\u0142onienie najlepszej pracy dyplomowej (licencjackiej, in\u017cynierskiej lub magisterskiej), proponuj\u0105cej innowacyjne rozwi\u0105zanie w jednym z wskazanych obszar\u00f3w tematycznych.\u00a0 Konkurs odbywa\u0142 si\u0119 w latach 2012 i 2013 &#8211; i by\u0142 wsp\u00f3\u0142finansowany ze \u015brodk\u00f3w Narodowego Centrum Bada\u0144 i Rozwoju.<\/li>\n<\/ul>\n<p>\n<\/div>\r\n                    <\/div>\r\n                <\/div>[\/vc_column][\/vc_row]<\/p>","protected":false},"excerpt":{"rendered":"<p>[vc_row][vc_column][\/vc_column][\/vc_row] [&#8230;]<\/p>\n<p><a class=\"btn btn-secondary understrap-read-more-link\" href=\"https:\/\/us.edu.pl\/student\/kariera-i-rozwoj\/projekty\/zrealizowane-projekty\/\">Read More&#8230;<\/a><\/p>\n","protected":false},"author":28,"featured_media":0,"parent":42683,"menu_order":0,"comment_status":"closed","ping_status":"closed","template":"","meta":{"_expiration-date-status":"","_expiration-date":0,"_expiration-date-type":"","_expiration-date-categories":[],"_expiration-date-options":[]},"acf":[],"_links":{"self":[{"href":"https:\/\/us.edu.pl\/student\/wp-json\/wp\/v2\/pages\/42689"}],"collection":[{"href":"https:\/\/us.edu.pl\/student\/wp-json\/wp\/v2\/pages"}],"about":[{"href":"https:\/\/us.edu.pl\/student\/wp-json\/wp\/v2\/types\/page"}],"author":[{"embeddable":true,"href":"https:\/\/us.edu.pl\/student\/wp-json\/wp\/v2\/users\/28"}],"replies":[{"embeddable":true,"href":"https:\/\/us.edu.pl\/student\/wp-json\/wp\/v2\/comments?post=42689"}],"version-history":[{"count":10,"href":"https:\/\/us.edu.pl\/student\/wp-json\/wp\/v2\/pages\/42689\/revisions"}],"predecessor-version":[{"id":45295,"href":"https:\/\/us.edu.pl\/student\/wp-json\/wp\/v2\/pages\/42689\/revisions\/45295"}],"up":[{"embeddable":true,"href":"https:\/\/us.edu.pl\/student\/wp-json\/wp\/v2\/pages\/42683"}],"wp:attachment":[{"href":"https:\/\/us.edu.pl\/student\/wp-json\/wp\/v2\/media?parent=42689"}],"curies":[{"name":"wp","href":"https:\/\/api.w.org\/{rel}","templated":true}]}}

<p>[vc_row][vc_column]
                <div class="text-modules">
                    <div class="container">
                        
                        <div class="text-modules__content"></p>
<h3>Zrealizowane projekty</h3>
<ul>
<li><strong>„Entrepreneur – Entrepreneurial Preparation for Notable and Engaging Universities”</strong> &#8211; projekt realizowany w ramach programu „HEI Initiative: Innovation Capacity Building for Higher Education” finansowanego przez Europejski Instytut Technologii I Innowacji. Projekt zakłada rozwijanie kultury przedsiębiorczości i innowacyjności w uczelni poprzez działania skierowane do środowiska akademickiego – studentów, pracowników naukowych i administracyjnych takie jak: szkolenia, mentoring, konkursy na startupy, diagnoza aktywności i zasobów uczenia przedsiębiorczości wśród partnerów, analiza biur transferu technologii w celu ich wzmacniania i internacjonalizacji. Zadaniem Biura Karier jest organizacja i przeprowadzanie warsztatów dla studentów z zakresu współczesnej przedsiębiorczości i jej psychologicznych aspektów, co podnosi poziom wiedzy na temat cech osoby przedsiębiorczej. Projekt zakończył się 30 czerwca 2024 r.</li>
<li><strong>&#8222;Jeden Uniwersytet &#8211; Wiele Możliwości. Program Zintegrowany&#8221;</strong> &#8211; celem modułu stażowego była realizacja płatnych staży zgodnych z kierunkiem kształcenia, w wymiarze 120 lub 360 godzin zadań stażowych (przy założeniu minimum 20 godzin tygodniowo). Stażami zostali objęci studenci i studentki kierunków ze wszystkich obszarów kształcenia realizowanych na UŚ, dzięki czemu zniwelowane zostały różnice w dostępie do praktycznych form kształcenia pomiędzy kierunkami ścisłymi i przyrodniczymi a humanistycznymi i społecznymi oraz artystycznymi. Projekt trwał do 30 grudnia 2023 r.</li>
<li><strong>&#8222;Studia i co dalej? &#8211; zwiększenie konkurencyjności studentów UŚ na rynku pracy&#8221;</strong> &#8211; celem projektu jest podniesienie jakości i rozwój usług świadczonych przez Biuro Karier poprzez wsparcie w okresie trwania projektu studentów i studentek w rozpoczęciu aktywności zawodowej na rynku pracy. Projekt trwał do 30 kwietnia 2021 r i był finansowany ze środków Unii Europejskiej w ramach Europejskiego Funduszu Społecznego.</li>
<li><strong>„CZAS NA STAŻ – granty dla innowatorów społecznych oferujących nowe rozwiązania praktycznej nauki zawodu w przejściu z edukacji do pracy”</strong> &#8211; celem projektu jest wsparcie procesu przejścia z systemu edukacji do aktywności zawodowej poprzez upowszechnienie rozwiązań wypracowanych przez uczniów szkół zawodowych, studentów, rzemieślników oraz firmy. Projekt trwał od lipca 2016 roku do września 2019 roku &#8211; i był finansowany z Programu Operacyjnego Wiedza Edukacja Rozwój.</li>
<li><strong>&#8222;TEchnologies for young ENtrepreneurs&#8221;</strong> (TEEN) &#8211; celem projektu było poznanie sposobów rozpowszechniania kultury przedsiębiorczości i narzędzi IT wspierających przedsiębiorczość wśród osób młodych. Projekt trwał od sierpnia 2013 roku do lipca 2015 roku &#8211; i był finansowany z Programu Leonardo da Vinci.</li>
<li><strong>&#8222;Programowanie kariery &#8211; wsparcie młodych osób na rynku pracy&#8221;</strong> &#8211; celem projektu była aktywizacja zawodowa i podniesienie zdolności do zatrudnienia 60 uczestników projektu, pozostających bez zatrudnienia, poprzez wyposażenie ich w latach 2014-2015 w kwalifikacje i umiejętności odpowiadające zdiagnozowanym potrzebom pracodawców. Projekt trwał od lutego 2014 do kwietnia 2015 roku &#8211; i był finansowany z Programu Operacyjnego Kapitał Ludzki.</li>
<li><strong>Aimed at Improving Higher Education in Serbia&#8221;</strong> &#8211; celem projektu było stworzenie Narodowego Programu i Metodologii Doradztwa Kariery oraz przewodnika dotyczącego planowania kariery &#8222;CareerS Kit&#8221; dla studentów i pracowników naukowych. Projekt trwał od 2011 roku do 2014 roku &#8211; i był finansowany z Programu Tempus.</li>
<li><strong>&#8222;Go to work. Polish young professionals on European labour market&#8221;</strong> &#8211; celem projektu było wzmocnienie potencjału zawodowego absolwentów kierunków ścisłych Uniwersytetu Śląskiego oraz ułatwienie tymże absolwentom możliwości zdobycia doświadczenia zawodowego za granicą, podniesienia kompetencji międzykulturowych i językowych, zapoznania się z warunkami pracy w środowisku międzynarodowym. Projekt trwał od 2011 do 2013 roku &#8211; i był finansowany z Programu Leonardo da Vinci.</li>
<li><strong>&#8222;Przedsiębiorczość Akademicka na START&#8221;</strong> &#8211; celem projektu było podniesienie poziomu kreatywności, transferu wiedzy i postaw przedsiębiorczych wśród studentów uczelni wyższych województwa śląskiego. Projekt trwał od 2011 do 2013 roku &#8211; i był finansowany z Programu Operacyjnego Kapitał Ludzki.</li>
<li><strong>&#8222;Kreator Innowacyjności &#8211; Wsparcie Innowacyjnej Przedsiębiorczości Akademickiej&#8221;</strong> &#8211; celem projektu było promowanie idei przedsiębiorczości w środowisku akademickim oraz wspieranie jego uczestników w zakładaniu i prowadzeniu własnej działalności gospodarczej. Projekt trwał od 2011 do 2013 roku &#8211; i był finansowany przez Narodowe Centrum Badań i Rozwoju.</li>
<li><strong>„Program Promocji Przedsiębiorczości w Uczelniach Wyższych w Województwie Śląskim”</strong> &#8211; celem projektu było, m.in. promowanie kreatywności i przedsiębiorczości wśród studentów oraz pracowników akademickich uczelni wyższych z województwa śląskiego. Projekt trwał od 2009 do 2011 roku &#8211; i był finansowany z Programu Operacyjnego Kapitał Ludzki.</li>
</ul>
<p>
</div>
                    </div>
                </div>
                <div class="text-modules">
                    <div class="container">
                        
                        <div class="text-modules__content"></p>
<h3>Zrealizowane wydarzenia</h3>
<ul>
<li><strong>„Targi Kariery”</strong> i <strong>„Jobs Spot”</strong> – celem obu wydarzeń były spotkania studentów i absolwentów Uniwersytetu Śląskiego z przedstawicielami czołowych pracodawców w województwie śląskim. Wydarzenia były realizowane w latach 2013-2015, przy czym Targi Kariery odbywały się w marcu, a Jobs Spot w październiku.</li>
<li>Spotkania <strong>„Licencjat i co dalej?”</strong> – ich celem było uzyskanie przez absolwentów I stopnia studiów odpowiedzi na wszelkie pytania związane z możliwością zrobienia kariery. Spotkania odbywały się w 2013 roku.</li>
<li>Spotkania <strong>„Którędy do pracy?”</strong> – ich celem było stworzenie platformy wymiany informacji pomiędzy specjalistami konkretnych dziedzin i studentami rozważającymi wykonywanie wybranego zawodu w przyszłości. Spotkania odbywały się od 2010 do 2012 roku.</li>
</ul>
<p>
</div>
                    </div>
                </div>
                <div class="text-modules">
                    <div class="container">
                        
                        <div class="text-modules__content"></p>
<h3>Zrealizowane konkursy</h3>
<ul>
<li>Konkurs &#8222;<strong>Praktykodawca Roku Województwa Śląskiego</strong>&#8221; &#8211; jego celem jest szeroko pojęte promowanie idei organizowania wartościowych praktyk i staży, m.in. poprzez wyłanianie najlepszych praktykodawców w regionie i informowanie o nich studentów. Konkurs jest realizowany od 2014 roku.</li>
<li>Konkurs na najlepszą strategię marketingową Biura Karier &#8222;<strong>Zbuduj strategię i zgarnij studia</strong>&#8221; &#8211; celem konkursu było wyłonienie najlepszej strategii marketingowej Biura Karier Uniwersytetu Śląskiego. Konkurs odbył się w 2013 roku &#8211; i był finansowany ze środków Uniwersytetu Śląskiego.</li>
<li>&#8222;<strong>Konkurs na najlepszą pracę dyplomową poszukującą innowacyjnych rozwiązań</strong>&#8221; &#8211; celem konkursu było wyłonienie najlepszej pracy dyplomowej (licencjackiej, inżynierskiej lub magisterskiej), proponującej innowacyjne rozwiązanie w jednym z wskazanych obszarów tematycznych.  Konkurs odbywał się w latach 2012 i 2013 &#8211; i był współfinansowany ze środków Narodowego Centrum Badań i Rozwoju.</li>
</ul>
<p>
</div>
                    </div>
                </div>[/vc_column][/vc_row]</p>
