{"id":43004,"date":"2024-01-23T12:21:58","date_gmt":"2024-01-23T11:21:58","guid":{"rendered":"https:\/\/us.edu.pl\/student\/?page_id=43004"},"modified":"2024-01-23T12:29:09","modified_gmt":"2024-01-23T11:29:09","slug":"polityka-prywatnosci-aplikacji-dostepny-us","status":"publish","type":"page","link":"https:\/\/us.edu.pl\/student\/polityka-prywatnosci-aplikacji-dostepny-us\/","title":{"rendered":"Polityka prywatno\u015bci aplikacji \u201eDost\u0119pny U\u015a\u201d"},"content":{"rendered":"<p>[vc_row][vc_column]\r\n                <div class=\"text-modules\">\r\n                    <div class=\"container\">\r\n                        <h3 class=\"page-title text__title\">Polityka prywatno\u015bci aplikacji \u201eDost\u0119pny U\u015a\u201d<\/h3>\r\n                        <div class=\"text-modules__content\"><\/p>\n<h3><strong>Wprowadzenie<\/strong><\/h3>\n<p>Uniwersytet \u015al\u0105ski w Katowicach przywi\u0105zuje du\u017c\u0105 wag\u0119 do poszanowania prywatno\u015bci u\u017cytkownik\u00f3w aplikacji \u201eDost\u0119pny U\u015a\u201d.<br \/>\nNiniejsza Polityka Prywatno\u015bci okre\u015bla, w jakim celu i w jaki spos\u00f3b przetwarzane s\u0105 dane osobowe u\u017cytkownik\u00f3w aplikacji.<\/p>\n<\/div>\r\n                    <\/div>\r\n                <\/div>\r\n                <div class=\"text-modules\">\r\n                    <div class=\"container\">\r\n                        \r\n                        <div class=\"text-modules__content\"><\/p>\n<h3><strong>Dane kontaktowe<\/strong><\/h3>\n<p>Administratorem danych osobowych przetwarzanych w aplikacji jest Uniwersytet \u015al\u0105ski w Katowicach.<br \/>\nZ administratorem mo\u017cna si\u0119 skontaktowa\u0107 w nast\u0119puj\u0105cy spos\u00f3b:<\/p>\n<ul>\n<li>listownie na adres: ul. Bankowa 12, 40-007 Katowice,<\/li>\n<li>przez e-mail: administrator.danych@us.edu.pl.<\/li>\n<\/ul>\n<p>We wszystkich sprawach dotycz\u0105cych przetwarzania danych osobowych oraz korzystania z praw zwi\u0105zanych z przetwarzaniem danych, mo\u017cna si\u0119 kontaktowa\u0107 z Inspektorem Ochrony Danych Uniwersytetu \u015al\u0105skiego w Katowicach w nast\u0119puj\u0105cy spos\u00f3b:<\/p>\n<ul>\n<li>listownie na adres: ul. Bankowa 12, 40-007 Katowice,<\/li>\n<li>przez e-mail: iod@us.edu.pl.<\/li>\n<\/ul>\n<p>We wszystkich sprawach technicznych oraz zwi\u0105zanych z administrowaniem aplikacji nale\u017cy kontaktowa\u0107 si\u0119 mailowo na adres <a href=\"mailto:dlastudenta@us.edu.pl\">dlastudenta@us.edu.pl<\/a>.<\/p>\n<\/div>\r\n                    <\/div>\r\n                <\/div>\r\n                <div class=\"text-modules\">\r\n                    <div class=\"container\">\r\n                        \r\n                        <div class=\"text-modules__content\"><\/p>\n<h3><strong>Cel przetwarzania danych osobowych<\/strong><\/h3>\n<p>Celem przetwarzania danych osobowych w Aplikacji jest:<\/p>\n<ul>\n<li>u\u0142atwienie poruszania si\u0119 po budynkach i kampusach Uniwersytetu \u015al\u0105skiego;<\/li>\n<li>obs\u0142uga og\u0142osze\u0144 umieszczanych przez u\u017cytkownik\u00f3w aplikacji;<\/li>\n<li>obs\u0142uga zg\u0142osze\u0144 usterek przekazywanych do administrator\u00f3w aplikacji;<\/li>\n<li>obs\u0142uga zg\u0142osze\u0144 zwi\u0105zanych z wezwaniem pomocy lub asysty;<\/li>\n<li>weryfikacja to\u017csamo\u015bci u\u017cytkownika, kt\u00f3ry utraci\u0142 dost\u0119p do swojego konta w aplikacji.<\/li>\n<\/ul>\n<p>Z aplikacji mo\u017cna korzysta\u0107 w dw\u00f3ch trybach:<\/p>\n<ol>\n<li><strong>Tryb bez logowania<\/strong> przeznaczony dla ka\u017cdej osoby, kt\u00f3ra zainstaluje aplikacj\u0119. W trybie tym nie dochodzi do przetwarzania danych osobowych. Dost\u0119pna jest wy\u0142\u0105cznie mapa kampus\u00f3w oraz budynk\u00f3w Uniwersytetu \u015al\u0105skiego.<\/li>\n<li><strong>Tryb z logowaniem poprzez system to\u017csamo\u015bci CAS Uniwersytetu \u015al\u0105skiego, <\/strong>kt\u00f3ry przeznaczony jest dla ka\u017cdej osoby b\u0119d\u0105cej cz\u0142onkiem wsp\u00f3lnoty uniwersyteckiej i posiadaj\u0105cej konto w bazie USOS.<\/li>\n<\/ol>\n<p>Zakres przetwarzanych danych osobowych w trybie z logowaniem obejmuje:<\/p>\n<ol style=\"list-style-type: lower-alpha;\">\n<li>identyfikator u\u017cytkownika z bazy USOS;<\/li>\n<li>imi\u0119 i nazwisko;<\/li>\n<li>adres e-mail;<\/li>\n<li>status u\u017cytkownika (pracownik\/student);<\/li>\n<li>jednostka Uniwersytetu \u015al\u0105skiego.<\/li>\n<\/ol>\n<p>Podstaw\u0105 prawn\u0105 przetwarzania danych osobowych zalogowanego u\u017cytkownika aplikacji\u00a0 jest art. 6 ust. 1 lit. a rozporz\u0105dzenia Parlamentu Europejskiego i Rady (UE) 2016\/679 z dnia 27 kwietnia 2016 roku w sprawie ochrony os\u00f3b fizycznych w zwi\u0105zku z przetwarzaniem danych osobowych i w sprawie swobodnego przep\u0142ywu takich danych oraz uchylenia dyrektywy 95\/46\/WE \u2013 dalej RODO, tj. udzielenie zgody na przetwarzanie danych osobowych zalogowanego u\u017cytkownika aplikacji przez administratora.<br \/>\nW przypadku korzystania z obs\u0142ugi zg\u0142osze\u0144 zwi\u0105zanych z wezwaniem pomocy, podstaw\u0105 prawn\u0105 jest art. 6 ust. 1 lit. d RODO, tj. ochrona \u017cywotnych interes\u00f3w osoby, kt\u00f3rej dane dotycz\u0105. Ponadto, zalogowani u\u017cytkownicy korzystaj\u0105cy z innych funkcjonalno\u015bci aplikacji mog\u0105 dobrowolnie podawa\u0107 nast\u0119puj\u0105ce dane osobowe: imi\u0119 i nazwisko, pseudonim (nick), dane kontaktowe w szczeg\u00f3lno\u015bci nr telefonu, adresu e-mail, konta Facebook, Messenger.<\/p>\n<\/div>\r\n                    <\/div>\r\n                <\/div>\r\n                <div class=\"text-modules\">\r\n                    <div class=\"container\">\r\n                        \r\n                        <div class=\"text-modules__content\"><\/p>\n<h3><strong>Pliki cookie i zautomatyzowane przetwarzanie danych osobowych, tj. profilowanie.<\/strong><\/h3>\n<p>Aplikacja wykorzystuje jedynie niezb\u0119dne pliki cookie s\u0142u\u017c\u0105ce do obs\u0142ugi i zapewnienia prawid\u0142owego dzia\u0142ania. Dane identyfikacyjne urz\u0105dze\u0144 u\u017cytkownik\u00f3w nie s\u0105 rejestrowane i przechowywane. Przetwarzane dane osobowe w aplikacji nie b\u0119d\u0105 wykorzystywane do zautomatyzowanego przetwarzania danych dla celu analizy zachowa\u0144 konkretnych u\u017cytkownik\u00f3w aplikacji, profilowania. Mechanizm odpowiedzialny za nawigowanie i lokalizowanie oddzielony jest od to\u017csamo\u015bci u\u017cytkownika aplikacji, przetwarzaj\u0105c te dane w spos\u00f3b anonimowy.<\/p>\n<\/div>\r\n                    <\/div>\r\n                <\/div>\r\n                <div class=\"text-modules\">\r\n                    <div class=\"container\">\r\n                        \r\n                        <div class=\"text-modules__content\"><\/p>\n<h3><strong>Okres przechowywania danych osobowych.<\/strong><\/h3>\n<p>Twoje dane osobowe b\u0119d\u0105 przetwarzane do czasu istnienia podstawy do ich przetwarzania tj.:<\/p>\n<ul>\n<li>w przypadku przetwarzania danych na podstawie zgody, do momentu jej wycofania, zgod\u0119 mo\u017cna wycofa\u0107 poprzez wys\u0142anie wiadomo\u015bci na adres e-mail: <a href=\"mailto:dlastudenta@us.edu.pl\">dlastudenta@us.edu.pl<\/a>.<\/li>\n<\/ul>\n<p>Wycofanie zgody na przetwarzanie danych osobowych jest r\u00f3wnoznaczne z usuni\u0119ciem konta w aplikacji.<\/p>\n<\/div>\r\n                    <\/div>\r\n                <\/div>\r\n                <div class=\"text-modules\">\r\n                    <div class=\"container\">\r\n                        \r\n                        <div class=\"text-modules__content\"><\/p>\n<h3><strong>Odbiorcy danych osobowych<\/strong><\/h3>\n<p>Twoje dane osobowe mo\u017cemy przekazywa\u0107 podmiotom przetwarzaj\u0105cym je na nasze zlecenie, \u00a0kt\u00f3rym administrator na podstawie umowy powierzenia przetwarzania danych osobowych zleci\u0142 wykonanie okre\u015blonych us\u0142ug, z kt\u00f3rymi wi\u0105\u017ce si\u0119 konieczno\u015b\u0107 przetwarzania danych osobowych oraz organom lub podmiotom publicznym uprawnionym do uzyskania danych na podstawie obowi\u0105zuj\u0105cych przepis\u00f3w prawa.<\/p>\n<\/div>\r\n                    <\/div>\r\n                <\/div>\r\n                <div class=\"text-modules\">\r\n                    <div class=\"container\">\r\n                        \r\n                        <div class=\"text-modules__content\"><\/p>\n<h3><strong>Prawa zwi\u0105zane z przetwarzaniem danych osobowych:<\/strong><\/h3>\n<ul>\n<li>prawo dost\u0119pu do Twoich danych, w tym uzyskania kopii danych;<\/li>\n<li>prawo do sprostowania danych; prawo do usuni\u0119cia danych (do bycia zapomnianym);<\/li>\n<li>prawo do ograniczenia przetwarzania danych;<\/li>\n<li>prawo do sprzeciwu wobec przetwarzania danych;<\/li>\n<li>prawo do przeniesienia danych osobowych;<\/li>\n<li>prawo do wycofania zgody;<\/li>\n<li>prawo do z\u0142o\u017cenia skargi do Prezesa Urz\u0119du Ochrony Danych Osobowych.<\/li>\n<\/ul>\n<p>Polityka aktualna na dzie\u0144 18 stycznia 2023 r.<\/p>\n<\/div>\r\n                    <\/div>\r\n                <\/div>[\/vc_column][\/vc_row]<\/p>","protected":false},"excerpt":{"rendered":"<p>[vc_row][vc_column][\/vc_column][\/vc_row] [&#8230;]<\/p>\n<p><a class=\"btn btn-secondary understrap-read-more-link\" href=\"https:\/\/us.edu.pl\/student\/polityka-prywatnosci-aplikacji-dostepny-us\/\">Read More&#8230;<\/a><\/p>\n","protected":false},"author":28,"featured_media":0,"parent":0,"menu_order":0,"comment_status":"closed","ping_status":"closed","template":"","meta":{"_expiration-date-status":"","_expiration-date":0,"_expiration-date-type":"","_expiration-date-categories":[],"_expiration-date-options":[]},"acf":[],"_links":{"self":[{"href":"https:\/\/us.edu.pl\/student\/wp-json\/wp\/v2\/pages\/43004"}],"collection":[{"href":"https:\/\/us.edu.pl\/student\/wp-json\/wp\/v2\/pages"}],"about":[{"href":"https:\/\/us.edu.pl\/student\/wp-json\/wp\/v2\/types\/page"}],"author":[{"embeddable":true,"href":"https:\/\/us.edu.pl\/student\/wp-json\/wp\/v2\/users\/28"}],"replies":[{"embeddable":true,"href":"https:\/\/us.edu.pl\/student\/wp-json\/wp\/v2\/comments?post=43004"}],"version-history":[{"count":4,"href":"https:\/\/us.edu.pl\/student\/wp-json\/wp\/v2\/pages\/43004\/revisions"}],"predecessor-version":[{"id":43008,"href":"https:\/\/us.edu.pl\/student\/wp-json\/wp\/v2\/pages\/43004\/revisions\/43008"}],"wp:attachment":[{"href":"https:\/\/us.edu.pl\/student\/wp-json\/wp\/v2\/media?parent=43004"}],"curies":[{"name":"wp","href":"https:\/\/api.w.org\/{rel}","templated":true}]}}