{"id":44402,"date":"2024-05-31T10:50:58","date_gmt":"2024-05-31T08:50:58","guid":{"rendered":"https:\/\/us.edu.pl\/student\/?page_id=44402"},"modified":"2024-06-04T13:37:08","modified_gmt":"2024-06-04T11:37:08","slug":"uniwersytet-slaski-dzieci","status":"publish","type":"page","link":"https:\/\/us.edu.pl\/student\/dzialalnosc-studencka\/wyroznienia-jm-rektora-us\/laureatki-i-laureaci-xvi-edycji\/uniwersytet-slaski-dzieci\/","title":{"rendered":"Uniwersytet \u015al\u0105ski Dzieci"},"content":{"rendered":"<p>[vc_row][vc_column]\r\n                <div class=\"text-modules \">\r\n                    <div class=\"container\">\r\n                        <h3 class=\"section-title section-title_border-bottom\">Uniwersytet \u015al\u0105ski Dzieci<\/h3> \r\n                        <div class=\"row m-0\">\r\n                            <div class=\"text-modules__content\">\r\n                                <a href=\"#Zaborowska\">Pola Zaborowska<\/a><br \/>\n<a href=\"#Grynevych\">Sabrina Grynevych<\/a><br \/>\n<a href=\"#Wojdyla\">Szymon Wojdy\u0142a-Kania<\/a><br \/>\n<a href=\"#Radlak\">Ryszard Radlak<\/a><\/p>\n<div class=\"mt-3\"><\/div>\r\n                            <\/div>\r\n                            \r\n                            \r\n                        <\/div>\r\n                    <\/div>\r\n                <\/div>\r\n                <div class=\"text-modules \">\r\n                    <div class=\"container\">\r\n                         \r\n                        <div class=\"row m-0\">\r\n                            <div class=\"text-modules__content\">\r\n                                <\/p>\n<hr \/>\n<h3><b><a id=\"Zaborowska\"><\/a>Pola Zaborowska<\/b><\/h3>\n<p><span style=\"font-weight: 400;\">W Uniwersytecie \u015al\u0105skim Dzieci rozwija\u0142a swoje zainteresowania w grupie Poszukiwaczy. Najbardziej w Uniwersytecie \u015al\u0105skim Dzieci lubi warsztaty, poniewa\u017c, jak m\u00f3wi, \u201ezawsze dzieje si\u0119 tam co\u015b fajnego i mo\u017cna by\u0107 aktywnym\u201d. Z kolei wyk\u0142ady daj\u0105 jej mo\u017cliwo\u015b\u0107 poznania ciekawych zagadnie\u0144 z r\u00f3\u017cnych dziedzin, co mo\u017ce prowadzi\u0107 do odkrycia jakiej\u015b \u017cyciowej pasji. Poza tym w wolnym czasie uczestniczy w r\u00f3\u017cnych zaj\u0119ciach \u2013 \u0107wiczeniach taneczno-ruchowych, lekcjach p\u0142ywania, sportowych lekcjach wprowadzaj\u0105cych do judo oraz \u0142amig\u0142\u00f3wkach. Wyst\u0119puje w przedstawieniach zar\u00f3wno w przedszkolu, jak i w domu kultury, do kt\u00f3rego ucz\u0119szcza. Jest aktywna i z zaanga\u017cowaniem zdobywa nowe do\u015bwiadczenia. Bardzo lubi kosmos. Ciekawi\u0105 j\u0105 r\u00f3wnie\u017c piramidy egipskie, ch\u0119tnie ogl\u0105da programy dokumentalne dotycz\u0105ce tej tematyki. Lubi tak\u017ce zwierz\u0119ta, g\u0142\u00f3wnie gady.\u00a0<\/span> \r\n                                <div class=\"mt-3\"><\/div>\r\n                            <\/div>\r\n                            \r\n                            <div class=\"text-modules__img\"><img src=\"https:\/\/us.edu.pl\/student\/wp-content\/uploads\/sites\/3\/Wyroznienia-rektora\/Wyroznienia-2024\/Zaborowska-scaled-e1717500964843-270x300.jpeg\" alt=\"img\"><\/div>\r\n                        <\/div>\r\n                    <\/div>\r\n                <\/div>\r\n                <div class=\"text-modules \">\r\n                    <div class=\"container\">\r\n                         \r\n                        <div class=\"row m-0\">\r\n                            <div class=\"text-modules__content\">\r\n                                <\/p>\n<hr \/>\n<h3><b><a id=\"Grynevych\"><\/a>Sabrina Grynevych<\/b><\/h3>\n<p><span style=\"font-weight: 400;\">W Uniwersytecie \u015al\u0105skim Dzieci rozwija\u0142a swoje zainteresowania w grupie Odkrywc\u00f3w. Bardzo lubi studiowa\u0107 na uniwersytecie. Podobaj\u0105 jej si\u0119 wszystkie wyk\u0142ady i seminaria, szczeg\u00f3lnie z chemii, fizyki, biologii i astronomii. By\u0142a pod ogromnym wra\u017ceniem wyk\u0142adu o najniebezpieczniejszych wulkanach \u015bwiata i teraz marzy o zobaczeniu Wezuwiusza. Jest jedn\u0105 z najlepszych uczennic w klasie. Ma wiele r\u00f3\u017cnorodnych zainteresowa\u0144 \u2013 \u015bpiewa, gra g\u0142\u00f3wne role w szkolnym teatrze, zajmuje si\u0119 ta\u0144cem towarzyskim i akrobatyk\u0105, je\u017adzi na nartach, \u0142y\u017cwach i rolkach, uczy si\u0119 angielskiego i hiszpa\u0144skiego. W latach 2023\u20132024 ma znacz\u0105cy dorobek wokalny i zwyci\u0119\u017ca w mi\u0119dzynarodowych konkursach wokalnych. Jej najwi\u0119kszym osi\u0105gni\u0119ciem w ci\u0105gu ostatniego roku jest otrzymanie nagrody Gold Grand Prix w mi\u0119dzynarodowym konkursie Star Gold Talent. Posiada tak\u017ce dyplomy za zwyci\u0119stwa w turniejach ta\u0144ca towarzyskiego. Bardzo lubi te\u017c rysowa\u0107 i rze\u017abi\u0107 z plasteliny.\u00a0<\/span> \r\n                                <div class=\"mt-3\"><\/div>\r\n                            <\/div>\r\n                            \r\n                            <div class=\"text-modules__img\"><img src=\"https:\/\/us.edu.pl\/student\/wp-content\/uploads\/sites\/3\/Wyroznienia-rektora\/Wyroznienia-2024\/Grynevych-1-218x300.jpeg\" alt=\"img\"><\/div>\r\n                        <\/div>\r\n                    <\/div>\r\n                <\/div>\r\n                <div class=\"text-modules \">\r\n                    <div class=\"container\">\r\n                         \r\n                        <div class=\"row m-0\">\r\n                            <div class=\"text-modules__content\">\r\n                                <\/p>\n<hr \/>\n<h3><b><a id=\"Wojdyla\"><\/a>Szymon Wojdy\u0142a-Kania<\/b><\/h3>\n<p><span style=\"font-weight: 400;\">W Uniwersytecie \u015al\u0105skim Dzieci rozwija\u0142 swoje zainteresowania w grupie M\u0142odych Naukowc\u00f3w. Pasjonat w\u0119dr\u00f3wek g\u00f3rskich, p\u0142ywania oraz pi\u0142ki no\u017cnej. Mi\u0142o\u015bnik klock\u00f3w Lego, zwierz\u0105t i nauk przyrodniczych. Artysta malarz. Kolekcjoner skamienia\u0142o\u015bci i replik starych samochod\u00f3w. Wielokrotny wolontariusz Wielkiej Orkiestry \u015awi\u0105tecznej Pomocy. Wolontariusz Uniwersytetu \u015al\u0105skiego Dzieci.<\/span> \r\n                                <div class=\"mt-3\"><\/div>\r\n                            <\/div>\r\n                            \r\n                            <div class=\"text-modules__img\"><img src=\"https:\/\/us.edu.pl\/student\/wp-content\/uploads\/sites\/3\/Wyroznienia-rektora\/Wyroznienia-2024\/Wojdyla-Kania-1-225x300.jpg\" alt=\"img\"><\/div>\r\n                        <\/div>\r\n                    <\/div>\r\n                <\/div>\r\n                <div class=\"text-modules \">\r\n                    <div class=\"container\">\r\n                         \r\n                        <div class=\"row m-0\">\r\n                            <div class=\"text-modules__content\">\r\n                                <\/p>\n<hr \/>\n<h3><b><a id=\"Radlak\"><\/a>Ryszard Radlak<\/b><\/h3>\n<p><span style=\"font-weight: 400;\">W Uniwersytecie \u015al\u0105skim Dzieci rozwija swoje zainteresowania od ponad o\u015bmiu lat, przechodz\u0105c wszystkie stopnie wtajemniczenia w wiedz\u0119 naukow\u0105 \u2013 obecnie jest w grupie Ekspert\u00f3w. Szczeg\u00f3lnie interesuj\u0105 go historia i matematyka \u2013 korzysta z ka\u017cdej okazji uczestnictwa w zaj\u0119ciach z tych dziedzin oraz konkursach szkolnych i mi\u0119dzyszkolnych \u2013 a tak\u017ce ekonomia, z kt\u00f3rej zakres wiedzy ma szerszy ni\u017c niejeden doros\u0142y. Nie zaniedbuje r\u00f3wnie\u017c aktywno\u015bci fizycznej, po\u015bwi\u0119caj\u0105c na treningi p\u0142ywackie kilkana\u015bcie godzin tygodniowo. Czas wolny lubi sp\u0119dza\u0107 na czytaniu ksi\u0105\u017cek, uk\u0142adaniu klock\u00f3w Lego oraz graniu w gry planszowe. Uniwersytet \u015al\u0105ski jest dla niego miejscem, w kt\u00f3rym w przyst\u0119pny i ciekawy spos\u00f3b mo\u017ce poszerza\u0107 swoj\u0105 wiedz\u0119 z r\u00f3\u017cnych dziedzin.<\/span> \r\n                                <div class=\"mt-3\"><\/div>\r\n                            <\/div>\r\n                            \r\n                            <div class=\"text-modules__img\"><img src=\"https:\/\/us.edu.pl\/student\/wp-content\/uploads\/sites\/3\/Wyroznienia-rektora\/Wyroznienia-2024\/Radlak-1-200x300.jpg\" alt=\"img\"><\/div>\r\n                        <\/div>\r\n                    <\/div>\r\n                <\/div>[\/vc_column][\/vc_row]<\/p>","protected":false},"excerpt":{"rendered":"<p>[vc_row][vc_column][\/vc_column][\/vc_row] [&#8230;]<\/p>\n<p><a class=\"btn btn-secondary understrap-read-more-link\" href=\"https:\/\/us.edu.pl\/student\/dzialalnosc-studencka\/wyroznienia-jm-rektora-us\/laureatki-i-laureaci-xvi-edycji\/uniwersytet-slaski-dzieci\/\">Read More&#8230;<\/a><\/p>\n","protected":false},"author":28,"featured_media":0,"parent":44347,"menu_order":0,"comment_status":"closed","ping_status":"closed","template":"","meta":{"_expiration-date-status":"","_expiration-date":0,"_expiration-date-type":"","_expiration-date-categories":[],"_expiration-date-options":[]},"acf":[],"_links":{"self":[{"href":"https:\/\/us.edu.pl\/student\/wp-json\/wp\/v2\/pages\/44402"}],"collection":[{"href":"https:\/\/us.edu.pl\/student\/wp-json\/wp\/v2\/pages"}],"about":[{"href":"https:\/\/us.edu.pl\/student\/wp-json\/wp\/v2\/types\/page"}],"author":[{"embeddable":true,"href":"https:\/\/us.edu.pl\/student\/wp-json\/wp\/v2\/users\/28"}],"replies":[{"embeddable":true,"href":"https:\/\/us.edu.pl\/student\/wp-json\/wp\/v2\/comments?post=44402"}],"version-history":[{"count":4,"href":"https:\/\/us.edu.pl\/student\/wp-json\/wp\/v2\/pages\/44402\/revisions"}],"predecessor-version":[{"id":44682,"href":"https:\/\/us.edu.pl\/student\/wp-json\/wp\/v2\/pages\/44402\/revisions\/44682"}],"up":[{"embeddable":true,"href":"https:\/\/us.edu.pl\/student\/wp-json\/wp\/v2\/pages\/44347"}],"wp:attachment":[{"href":"https:\/\/us.edu.pl\/student\/wp-json\/wp\/v2\/media?parent=44402"}],"curies":[{"name":"wp","href":"https:\/\/api.w.org\/{rel}","templated":true}]}}