{"id":44406,"date":"2024-05-31T10:57:12","date_gmt":"2024-05-31T08:57:12","guid":{"rendered":"https:\/\/us.edu.pl\/student\/?page_id=44406"},"modified":"2024-05-31T10:57:12","modified_gmt":"2024-05-31T08:57:12","slug":"uniwersytet-slaski-mlodziezy","status":"publish","type":"page","link":"https:\/\/us.edu.pl\/student\/dzialalnosc-studencka\/wyroznienia-jm-rektora-us\/laureatki-i-laureaci-xvi-edycji\/uniwersytet-slaski-mlodziezy\/","title":{"rendered":"Uniwersytet \u015al\u0105ski M\u0142odzie\u017cy"},"content":{"rendered":"<p>[vc_row][vc_column]\r\n                <div class=\"text-modules \">\r\n                    <div class=\"container\">\r\n                        <h3 class=\"section-title section-title_border-bottom\">Uniwersytet \u015al\u0105ski M\u0142odzie\u017cy <\/h3> \r\n                        <div class=\"row m-0\">\r\n                            <div class=\"text-modules__content\">\r\n                                <\/p>\n<h3><b>Hanna Klimczak<\/b><\/h3>\n<p><span style=\"font-weight: 400;\">Ucz\u0119szcza\u0142a na zaj\u0119cia Uniwersytetu \u015al\u0105skiego M\u0142odzie\u017cy w roku akademickim 2022\/2023 oraz 2023\/2024. Ponadto bra\u0142a udzia\u0142 w wakacyjnych zaj\u0119ciach \u201eFizjoQuest\u201d, gdzie wykazywa\u0142a si\u0119 wyj\u0105tkow\u0105 aktywno\u015bci\u0105 i ogromn\u0105 ciekawo\u015bci\u0105 \u015bwiata nauki. Dodatkowo zaanga\u017cowa\u0142a si\u0119 w pomoc przy organizacji i prowadzeniu warsztat\u00f3w w ramach przystanku naukowego \u201eBiostrefa\u201d podczas Uniwersyteckiego Miasteczka Naukowego (2023). Zosta\u0142a uhonorowana trzykrotnie stypendium \u201e\u015al\u0105skie. Inwestujemy w Talenty\u201d oraz dwukrotnie stypendium Prezesa Rady Ministr\u00f3w, otrzyma\u0142a r\u00f3wnie\u017c tytu\u0142 Absolwenta Roku. Zdoby\u0142a certyfikat CAE oraz\u00a0 trzecie miejsce w konkursie \u201eReaguj na hejt!\u201d organizowanym przez Wydzia\u0142 Polityki Spo\u0142ecznej Bielska-Bia\u0142ej. Uniwersytet \u015al\u0105ski jest dla niej miejscem, w kt\u00f3rym odkry\u0142a swoj\u0105 pasj\u0119 do nauk biologicznych oraz pozna\u0142a osoby wspieraj\u0105ce j\u0105 w d\u0105\u017ceniu do zg\u0142\u0119biania tajemnic biologii.<\/span> \r\n                                <div class=\"mt-3\"><\/div>\r\n                            <\/div>\r\n                            \r\n                            \r\n                        <\/div>\r\n                    <\/div>\r\n                <\/div>[\/vc_column][\/vc_row]<\/p>","protected":false},"excerpt":{"rendered":"<p>[vc_row][vc_column][\/vc_column][\/vc_row] [&#8230;]<\/p>\n<p><a class=\"btn btn-secondary understrap-read-more-link\" href=\"https:\/\/us.edu.pl\/student\/dzialalnosc-studencka\/wyroznienia-jm-rektora-us\/laureatki-i-laureaci-xvi-edycji\/uniwersytet-slaski-mlodziezy\/\">Read More&#8230;<\/a><\/p>\n","protected":false},"author":28,"featured_media":0,"parent":44347,"menu_order":0,"comment_status":"closed","ping_status":"closed","template":"","meta":{"_expiration-date-status":"","_expiration-date":0,"_expiration-date-type":"","_expiration-date-categories":[],"_expiration-date-options":[]},"acf":[],"_links":{"self":[{"href":"https:\/\/us.edu.pl\/student\/wp-json\/wp\/v2\/pages\/44406"}],"collection":[{"href":"https:\/\/us.edu.pl\/student\/wp-json\/wp\/v2\/pages"}],"about":[{"href":"https:\/\/us.edu.pl\/student\/wp-json\/wp\/v2\/types\/page"}],"author":[{"embeddable":true,"href":"https:\/\/us.edu.pl\/student\/wp-json\/wp\/v2\/users\/28"}],"replies":[{"embeddable":true,"href":"https:\/\/us.edu.pl\/student\/wp-json\/wp\/v2\/comments?post=44406"}],"version-history":[{"count":1,"href":"https:\/\/us.edu.pl\/student\/wp-json\/wp\/v2\/pages\/44406\/revisions"}],"predecessor-version":[{"id":44407,"href":"https:\/\/us.edu.pl\/student\/wp-json\/wp\/v2\/pages\/44406\/revisions\/44407"}],"up":[{"embeddable":true,"href":"https:\/\/us.edu.pl\/student\/wp-json\/wp\/v2\/pages\/44347"}],"wp:attachment":[{"href":"https:\/\/us.edu.pl\/student\/wp-json\/wp\/v2\/media?parent=44406"}],"curies":[{"name":"wp","href":"https:\/\/api.w.org\/{rel}","templated":true}]}}