{"id":5046,"date":"2019-09-16T11:15:32","date_gmt":"2019-09-16T09:15:32","guid":{"rendered":"http:\/\/php71.nfinity-beta.pl\/us\/student\/?page_id=5046"},"modified":"2020-06-24T18:10:34","modified_gmt":"2020-06-24T16:10:34","slug":"ios-czyli-indywidualna-organizacja-studiow","status":"publish","type":"page","link":"https:\/\/us.edu.pl\/student\/studia\/tok-studiow-2\/ios-czyli-indywidualna-organizacja-studiow\/","title":{"rendered":"IOS, czyli Indywidualna Organizacja Studi\u00f3w"},"content":{"rendered":"<p>[vc_row][vc_column]\r\n                <div class=\"text-modules\">\r\n                    <div class=\"container\">\r\n                        <h3 class=\"page-title text__title\">Zasady przyznawania IOS<\/h3>\r\n                        <div class=\"text-modules__content\"><p>IOS, czyli indywidualna organizacja studi\u00f3w, to przyznawana na<b> jeden semestr<\/b> forma pomocy polegaj\u0105ca na specjalnym trybie organizacji zaj\u0119\u0107. Skierowana jest do student\u00f3w, kt\u00f3rym aktualna sytuacja uniemo\u017cliwia kontynuowanie toku studi\u00f3w na zasadach og\u00f3lnych. Pozwala na:<\/p>\n<ul style=\"list-style-type: circle\">\n<li>indywidualne ustalenie sposob\u00f3w realizacji uczenia si\u0119 w zakresie przewidzianym dla danego przedmiotu (modu\u0142u) \u2013 wyb\u00f3r grupy \u0107wiczeniowej, ustalenie termin\u00f3w zaj\u0119\u0107 kontaktowych, w szczeg\u00f3lno\u015bci wcze\u015bniejsze wychodzenie z zaj\u0119\u0107, nieobecno\u015b\u0107 na niekt\u00f3rych zaj\u0119ciach etc.;<\/li>\n<li>indywidualne ustalenie terminu i sposobu weryfikacji efekt\u00f3w uczenia si\u0119 (egzamin\u00f3w, zalicze\u0144) \u2013 z uwzgl\u0119dnieniem harmonogramu przyj\u0119tego na danym kierunku studi\u00f3w.<\/li>\n<\/ul>\n<p>Student, kt\u00f3ry uzyska\u0142 zgod\u0119 dziekana na IOS, uczestniczy w zaj\u0119ciach na zasadach zaakceptowanych przez dziekana. Nie musi uczestniczy\u0107 w zaj\u0119ciach ze wszystkich przedmiot\u00f3w na zasadach og\u00f3lnych. W przypadku tych przedmiot\u00f3w musi jednak ustali\u0107 z prowadz\u0105cymi zaj\u0119cia spos\u00f3b uczestnictwa w zaj\u0119ciach i spos\u00f3b ich zaliczenia.<\/p>\n<p>IOS mo\u017ce dotyczy\u0107 wszystkich przedmiot\u00f3w przewidzianych w planie studi\u00f3w w danym semestrze lub tylko niekt\u00f3rych; w\u00f3wczas w odniesieniu do pozosta\u0142ych przedmiot\u00f3w student jest zobowi\u0105zany do uczestnictwa w zaj\u0119ciach na zasadach og\u00f3lnych.<\/p>\n<p>Dziekan mo\u017ce cofn\u0105\u0107 zgod\u0119 na IOS, je\u015bli student nie spe\u0142nia ustalonych warunk\u00f3w.<\/p>\n<\/div>\r\n                    <\/div>\r\n                <\/div>\r\n                <div class=\"text-modules\">\r\n                    <div class=\"container\">\r\n                        <h3 class=\"page-title text__title\">Kto mo\u017ce ubiega\u0107 si\u0119 o IOS?<\/h3>\r\n                        <div class=\"text-modules__content\"><\/p>\n<ul style=\"list-style-type: circle\">\n<li>studentka w ci\u0105\u017cy;<\/li>\n<li>student b\u0119d\u0105cy rodzicem \u2013 niezale\u017cnie od wieku dziecka;<\/li>\n<li>w innych przypadkach \u2013 ka\u017cdy student, je\u015bli zachodz\u0105 okoliczno\u015bci uzasadniaj\u0105ce przyznanie IOS, w szczeg\u00f3lno\u015bci: studiowanie na drugim kierunku lub specjalno\u015bci, udzia\u0142 w wymianie mi\u0119dzyuczelnianej.<\/li>\n<\/ul>\n<p>\n<\/div>\r\n                    <\/div>\r\n                <\/div>\r\n                <div class=\"text-modules\">\r\n                    <div class=\"container\">\r\n                        <h3 class=\"page-title text__title\">Wniosek o udzielenie zgody na IOS<\/h3>\r\n                        <div class=\"text-modules__content\"><p>Student, kt\u00f3ry chce ubiega\u0107 si\u0119 o IOS, musi pobra\u0107 odpowiedni\u00a0formularz wniosku. We wniosku student:<\/p>\n<ul>\n<li>uzasadnia swoj\u0105 pro\u015bb\u0119;<\/li>\n<li>wyszczeg\u00f3lnia przedmioty, kt\u00f3re chce realizowa\u0107 w trybie IOS;<\/li>\n<li>w przypadku ka\u017cdego wyszczeg\u00f3lnionego przedmiotu ustala tryb uczestnictwa w zaj\u0119ciach i warunki zaliczenia z prowadz\u0105cym zaj\u0119cia (brak opinii prowadz\u0105cego lub opinia negatywna oznacza, \u017ce dany przedmiot realizowany b\u0119dzie na zasadach og\u00f3lnych);<\/li>\n<li>wpisuje ustalenia i prosi prowadz\u0105cego o podpis.<\/li>\n<\/ul>\n<p>Kompletny wniosek nale\u017cy z\u0142o\u017cy\u0107 w dziekanacie.<\/p>\n<\/div>\r\n                    <\/div>\r\n                <\/div>\r\n                <div class=\"text-modules\">\r\n                    <div class=\"container\">\r\n                        <h3 class=\"page-title text__title\">Pami\u0119taj!<\/h3>\r\n                        <div class=\"text-modules__content\"><p>Wniosek o IOS nale\u017cy sk\u0142ada\u0107 co semestr, najlepiej niezw\u0142ocznie po jego rozpocz\u0119ciu.<\/p>\n<\/div>\r\n                    <\/div>\r\n                <\/div>\r\n                <div class=\"text-modules\">\r\n                    <div class=\"container\">\r\n                        <h3 class=\"page-title text__title\">Wymagane dokumenty<\/h3>\r\n                        <div class=\"text-modules__content\"><\/p>\n<ul style=\"list-style-type: circle\">\n<li>wz\u00f3r podania o IOS: wychowanie dziecka, studia na drugim kierunku (drugiej specjalno\u015bci), wymiana mi\u0119dzyuczelniana (<a href=\"\/\/us.edu.pl\/student\/wp-content\/uploads\/sites\/3\/Nieprzypisane\/IOS-klasyczny.docx\" class=\"mtli_attachment mtli_docx\" data-mtli=\"mtli_filesize30,71kB\" class=\"mtli_attachment mtli_docx\" data-mtli=\"mtli_filesize30,71kB\">pobierz formularz<\/a>)<\/li>\n<li>wz\u00f3r podania o IOS: pozosta\u0142e przypadki (<a href=\"https:\/\/us.edu.pl\/student\/wp-content\/uploads\/sites\/3\/Nieprzypisane\/IOS-2.docx\" class=\"mtli_attachment mtli_docx\" data-mtli=\"mtli_filesize31,46kB\" class=\"mtli_attachment mtli_docx\" data-mtli=\"mtli_filesize31,46kB\">pobierz formularz<\/a>)<\/li>\n<\/ul>\n<p>\n<style type=\"text\/css\">a[data-mtli~=\"mtli_filesize30,71kB\"]:after {content:\" (30,71 kB)\"}a[data-mtli~=\"mtli_filesize31,46kB\"]:after {content:\" (31,46 kB)\"}<\/style><\/div>\r\n                    <\/div>\r\n                <\/div>[\/vc_column][\/vc_row]<\/p>\n<style type=\"text\/css\">a[data-mtli~=\"mtli_filesize30,71kB\"]:after {content:\" (30,71 kB)\"}a[data-mtli~=\"mtli_filesize31,46kB\"]:after {content:\" (31,46 kB)\"}<\/style>","protected":false},"excerpt":{"rendered":"<p>[vc_row][vc_column][\/vc_column][\/vc_row] [&#8230;]<\/p>\n<p><a class=\"btn btn-secondary understrap-read-more-link\" href=\"https:\/\/us.edu.pl\/student\/studia\/tok-studiow-2\/ios-czyli-indywidualna-organizacja-studiow\/\">Read More&#8230;<\/a><\/p>\n","protected":false},"author":1,"featured_media":0,"parent":9046,"menu_order":0,"comment_status":"closed","ping_status":"closed","template":"page-templates\/inner-page.php","meta":{"_expiration-date-status":"saved","_expiration-date":0,"_expiration-date-type":"","_expiration-date-categories":[],"_expiration-date-options":[]},"acf":[],"_links":{"self":[{"href":"https:\/\/us.edu.pl\/student\/wp-json\/wp\/v2\/pages\/5046"}],"collection":[{"href":"https:\/\/us.edu.pl\/student\/wp-json\/wp\/v2\/pages"}],"about":[{"href":"https:\/\/us.edu.pl\/student\/wp-json\/wp\/v2\/types\/page"}],"author":[{"embeddable":true,"href":"https:\/\/us.edu.pl\/student\/wp-json\/wp\/v2\/users\/1"}],"replies":[{"embeddable":true,"href":"https:\/\/us.edu.pl\/student\/wp-json\/wp\/v2\/comments?post=5046"}],"version-history":[{"count":0,"href":"https:\/\/us.edu.pl\/student\/wp-json\/wp\/v2\/pages\/5046\/revisions"}],"up":[{"embeddable":true,"href":"https:\/\/us.edu.pl\/student\/wp-json\/wp\/v2\/pages\/9046"}],"wp:attachment":[{"href":"https:\/\/us.edu.pl\/student\/wp-json\/wp\/v2\/media?parent=5046"}],"curies":[{"name":"wp","href":"https:\/\/api.w.org\/{rel}","templated":true}]}}