{"id":53893,"date":"2025-06-02T10:42:45","date_gmt":"2025-06-02T08:42:45","guid":{"rendered":"https:\/\/us.edu.pl\/student\/?page_id=53893"},"modified":"2025-06-03T15:42:23","modified_gmt":"2025-06-03T13:42:23","slug":"doktoranci","status":"publish","type":"page","link":"https:\/\/us.edu.pl\/student\/dzialalnosc-studencka\/wyroznienia-jm-rektora-us\/laureatki-i-laureaci-xvii-edycji-wyroznien-jm-rektora-us\/doktoranci\/","title":{"rendered":"Doktoranci"},"content":{"rendered":"<p>[vc_row][vc_column]\r\n                <div class=\"text-modules\">\r\n                    <div class=\"container\">\r\n                        <h3 class=\"page-title text__title\">Doktoranci<\/h3>\r\n                        <div class=\"text-modules__content\"><p><span style=\"font-weight: 400;\"><a href=\"#Gebicki\">Micha\u0142 G\u0119bicki<\/a><br \/>\n<\/span><span style=\"font-weight: 400;\"><a href=\"#Herman\">Anouk Niko Herman<\/a><br \/>\n<\/span><span style=\"font-weight: 400;\"><a href=\"#Iwaniak\">Kamil Iwaniak<\/a><br \/>\n<\/span><span style=\"font-weight: 400;\"><a href=\"#Jesionek-Ratka\">Paulina Jesionek-Ratka<\/a><br \/>\n<\/span><span style=\"font-weight: 400;\"><a href=\"#Loska\">Barbara Loska<\/a><br \/>\n<\/span><span style=\"font-weight: 400;\"><a href=\"#Mizerski\">Dominik Mizerski<\/a><br \/>\n<\/span><span style=\"font-weight: 400;\"><a href=\"#Rys\">Aleksandra Ry\u015b<\/a><br \/>\n<\/span><a href=\"#Zwierzchowski\"><span style=\"font-weight: 400;\">Jakub B\u0142a\u017cej Zwierzchowski<\/span><\/a><\/p>\n<\/div>\r\n                    <\/div>\r\n                <\/div>\r\n                <div class=\"text-modules \">\r\n                    <div class=\"container\">\r\n                         \r\n                        <div class=\"row m-0\">\r\n                            <div class=\"text-modules__content\">\r\n                                <\/p>\n<h3><strong>Micha\u0142 G\u0119bicki<\/strong><a id=\"Gebicki\"><\/a><\/h3>\n<p><span style=\"font-weight: 400;\">Otrzyma\u0142 Wyr\u00f3\u017cnienie Rektora U\u015a w XVII edycji konkursu za inicjowanie i rozwijanie \u017cycia akademickiego oraz dzia\u0142alno\u015b\u0107 spo\u0142eczn\u0105 jako doktorant w dyscyplinie <\/span><span style=\"font-weight: 400;\">nauki prawne w Szkole Doktorskiej U\u015a. Z wykszta\u0142cenia prawnik, z serca spo\u0142ecznik. Od o\u015bmiu lat zwi\u0105zany z Fundacj\u0105 DKMS, kt\u00f3ra zajmuje si\u0119 pozyskiwaniem potencjalnych dawc\u00f3w przeszczepu szpiku i krwiotw\u00f3rczych kom\u00f3rek macierzystych oraz opiek\u0105 nad nimi. Uczestnik akcji rejestracyjnych, zar\u00f3wno w roli organizatora, jak i wolontariusza. Opowiadaj\u0105c o swoich do\u015bwiadczeniach jako dawca faktyczny, stara si\u0119 zach\u0119ca\u0107 innych do w\u0142\u0105czenia si\u0119 w akcj\u0119 i rejestrowania w bazie potencjalnych dawc\u00f3w. Blisko zwi\u0105zany ze Studenck\u0105 Poradni\u0105 Prawn\u0105 Wydzia\u0142u Prawa i Administracji U\u015a, z kt\u00f3r\u0105 wsp\u00f3\u0142pracuje jako cz\u0142onek wspieraj\u0105cy. Jest cz\u0142onkiem Rady M\u0142odych Miasta Nauki, z kt\u00f3r\u0105 przez ca\u0142y 2024 rok wsp\u00f3\u0142organizowa\u0142 obchody Europejskiego Miasta Nauki, realizuj\u0105c takie projekty, jak program grantowy \u201eNauka M\u0142odych\u201d, \u201eIdeaTON\u201d czy seri\u0119 koncert\u00f3w Rawa Cooltury. Od pocz\u0105tku kszta\u0142cenia w Szkole Doktorskiej cz\u0142onek Uczelnianej Rady Samorz\u0105du Doktorant\u00f3w. Dzia\u0142a na rzecz integracji \u015brodowisk studenckich i doktoranckich, m.in. poprzez wsp\u00f3\u0142prac\u0119 z ELSA Katowice jako cz\u0142onek-senior oraz jako trener akademickich dru\u017cyn moot courtowych, kt\u00f3re osi\u0105gaj\u0105 sukcesy na konkursach krajowych i mi\u0119dzynarodowych.<\/span> \r\n                                <div class=\"mt-3\"><\/div>\r\n                            <\/div>\r\n                            \r\n                            <div class=\"text-modules__img\"><img src=\"https:\/\/us.edu.pl\/student\/wp-content\/uploads\/sites\/3\/Wyroznienia-rektora\/Wroznienia-2025\/Gebicki-247x300.jpeg\" alt=\"img\"><\/div>\r\n                        <\/div>\r\n                    <\/div>\r\n                <\/div>\r\n                <div class=\"text-modules \">\r\n                    <div class=\"container\">\r\n                         \r\n                        <div class=\"row m-0\">\r\n                            <div class=\"text-modules__content\">\r\n                                <\/p>\n<h3><strong>Anouk Niko Herman<a id=\"Herman\"><\/a><\/strong><\/h3>\n<p><span style=\"font-weight: 400;\">Otrzyma\u0142a Wyr\u00f3\u017cnienie Rektora U\u015a w XVII edycji konkursu za osi\u0105gni\u0119cia artystyczne i dzia\u0142alno\u015b\u0107 kulturaln\u0105 jako doktorantka w dyscyplinie <\/span><span style=\"font-weight: 400;\">literaturoznawstwo w Szkole Doktorskiej U\u015a. Badaczka literatury queerowej powstaj\u0105cej po roku 2000. Interesuj\u0105 j\u0105 zagadnienia dziewczy\u0144sko\u015bci, polityczno\u015bci kobiecego smutku, zjawiska femcelstwa oraz asymilacji podmiot\u00f3w queerowych i dyskursu neoliberalnego. Jest autork\u0105 sze\u015bciu artyku\u0142\u00f3w naukowych, dw\u00f3ch ksi\u0105\u017cek poetyckich \u2013 \u201eright into pod tramwaj\u201d (IL, Krak\u00f3w 2022; tom poetycki nominowany do Nagrody Literackiej Gdynia 2022) i \u201eSilesian Gothic\u201d (Girl To The Front, Warszawa 2024) oraz powie\u015bci m\u0142odzie\u017cowej \u201eNigdy nie b\u0119dziesz sz\u0142o samo\u201d (WAB, Warszawa 2023). Pracuje dydaktycznie w j\u0119zyku polskim (w ramach kierunk\u00f3w filologia polska II stopnia oraz tw\u00f3rcze pisanie i marketing wydawniczy) i angielskim (w ramach kierunku filologia angielska I stopnia). Wyst\u0105pi\u0142a na wielu konferencjach. Jest aktywnie zaanga\u017cowane w \u017cycie kulturalno-literackie Metropolii. Laureatka Nagrody Literackiej im. Wies\u0142awa Kazaneckiego w 2023 roku.<\/span> \r\n                                <div class=\"mt-3\"><\/div>\r\n                            <\/div>\r\n                            \r\n                            <div class=\"text-modules__img\"><img src=\"https:\/\/us.edu.pl\/student\/wp-content\/uploads\/sites\/3\/Wyroznienia-rektora\/Wroznienia-2025\/Herman-225x300.jpeg\" alt=\"img\"><\/div>\r\n                        <\/div>\r\n                    <\/div>\r\n                <\/div>\r\n                <div class=\"text-modules \">\r\n                    <div class=\"container\">\r\n                         \r\n                        <div class=\"row m-0\">\r\n                            <div class=\"text-modules__content\">\r\n                                <\/p>\n<h3><strong>Kamil Iwaniak<a id=\"Iwaniak\"><\/a><\/strong><\/h3>\n<p><span style=\"font-weight: 400;\">Otrzyma\u0142 Wyr\u00f3\u017cnienie Rektora U\u015a w XVII edycji konkursu za osi\u0105gni\u0119cia naukowe jako doktorant w dyscyplinie <\/span><span style=\"font-weight: 400;\">j\u0119zykoznawstwo w Szkole Doktorskiej U\u015a. Do jego najwa\u017cniejszych osi\u0105gni\u0119\u0107 nale\u017c\u0105 liczne artyku\u0142y publikowane w rozmaitych punktowanych czasopismach naukowych, t\u0142umaczenia utwor\u00f3w literackich w parze j\u0119zyk\u00f3w: polski-niemiecki oraz czynny udzia\u0142 w konferencjach naukowych krajowych i mi\u0119dzynarodowych. Uzyska\u0142 tytu\u0142 finalisty w konkursie Three Minute Thesis 2023. Jego zainteresowania naukowe obejmuj\u0105 wybrane elementy glottodydaktyki, j\u0119zykoznawstwa kognitywnego, pragmalingwistyki oraz dyskursu humorystycznego. <\/span> \r\n                                <div class=\"mt-3\"><\/div>\r\n                            <\/div>\r\n                            \r\n                            <div class=\"text-modules__img\"><img src=\"https:\/\/us.edu.pl\/student\/wp-content\/uploads\/sites\/3\/Wyroznienia-rektora\/Wroznienia-2025\/Iwaniak-300x198.jpg\" alt=\"img\"><\/div>\r\n                        <\/div>\r\n                    <\/div>\r\n                <\/div>\r\n                <div class=\"text-modules \">\r\n                    <div class=\"container\">\r\n                         \r\n                        <div class=\"row m-0\">\r\n                            <div class=\"text-modules__content\">\r\n                                <\/p>\n<h3><strong>Paulina Jesionek-Ratka<a id=\"Jesionek-Ratka\"><\/a><\/strong><\/h3>\n<p><span style=\"font-weight: 400;\">Otrzyma\u0142a Wyr\u00f3\u017cnienie Rektora U\u015a w XVII edycji konkursu za osi\u0105gni\u0119cia naukowe jako doktorantka w dyscyplinie <\/span><span style=\"font-weight: 400;\">nauki chemiczne w Szkole Doktorskiej U\u015a. Obszar prowadzonych przez ni\u0105 interdyscyplinarnych prac badawczo-rozwojowych dotyczy bada\u0144 dynamiki i oddzia\u0142ywa\u0144 molekularnych niskocz\u0105steczkowych amorficznych uk\u0142ad\u00f3w w r\u00f3\u017cnych warunkach termodynamicznych (przede wszystkim w warunkach wysokiej kompresji). Przedmiotem jej zainteresowania s\u0105 w szczeg\u00f3lno\u015bci farmaceutyczne substancje aktywne (APIs) wykazuj\u0105ce tendencj\u0119 do samoorganizacji molekularnej. W dobie rosn\u0105cego zainteresowania amorficznymi formami farmaceutyk\u00f3w jako alternatywami dla konwencjonalnych postaci krystalicznych badania tego typu zyskuj\u0105 strategiczne znaczenie dla nowoczesnego projektowania lek\u00f3w i rozwoju technologii farmaceutycznych. Jest autork\u0105 lub wsp\u00f3\u0142autork\u0105 siedmiu artyku\u0142\u00f3w naukowych (opublikowanych w mi\u0119dzynarodowych czasopismach naukowych z listy filadelfijskiej) oraz jednego zg\u0142oszenia patentowego. Wyst\u0105pi\u0142a na siedmiu konferencjach krajowych, zagranicznych oraz mi\u0119dzynarodowych.<\/span> \r\n                                <div class=\"mt-3\"><\/div>\r\n                            <\/div>\r\n                            \r\n                            <div class=\"text-modules__img\"><img src=\"https:\/\/us.edu.pl\/student\/wp-content\/uploads\/sites\/3\/Wyroznienia-rektora\/Wroznienia-2025\/Jesionek-Ratka-218x300.jpeg\" alt=\"img\"><\/div>\r\n                        <\/div>\r\n                    <\/div>\r\n                <\/div>\r\n                <div class=\"text-modules \">\r\n                    <div class=\"container\">\r\n                         \r\n                        <div class=\"row m-0\">\r\n                            <div class=\"text-modules__content\">\r\n                                <\/p>\n<h3><strong>Barbara Loska<a id=\"Loska\"><\/a><\/strong><\/h3>\n<p><span style=\"font-weight: 400;\">Otrzyma\u0142a Wyr\u00f3\u017cnienie Rektora U\u015a w XVII edycji konkursu za osi\u0105gni\u0119cia naukowe i artystyczne oraz dzia\u0142alno\u015b\u0107 popularnonaukow\u0105 jako doktorantka w dyscyplinie <\/span><span style=\"font-weight: 400;\">in\u017cynieria materia\u0142owa w Szkole Doktorskiej U\u015a. Jest stypendystk\u0105 projektu NCN PRELUDIUM BIS 2 pod kierownictwem dr hab. Katarzyny Merkel, prof. U\u015a. Zosta\u0142a uhonorowana I nagrod\u0105 za najlepsz\u0105 prac\u0119 magistersk\u0105 w zakresie ciek\u0142ych kryszta\u0142\u00f3w w konkursie organizowanym przez Polskie Towarzystwo Ciek\u0142okrystaliczne. Wyniki jej bada\u0144 i mi\u0119dzynarodowej wsp\u00f3\u0142pracy zosta\u0142y opublikowane w presti\u017cowych, wysoko punktowanych czasopismach naukowych. Wyniki te prezentowa\u0142a na sze\u015bciu konferencjach mi\u0119dzynarodowych oraz dw\u00f3ch krajowych, a jej wyst\u0105pienia zosta\u0142y dwukrotnie wyr\u00f3\u017cnione nagrodami za najlepsz\u0105 prezentacj\u0119. Odby\u0142a dwa sta\u017ce zagraniczne: trzymiesi\u0119czny sta\u017c w Japonii, finansowany w ramach projektu NAWA PRELUDIUM BIS, oraz kr\u00f3tszy, dwutygodniowy sta\u017c w Hiszpanii. Ponadto na co dzie\u0144 \u0142\u0105czy swoje zainteresowania naukowe z pasj\u0105 do sztuki \u2013 prowadzi kana\u0142 Enchanterium na platformie YouTube, gdzie dzieli si\u0119 swoimi projektami zwi\u0105zanymi z personalizowaniem lalek i technologi\u0105 druku 3D.<\/span> \r\n                                <div class=\"mt-3\"><\/div>\r\n                            <\/div>\r\n                            \r\n                            <div class=\"text-modules__img\"><img src=\"https:\/\/us.edu.pl\/student\/wp-content\/uploads\/sites\/3\/Wyroznienia-rektora\/Wroznienia-2025\/Loska-251x300.jpg\" alt=\"img\"><\/div>\r\n                        <\/div>\r\n                    <\/div>\r\n                <\/div>\r\n                <div class=\"text-modules \">\r\n                    <div class=\"container\">\r\n                         \r\n                        <div class=\"row m-0\">\r\n                            <div class=\"text-modules__content\">\r\n                                <\/p>\n<h3><strong>Dominik Mizerski<a id=\"Mizerski\"><\/a><\/strong><\/h3>\n<p><span style=\"font-weight: 400;\">Otrzyma\u0142 Wyr\u00f3\u017cnienie Rektora U\u015a w XVII edycji konkursu za osi\u0105gni\u0119cia naukowe jako doktorant w dyscyplinie <\/span><span style=\"font-weight: 400;\">nauki prawne w Szkole Doktorskiej U\u015a. Prowadzi badania dotycz\u0105ce problematyki prawa sp\u00f3\u0142ek, ze szczeg\u00f3lnym uwzgl\u0119dnieniem problematyki zaanga\u017cowania akcjonariuszy oraz instrument\u00f3w pobudzaj\u0105cych ich zaanga\u017cowanie. Jest laureatem grantu PRELUDIUM finansowanego przez Narodowe Centrum Nauki i kieruje projektem zatytu\u0142owanym \u201eInstrumenty d\u0142ugoterminowego zaanga\u017cowania akcjonariuszy sp\u00f3\u0142ek publicznych \u2013 studium prawnopor\u00f3wnawcze\u201d. Do jego najwi\u0119kszych osi\u0105gni\u0119\u0107 naukowych w okresie kszta\u0142cenia w Szkole Doktorskiej U\u015a nale\u017cy autorstwo dwunastu publikacji naukowych, w tym publikacji w wysoko punktowanych czasopismach naukowych i publikacji w wydawnictwach zagranicznych. By\u0142 prelegentem m.in. na sze\u015bciu mi\u0119dzynarodowych konferencjach naukowych organizowanych w Polsce i za granic\u0105. Stypendysta elitarnego programu Programme in European Private Law for Postgraduates, skierowanego do doktorant\u00f3w z najlepszych o\u015brodk\u00f3w naukowych z Europy.<\/span> \r\n                                <div class=\"mt-3\"><\/div>\r\n                            <\/div>\r\n                            \r\n                            <div class=\"text-modules__img\"><img src=\"https:\/\/us.edu.pl\/student\/wp-content\/uploads\/sites\/3\/Wyroznienia-rektora\/Wroznienia-2025\/Mizerski-300x200.jpg\" alt=\"img\"><\/div>\r\n                        <\/div>\r\n                    <\/div>\r\n                <\/div>\r\n                <div class=\"text-modules \">\r\n                    <div class=\"container\">\r\n                         \r\n                        <div class=\"row m-0\">\r\n                            <div class=\"text-modules__content\">\r\n                                <\/p>\n<h3><strong>Aleksandra Ry\u015b<a id=\"Rys\"><\/a><\/strong><\/h3>\n<p><span style=\"font-weight: 400;\">Otrzyma\u0142a Wyr\u00f3\u017cnienie Rektora U\u015a w XVII edycji konkursu za osi\u0105gni\u0119cia naukowe, dzia\u0142alno\u015b\u0107 popularnonaukow\u0105 oraz inicjowanie i rozwijanie \u017cycia akademickiego jako doktorantka w dyscyplinie <\/span><span style=\"font-weight: 400;\">j\u0119zykoznawstwo w Szkole Doktorskiej U\u015a. Aktywnie dzia\u0142a na rzecz inicjowania i rozwijania \u017cycia akademickiego, zw\u0142aszcza w obszarze popularyzacji j\u0119zykoznawstwa oraz kszta\u0142cenia w zakresie kompetencji komunikacyjnych. Wsp\u00f3\u0142inicjowa\u0142a projekty warsztatowe skierowane do spo\u0142eczno\u015bci doktoranckiej, takie jak \u201eNaukowy podcast: jak zamienia\u0107 wiedz\u0119 w d\u017awi\u0119k?\u201d i \u201eNagraj, montuj, popularyzuj!\u201d, kt\u00f3rych celem by\u0142o rozwijanie umiej\u0119tno\u015bci pracy z g\u0142osem i tekstem w kontek\u015bcie nowoczesnych form komunikacji naukowej. Jest autork\u0105 i realizatork\u0105 inicjatywy dydaktycznej \u201eS\u0142uchaj, m\u00f3w i tw\u00f3rz \u2013 sztuka wyst\u0105pie\u0144 w erze cyfrowej\u201d, zak\u0142adaj\u0105cej interdyscyplinarne podej\u015bcie do wyst\u0105pie\u0144 publicznych i tworzenia podcast\u00f3w. Zaanga\u017cowa\u0142a si\u0119 w popularyzacj\u0119 nauki podczas \u015al\u0105skiego Festiwalu Nauki Katowice, konkursu Three Minute Thesis (finalistka), a tak\u017ce jako autorka publikacji popularyzatorskich i prelegentka podczas spotka\u0144 dla nauczycieli w Regionalnym O\u015brodku Doskonalenia Nauczycieli \u201eWOM\u201d w Katowicach. Prowadzi autorskie lekcje i wydarzenia j\u0119zykowe w szko\u0142ach podstawowych i ponadpodstawowych, promuj\u0105c m.in. \u015bl\u0105sk\u0105 kultur\u0119 i j\u0119zyk regionalny. Jej osi\u0105gni\u0119cia obejmuj\u0105 tak\u017ce publikacje w wysoko punktowanych czasopismach naukowych oraz czynny udzia\u0142 w konferencjach og\u00f3lnopolskich i mi\u0119dzynarodowych. Szczeg\u00f3ln\u0105 warto\u015bci\u0105 jej dzia\u0142alno\u015bci jest tworzenie inkluzywnych i otwartych na odbiorc\u0119 inicjatyw, kt\u00f3re \u0142\u0105cz\u0105 pasj\u0119 do j\u0119zyka z misj\u0105 popularyzacji wiedzy.<\/span> \r\n                                <div class=\"mt-3\"><\/div>\r\n                            <\/div>\r\n                            \r\n                            <div class=\"text-modules__img\"><img src=\"https:\/\/us.edu.pl\/student\/wp-content\/uploads\/sites\/3\/Wyroznienia-rektora\/Wroznienia-2025\/Rys-300x251.jpg\" alt=\"img\"><\/div>\r\n                        <\/div>\r\n                    <\/div>\r\n                <\/div>\r\n                <div class=\"text-modules \">\r\n                    <div class=\"container\">\r\n                         \r\n                        <div class=\"row m-0\">\r\n                            <div class=\"text-modules__content\">\r\n                                <\/p>\n<h3><strong>Jakub B\u0142a\u017cej Zwierzchowski<a id=\"Zwierzchowski\"><\/a><\/strong><\/h3>\n<p><span style=\"font-weight: 400;\">Otrzyma\u0142 Wyr\u00f3\u017cnienie Rektora U\u015a w XVII edycji konkursu za osi\u0105gni\u0119cia naukowe jako doktorant w dyscyplinie <\/span><span style=\"font-weight: 400;\">nauki prawne w Szkole Doktorskiej U\u015a. Jego zainteresowania naukowe koncentruj\u0105 si\u0119 na mo\u017cliwo\u015bciach proekologicznej transformacji prawa prywatnego i komparatystyce prawa, w szczeg\u00f3lno\u015bci w odniesieniu do prawa chi\u0144skiego. W trakcie studi\u00f3w doktorskich uko\u0144czy\u0142 m.in. dwuletni program magisterski LLM Comparative Law w China University of Political Science and Law w Pekinie w ramach stypendium China Scholarship Council, Programme in European Private Law for Postgraduates oraz siedmiomiesi\u0119czny sta\u017c badawczy w Max Planck Institute for Comparative and International Private Law w Hamburgu. Od 2025 roku jest kierownikiem grantu PRELUDIUM NCN. W latach 2023\u20132024 realizowa\u0142 grant Deutsche Akademischer Austauschdienst (DAAD). Od 2023 roku jest tak\u017ce cz\u0142onkiem zespo\u0142u badawczego przy projekcie Polsko-Niemieckiej Fundacji na rzecz Nauki. Stypendysta Max-Planck-Gesellschaft (2025). Jest autorem lub wsp\u00f3\u0142autorem o\u015bmiu publikacji. Przy wsp\u00f3\u0142pracy z pracownikami Akademii Wychowania Fizycznego w Katowicach oraz Krakowie podejmuje si\u0119 tak\u017ce problematyki sportu os\u00f3b z niepe\u0142nosprawno\u015bciami.\u00a0<\/span> \r\n                                <div class=\"mt-3\"><\/div>\r\n                            <\/div>\r\n                            \r\n                            <div class=\"text-modules__img\"><img src=\"https:\/\/us.edu.pl\/student\/wp-content\/uploads\/sites\/3\/Wyroznienia-rektora\/Wroznienia-2025\/Zwierzchowski-300x200.jpg\" alt=\"img\"><\/div>\r\n                        <\/div>\r\n                    <\/div>\r\n                <\/div>[\/vc_column][\/vc_row]<\/p>","protected":false},"excerpt":{"rendered":"<p>[vc_row][vc_column][\/vc_column][\/vc_row] [&#8230;]<\/p>\n<p><a class=\"btn btn-secondary understrap-read-more-link\" href=\"https:\/\/us.edu.pl\/student\/dzialalnosc-studencka\/wyroznienia-jm-rektora-us\/laureatki-i-laureaci-xvii-edycji-wyroznien-jm-rektora-us\/doktoranci\/\">Read More&#8230;<\/a><\/p>\n","protected":false},"author":28,"featured_media":0,"parent":53861,"menu_order":0,"comment_status":"closed","ping_status":"closed","template":"","meta":{"_expiration-date-status":"","_expiration-date":0,"_expiration-date-type":"","_expiration-date-categories":[],"_expiration-date-options":[]},"acf":[],"_links":{"self":[{"href":"https:\/\/us.edu.pl\/student\/wp-json\/wp\/v2\/pages\/53893"}],"collection":[{"href":"https:\/\/us.edu.pl\/student\/wp-json\/wp\/v2\/pages"}],"about":[{"href":"https:\/\/us.edu.pl\/student\/wp-json\/wp\/v2\/types\/page"}],"author":[{"embeddable":true,"href":"https:\/\/us.edu.pl\/student\/wp-json\/wp\/v2\/users\/28"}],"replies":[{"embeddable":true,"href":"https:\/\/us.edu.pl\/student\/wp-json\/wp\/v2\/comments?post=53893"}],"version-history":[{"count":6,"href":"https:\/\/us.edu.pl\/student\/wp-json\/wp\/v2\/pages\/53893\/revisions"}],"predecessor-version":[{"id":54521,"href":"https:\/\/us.edu.pl\/student\/wp-json\/wp\/v2\/pages\/53893\/revisions\/54521"}],"up":[{"embeddable":true,"href":"https:\/\/us.edu.pl\/student\/wp-json\/wp\/v2\/pages\/53861"}],"wp:attachment":[{"href":"https:\/\/us.edu.pl\/student\/wp-json\/wp\/v2\/media?parent=53893"}],"curies":[{"name":"wp","href":"https:\/\/api.w.org\/{rel}","templated":true}]}}