{"id":5662,"date":"2019-10-08T12:36:22","date_gmt":"2019-10-08T10:36:22","guid":{"rendered":"https:\/\/us.edu.pl\/student\/?page_id=5662"},"modified":"2020-03-11T13:23:52","modified_gmt":"2020-03-11T12:23:52","slug":"justyna-lipka","status":"publish","type":"page","link":"https:\/\/us.edu.pl\/student\/dzialalnosc-studencka\/wyroznienia-jm-rektora-us\/laureaci-poprzednich-edycji\/laureaci-2019\/studenci\/justyna-lipka\/","title":{"rendered":"Justyna Lipka"},"content":{"rendered":"<p>[vc_row el_class=&#8221;container&#8221;][vc_column el_class=&#8221;container&#8221;]\r\n                <div class=\"text-modules reverse\">\r\n                    <div class=\"container\">\r\n                        <h3 class=\"section-title section-title_border-bottom\">Justyna Lipka<\/h3> \r\n                        <div class=\"row m-0\">\r\n                            <div class=\"text-modules__content\">\r\n                                <\/p>\n<p class=\"rtejustify\">Studentka V roku psychologii na Wydziale Pedagogiki i Psychologii U\u015a. W latach 2015-2017 zwi\u0105zana by\u0142a z organizacj\u0105 Amnesty International, w szczeg\u00f3lno\u015bci z Amnesty International Katowice. Koordynatorka i wsp\u00f3\u0142organizatorka m.in. \u201eMaratonu Pisania List\u00f3w w Katowicach\u201d (2016), projekt\u00f3w takich jak \u201e\u015al\u0105sk dla R\u00f3\u017cnorodno\u015bci\u201d i \u201ePrze\u0142amuj\u0105c milczenie: razem przeciw przemocy seksualnej\u201d. Wsp\u00f3\u0142prowadzi\u0142a wiele prelekcji i warsztat\u00f3w, m.in. \u201eZrozumie\u0107 p\u0142e\u0107, kultur\u0119, seksualno\u015b\u0107\u201d. Od 2017 roku wolontariuszka na Oddziale Dziennym Psychogeriatrycznym w NZOZ MEDICAN w Katowicach, gdzie prowadzi zaj\u0119cia w oparciu o psychologiczn\u0105 prac\u0119 z filmem. Odby\u0142a sta\u017c w Kinie Kosmos i Filmotece \u015al\u0105skiej. Cz\u0142onkini Komitet\u00f3w Organizacyjnych II oraz III Og\u00f3lnopolskiej Konferencji Naukowej \u201eFilmowe Psycho-Tropy\u201d. Autorka projektu naukowego \u201eUwa\u017cne i refleksyjne ogl\u0105danie film\u00f3w fabularnych\u201d, kt\u00f3ry realizowany jest w ramach programu \u201eTutoring dla najlepszych student\u00f3w Uniwersytetu \u015al\u0105skiego\u201d. Od 2017 roku wraz z dr Dagn\u0105 Kocur prowadzi badanie pt. \u201eSamowsp\u00f3\u0142czucie i jego zwi\u0105zki z l\u0119kiem, samotno\u015bci\u0105 i samoocen\u0105 u uczni\u00f3w i student\u00f3w\u201d.<\/p>\n<p class=\"rtejustify\">Zainteresowania i pasje: film i psychologia. Stara si\u0119 \u0142\u0105czy\u0107 te dwie pasje, zajmuj\u0105c si\u0119 psychologiczn\u0105 prac\u0105 z filmem. Interesuje j\u0105 r\u00f3wnie\u017c tw\u00f3rczo\u015b\u0107 Stefana Grabi\u0144skiego, Oscara Wilde\u2019a i Edwarda Morgana Forstera. W wolnych chwilach ogl\u0105da filmy dokumentalne, zwiedza Krak\u00f3w oraz miejscowo\u015bci po\u0142o\u017cone na Dolnym \u015al\u0105sku.<\/p>\n<p class=\"rtejustify\"><span style=\"font-size: 10pt\">Powy\u017csze informacje nie obejmuj\u0105 ca\u0142ej dzia\u0142alno\u015bci danej osoby i zosta\u0142y opublikowane w ramach konkursu JM Rektora Uniwersytetu \u015al\u0105skiego. Dane pochodz\u0105 z czerwca 2019 r.<\/span><\/p>\n<div class=\"mt-3\"><\/div>\r\n                            <\/div>\r\n                            \r\n                            <div class=\"text-modules__img\"><img src=\"https:\/\/us.edu.pl\/student\/wp-content\/uploads\/sites\/3\/Nieprzypisane\/jlipka-zdjecie1_0-e1642506046929.jpg\" alt=\"img\"><\/div>\r\n                        <\/div>\r\n                    <\/div>\r\n                <\/div>[myprefix_functional_icons print_icon=&#8221;yes&#8221;][\/vc_column][\/vc_row]<\/p>","protected":false},"excerpt":{"rendered":"<p>[vc_row el_class=&#8221;container&#8221;][vc_column el_class=&#8221;container&#8221;][myprefix_functional_icons print_icon=&#8221;yes&#8221;][\/vc_column][\/vc_row] [&#8230;]<\/p>\n<p><a class=\"btn btn-secondary understrap-read-more-link\" href=\"https:\/\/us.edu.pl\/student\/dzialalnosc-studencka\/wyroznienia-jm-rektora-us\/laureaci-poprzednich-edycji\/laureaci-2019\/studenci\/justyna-lipka\/\">Read More&#8230;<\/a><\/p>\n","protected":false},"author":1,"featured_media":5663,"parent":19680,"menu_order":0,"comment_status":"closed","ping_status":"closed","template":"","meta":{"_expiration-date-status":"saved","_expiration-date":0,"_expiration-date-type":"","_expiration-date-categories":[],"_expiration-date-options":[]},"acf":[],"_links":{"self":[{"href":"https:\/\/us.edu.pl\/student\/wp-json\/wp\/v2\/pages\/5662"}],"collection":[{"href":"https:\/\/us.edu.pl\/student\/wp-json\/wp\/v2\/pages"}],"about":[{"href":"https:\/\/us.edu.pl\/student\/wp-json\/wp\/v2\/types\/page"}],"author":[{"embeddable":true,"href":"https:\/\/us.edu.pl\/student\/wp-json\/wp\/v2\/users\/1"}],"replies":[{"embeddable":true,"href":"https:\/\/us.edu.pl\/student\/wp-json\/wp\/v2\/comments?post=5662"}],"version-history":[{"count":0,"href":"https:\/\/us.edu.pl\/student\/wp-json\/wp\/v2\/pages\/5662\/revisions"}],"up":[{"embeddable":true,"href":"https:\/\/us.edu.pl\/student\/wp-json\/wp\/v2\/pages\/19680"}],"wp:featuredmedia":[{"embeddable":true,"href":"https:\/\/us.edu.pl\/student\/wp-json\/wp\/v2\/media\/5663"}],"wp:attachment":[{"href":"https:\/\/us.edu.pl\/student\/wp-json\/wp\/v2\/media?parent=5662"}],"curies":[{"name":"wp","href":"https:\/\/api.w.org\/{rel}","templated":true}]}}

<p>[vc_row el_class=&#8221;container&#8221;][vc_column el_class=&#8221;container&#8221;]
                <div class="text-modules reverse">
                    <div class="container">
                        <h3 class="section-title section-title_border-bottom">Justyna Lipka</h3> 
                        <div class="row m-0">
                            <div class="text-modules__content">
                                </p>
<p class="rtejustify">Studentka V roku psychologii na Wydziale Pedagogiki i Psychologii UŚ. W latach 2015-2017 związana była z organizacją Amnesty International, w szczególności z Amnesty International Katowice. Koordynatorka i współorganizatorka m.in. „Maratonu Pisania Listów w Katowicach” (2016), projektów takich jak „Śląsk dla Różnorodności” i „Przełamując milczenie: razem przeciw przemocy seksualnej”. Współprowadziła wiele prelekcji i warsztatów, m.in. „Zrozumieć płeć, kulturę, seksualność”. Od 2017 roku wolontariuszka na Oddziale Dziennym Psychogeriatrycznym w NZOZ MEDICAN w Katowicach, gdzie prowadzi zajęcia w oparciu o psychologiczną pracę z filmem. Odbyła staż w Kinie Kosmos i Filmotece Śląskiej. Członkini Komitetów Organizacyjnych II oraz III Ogólnopolskiej Konferencji Naukowej „Filmowe Psycho-Tropy”. Autorka projektu naukowego „Uważne i refleksyjne oglądanie filmów fabularnych”, który realizowany jest w ramach programu „Tutoring dla najlepszych studentów Uniwersytetu Śląskiego”. Od 2017 roku wraz z dr Dagną Kocur prowadzi badanie pt. „Samowspółczucie i jego związki z lękiem, samotnością i samooceną u uczniów i studentów”.</p>
<p class="rtejustify">Zainteresowania i pasje: film i psychologia. Stara się łączyć te dwie pasje, zajmując się psychologiczną pracą z filmem. Interesuje ją również twórczość Stefana Grabińskiego, Oscara Wilde’a i Edwarda Morgana Forstera. W wolnych chwilach ogląda filmy dokumentalne, zwiedza Kraków oraz miejscowości położone na Dolnym Śląsku.</p>
<p class="rtejustify"><span style="font-size: 10pt">Powyższe informacje nie obejmują całej działalności danej osoby i zostały opublikowane w ramach konkursu JM Rektora Uniwersytetu Śląskiego. Dane pochodzą z czerwca 2019 r.</span></p>
<div class="mt-3"></div>
                            </div>
                            
                            <div class="text-modules__img"><img src="https://us.edu.pl/student/wp-content/uploads/sites/3/Nieprzypisane/jlipka-zdjecie1_0-e1642506046929.jpg" alt="img"></div>
                        </div>
                    </div>
                </div>[myprefix_functional_icons print_icon=&#8221;yes&#8221;][/vc_column][/vc_row]</p>
