{"id":5678,"date":"2019-10-08T12:43:50","date_gmt":"2019-10-08T10:43:50","guid":{"rendered":"https:\/\/us.edu.pl\/student\/?page_id=5678"},"modified":"2020-03-11T13:24:14","modified_gmt":"2020-03-11T12:24:14","slug":"michal-rams-lugowski","status":"publish","type":"page","link":"https:\/\/us.edu.pl\/student\/dzialalnosc-studencka\/wyroznienia-jm-rektora-us\/laureaci-poprzednich-edycji\/laureaci-2019\/studenci\/michal-rams-lugowski\/","title":{"rendered":"Micha\u0142 Rams-\u0141ugowski"},"content":{"rendered":"<p>[vc_row el_class=&#8221;container&#8221;][vc_column el_class=&#8221;container&#8221;]\r\n                <div class=\"text-modules reverse\">\r\n                    <div class=\"container\">\r\n                        <h3 class=\"section-title section-title_border-bottom\">Micha\u0142 Rams-\u0141ugowski<\/h3> \r\n                        <div class=\"row m-0\">\r\n                            <div class=\"text-modules__content\">\r\n                                <\/p>\n<p class=\"rtejustify\">Student III roku dziennikarstwa i komunikacji spo\u0142ecznej oraz II roku filozofii na Kolegium ISM U\u015a. Przewodnicz\u0105cy Ko\u0142a Naukowego My\u015bli Lewicowej U\u015a. Zwi\u0105zany tak\u017ce z Ko\u0142em Naukowym Filozof\u00f3w. W latach 2013-2018 prowadzi\u0142 audycje w Studenckim Studiu Radiowym \u201eEgida\u201d. Cz\u0142onek stowarzyszenia \u201ePe\u0142na Kultura\u201d. Wsp\u00f3\u0142tw\u00f3rca etiudy \u201eCzarne drogi\u201d w re\u017c. Wojciecha Ledera (skomponowa\u0142, nagra\u0142 i wyprodukowa\u0142 warstw\u0119 muzyczn\u0105, wsp\u00f3\u0142tworzy\u0142 scenariusz). Tw\u00f3rca \u015bcie\u017cki d\u017awi\u0119kowej do filmu pe\u0142nometra\u017cowego \u201eContingences\u201d w re\u017c. Emmanuela Bodin.<\/p>\n<p class=\"rtejustify\">Zainteresowania i pasje: filozofia: metafizyka i estetyka, teoria krytyczna, filozofia Hegla, Witkacego i \u017di\u017eka, komunikacja spo\u0142eczna i medioznawstwo, bibliofilia, j\u0119zyki obce, muzyka: s\u0142uchanie jej, zbieranie p\u0142yt, zg\u0142\u0119bianie jej historii oraz granie i komponowanie.<\/p>\n<p class=\"rtejustify\"><span style=\"font-size: 10pt\">Powy\u017csze informacje nie obejmuj\u0105 ca\u0142ej dzia\u0142alno\u015bci danej osoby i zosta\u0142y opublikowane w ramach konkursu JM Rektora Uniwersytetu \u015al\u0105skiego. Dane pochodz\u0105 z czerwca 2019 r.<\/span><\/p>\n<div class=\"mt-3\"><\/div>\r\n                            <\/div>\r\n                            \r\n                            <div class=\"text-modules__img\"><img src=\"https:\/\/us.edu.pl\/student\/wp-content\/uploads\/sites\/3\/Nieprzypisane\/rams-lugowski_michal_3-e1642506033985.jpg\" alt=\"img\"><\/div>\r\n                        <\/div>\r\n                    <\/div>\r\n                <\/div>[myprefix_functional_icons print_icon=&#8221;yes&#8221;][\/vc_column][\/vc_row]<\/p>","protected":false},"excerpt":{"rendered":"<p>[vc_row el_class=&#8221;container&#8221;][vc_column el_class=&#8221;container&#8221;][myprefix_functional_icons print_icon=&#8221;yes&#8221;][\/vc_column][\/vc_row] [&#8230;]<\/p>\n<p><a class=\"btn btn-secondary understrap-read-more-link\" href=\"https:\/\/us.edu.pl\/student\/dzialalnosc-studencka\/wyroznienia-jm-rektora-us\/laureaci-poprzednich-edycji\/laureaci-2019\/studenci\/michal-rams-lugowski\/\">Read More&#8230;<\/a><\/p>\n","protected":false},"author":1,"featured_media":5679,"parent":19680,"menu_order":0,"comment_status":"closed","ping_status":"closed","template":"","meta":{"_expiration-date-status":"saved","_expiration-date":0,"_expiration-date-type":"","_expiration-date-categories":[],"_expiration-date-options":[]},"acf":[],"_links":{"self":[{"href":"https:\/\/us.edu.pl\/student\/wp-json\/wp\/v2\/pages\/5678"}],"collection":[{"href":"https:\/\/us.edu.pl\/student\/wp-json\/wp\/v2\/pages"}],"about":[{"href":"https:\/\/us.edu.pl\/student\/wp-json\/wp\/v2\/types\/page"}],"author":[{"embeddable":true,"href":"https:\/\/us.edu.pl\/student\/wp-json\/wp\/v2\/users\/1"}],"replies":[{"embeddable":true,"href":"https:\/\/us.edu.pl\/student\/wp-json\/wp\/v2\/comments?post=5678"}],"version-history":[{"count":0,"href":"https:\/\/us.edu.pl\/student\/wp-json\/wp\/v2\/pages\/5678\/revisions"}],"up":[{"embeddable":true,"href":"https:\/\/us.edu.pl\/student\/wp-json\/wp\/v2\/pages\/19680"}],"wp:featuredmedia":[{"embeddable":true,"href":"https:\/\/us.edu.pl\/student\/wp-json\/wp\/v2\/media\/5679"}],"wp:attachment":[{"href":"https:\/\/us.edu.pl\/student\/wp-json\/wp\/v2\/media?parent=5678"}],"curies":[{"name":"wp","href":"https:\/\/api.w.org\/{rel}","templated":true}]}}

Michał Rams-Ługowski

<p>[vc_row el_class=&#8221;container&#8221;][vc_column el_class=&#8221;container&#8221;]
                <div class="text-modules reverse">
                    <div class="container">
                        <h3 class="section-title section-title_border-bottom">Michał Rams-Ługowski</h3> 
                        <div class="row m-0">
                            <div class="text-modules__content">
                                </p>
<p class="rtejustify">Student III roku dziennikarstwa i komunikacji społecznej oraz II roku filozofii na Kolegium ISM UŚ. Przewodniczący Koła Naukowego Myśli Lewicowej UŚ. Związany także z Kołem Naukowym Filozofów. W latach 2013-2018 prowadził audycje w Studenckim Studiu Radiowym „Egida”. Członek stowarzyszenia „Pełna Kultura”. Współtwórca etiudy „Czarne drogi” w reż. Wojciecha Ledera (skomponował, nagrał i wyprodukował warstwę muzyczną, współtworzył scenariusz). Twórca ścieżki dźwiękowej do filmu pełnometrażowego „Contingences” w reż. Emmanuela Bodin.</p>
<p class="rtejustify">Zainteresowania i pasje: filozofia: metafizyka i estetyka, teoria krytyczna, filozofia Hegla, Witkacego i Žižka, komunikacja społeczna i medioznawstwo, bibliofilia, języki obce, muzyka: słuchanie jej, zbieranie płyt, zgłębianie jej historii oraz granie i komponowanie.</p>
<p class="rtejustify"><span style="font-size: 10pt">Powyższe informacje nie obejmują całej działalności danej osoby i zostały opublikowane w ramach konkursu JM Rektora Uniwersytetu Śląskiego. Dane pochodzą z czerwca 2019 r.</span></p>
<div class="mt-3"></div>
                            </div>
                            
                            <div class="text-modules__img"><img src="https://us.edu.pl/student/wp-content/uploads/sites/3/Nieprzypisane/rams-lugowski_michal_3-e1642506033985.jpg" alt="img"></div>
                        </div>
                    </div>
                </div>[myprefix_functional_icons print_icon=&#8221;yes&#8221;][/vc_column][/vc_row]</p>
