{"id":57985,"date":"2025-08-07T17:10:31","date_gmt":"2025-08-07T15:10:31","guid":{"rendered":"https:\/\/us.edu.pl\/student\/?page_id=57985"},"modified":"2025-08-19T15:54:14","modified_gmt":"2025-08-19T13:54:14","slug":"twoje-miejsca-do-nauki","status":"publish","type":"page","link":"https:\/\/us.edu.pl\/student\/nowy-student\/nowy-student-pierwsze-kroki\/twoje-miejsca-do-nauki\/","title":{"rendered":"Twoje miejsca do nauki"},"content":{"rendered":"<p>[vc_row][vc_column]\r\n                <div class=\"text-modules\">\r\n                    <div class=\"container\">\r\n                        <h3 class=\"page-title text__title\">Twoje miejsca do nauki<\/h3>\r\n                        <div class=\"text-modules__content\"><\/div>\r\n                    <\/div>\r\n                <\/div>[\/vc_column][\/vc_row][vc_row el_class=&#8221;container&#8221;][vc_column width=&#8221;1\/2&#8243;]\r\n                <div class=\"text-modules\">\r\n                    <div class=\"container\">\r\n                        \r\n                        <div class=\"text-modules__content\"><\/p>\n<h4><b>CINiBA \u2013 Twoja Biblioteka Akademicka<\/b><\/h4>\n<p><b>Co to jest CINiBA?<\/b><\/p>\n<p><span style=\"font-weight: 400;\">Centrum Informacji Naukowej i Biblioteka Akademicka (CINiBA) to nowoczesna biblioteka, kt\u00f3ra obs\u0142uguje student\u00f3w dw\u00f3ch najwi\u0119kszych katowickich uczelni:<\/span><\/p>\n<ul>\n<li style=\"font-weight: 400;\" aria-level=\"1\"><b>Uniwersytetu \u015al\u0105skiego,<\/b><\/li>\n<li style=\"font-weight: 400;\" aria-level=\"1\"><b>Uniwersytetu Ekonomicznego.<\/b><\/li>\n<\/ul>\n<p><b>Co znajdziesz w CINiBA?<\/b><\/p>\n<p><span style=\"font-weight: 400;\">Bogaty ksi\u0119gozbi\u00f3r:<\/span><\/p>\n<ul>\n<li style=\"font-weight: 400;\" aria-level=\"1\"><span style=\"font-weight: 400;\">Ponad <\/span><b>1,2 miliona<\/b><span style=\"font-weight: 400;\"> ksi\u0105\u017cek i czasopism.<\/span><\/li>\n<li style=\"font-weight: 400;\" aria-level=\"1\"><span style=\"font-weight: 400;\">Literatura ze wszystkich kierunk\u00f3w studi\u00f3w oferowanych przez obie uczelnie.<\/span><\/li>\n<li style=\"font-weight: 400;\" aria-level=\"1\"><span style=\"font-weight: 400;\">Ponad <\/span><b>400 tysi\u0119cy<\/b><span style=\"font-weight: 400;\"> pozycji dost\u0119pnych bezpo\u015brednio na p\u00f3\u0142kach.<\/span><\/li>\n<\/ul>\n<p><span style=\"font-weight: 400;\">Przestrze\u0144 do nauki oraz stref\u0119 do pracy:<\/span><\/p>\n<ul>\n<li style=\"font-weight: 400;\" aria-level=\"1\"><b>Czytelnia og\u00f3lna<\/b><span style=\"font-weight: 400;\"> \u2013 spokojne miejsce do d\u0142ugotrwa\u0142ej pracy.<\/span><\/li>\n<li style=\"font-weight: 400;\" aria-level=\"1\"><b>Czytelnia czasopism<\/b><span style=\"font-weight: 400;\"> \u2013 dost\u0119p do najnowszych publikacji periodycznych.<\/span><\/li>\n<li style=\"font-weight: 400;\" aria-level=\"1\"><b>Przestrze\u0144 wolnego dost\u0119pu<\/b><span style=\"font-weight: 400;\"> \u2013 swobodne przemieszczanie si\u0119 mi\u0119dzy p\u00f3\u0142kami.<\/span><\/li>\n<li style=\"font-weight: 400;\" aria-level=\"1\"><b>Kabiny indywidualne<\/b><span style=\"font-weight: 400;\"> \u2013 ciche miejsca do skupionej pracy.<\/span><\/li>\n<li style=\"font-weight: 400;\" aria-level=\"1\"><b>Stanowiska komputerowe<\/b><span style=\"font-weight: 400;\"> \u2013 dost\u0119p do zasob\u00f3w cyfrowych.<\/span><\/li>\n<\/ul>\n<p><b>Jak korzysta\u0107 z biblioteki?<\/b><\/p>\n<ul>\n<li><span style=\"font-weight: 400;\">Ksi\u0105\u017cki na p\u00f3\u0142kach.<\/span><\/li>\n<li>Ponad 400 tysi\u0119cy ksi\u0105\u017cek mo\u017cesz wzi\u0105\u0107 bezpo\u015brednio z p\u00f3\u0142ek w strefie wolnego dost\u0119pu.<\/li>\n<li>Zam\u00f3wienia z magazynu.<\/li>\n<\/ul>\n<p><span style=\"font-weight: 400;\">Pozosta\u0142e ksi\u0105\u017cki znajduj\u0105 si\u0119 w magazynie. Aby je wypo\u017cyczy\u0107:<\/span><\/p>\n<ol>\n<li style=\"font-weight: 400;\" aria-level=\"1\"><span style=\"font-weight: 400;\">Wejd\u017a do katalogu <\/span><a href=\"https:\/\/integro.ciniba.edu.pl\/integro\/catalog\"><b>Integro<\/b><\/a>.<\/li>\n<li style=\"font-weight: 400;\" aria-level=\"1\"><span style=\"font-weight: 400;\">Znajd\u017a interesuj\u0105c\u0105 Ci\u0119 pozycj\u0119.<\/span><\/li>\n<li style=\"font-weight: 400;\" aria-level=\"1\"><span style=\"font-weight: 400;\">Z\u0142\u00f3\u017c zam\u00f3wienie online.<\/span><\/li>\n<li style=\"font-weight: 400;\" aria-level=\"1\"><span style=\"font-weight: 400;\">Odbierz ksi\u0105\u017ck\u0119 w bibliotece.<\/span><\/li>\n<\/ol>\n<p><b>Us\u0142ugi zdalne:<\/b><\/p>\n<p><span style=\"font-weight: 400;\">CINiBA oferuje wiele us\u0142ug, z kt\u00f3rych mo\u017cesz korzysta\u0107 zdalnie:<\/span><\/p>\n<ul>\n<li style=\"font-weight: 400;\" aria-level=\"1\"><span style=\"font-weight: 400;\">Dost\u0119p do e-book\u00f3w i czasopism elektronicznych.<\/span><\/li>\n<li style=\"font-weight: 400;\" aria-level=\"1\"><span style=\"font-weight: 400;\">Katalog online.<\/span><\/li>\n<li style=\"font-weight: 400;\" aria-level=\"1\"><span style=\"font-weight: 400;\">Przed\u0142u\u017canie wypo\u017cycze\u0144.<\/span><\/li>\n<li style=\"font-weight: 400;\" aria-level=\"1\"><span style=\"font-weight: 400;\">Rezerwacje ksi\u0105\u017cek.<\/span><\/li>\n<\/ul>\n<p><b>Dla kogo?<\/b><\/p>\n<p><span style=\"font-weight: 400;\">Biblioteka jest otwarta dla:<\/span><\/p>\n<ul>\n<li style=\"font-weight: 400;\" aria-level=\"1\"><span style=\"font-weight: 400;\">student\u00f3w Uniwersytetu \u015al\u0105skiego,<\/span><\/li>\n<li style=\"font-weight: 400;\" aria-level=\"1\"><span style=\"font-weight: 400;\">student\u00f3w Uniwersytetu Ekonomicznego,<\/span><\/li>\n<li style=\"font-weight: 400;\" aria-level=\"1\"><span style=\"font-weight: 400;\">pracownik\u00f3w naukowych,<\/span><\/li>\n<li style=\"font-weight: 400;\" aria-level=\"1\"><span style=\"font-weight: 400;\">mieszka\u0144c\u00f3w regionu.<\/span><\/li>\n<\/ul>\n<p><i><span style=\"font-weight: 400;\">CINiBA to Twoje miejsce do nauki \u2013 nowoczesne, dost\u0119pne i przyjazne studentom!<\/span><\/i><\/p>\n<p><span style=\"font-weight: 400;\">Godziny otwarcia:<\/span><\/p>\n<ul>\n<li><span style=\"font-weight: 400;\">poniedzia\u0142ek\u2013pi\u0105tek: 8:00\u201320:00<\/span><\/li>\n<li><span style=\"font-weight: 400;\">sobota: 10:00\u201318:00<\/span><\/li>\n<li><span style=\"font-weight: 400;\">niedziela: nieczynne<\/span><\/li>\n<\/ul>\n<p>\n<\/div>\r\n                    <\/div>\r\n                <\/div>[vc_btn title=&#8221;CINiBA&#8221; style=&#8221;custom&#8221; custom_background=&#8221;#ff6600&#8243; custom_text=&#8221;#ffffff&#8221; size=&#8221;lg&#8221; align=&#8221;center&#8221; i_icon_fontawesome=&#8221;fas fa-book-reader&#8221; button_block=&#8221;true&#8221; add_icon=&#8221;true&#8221; custom_onclick=&#8221;true&#8221; link=&#8221;url:https%3A%2F%2Fciniba.edu.pl%2Fzapisy%2F&#8221;][\/vc_column][vc_column width=&#8221;1\/2&#8243;]\r\n                <div class=\"text-modules\">\r\n                    <div class=\"container\">\r\n                        \r\n                        <div class=\"text-modules__content\"><p><img class=\"alignnone wp-image-57997 size-full\" src=\"https:\/\/us.edu.pl\/student\/wp-content\/uploads\/sites\/3\/Bez-kategorii\/fot.-Szymon-Nawrat-Katowice-233-CINIBA.jpg\" alt=\"Dwojka student\u00f3w w CINIBIE, stoj\u0105 przy regale.\" width=\"100%\" height=\"auto\" srcset=\"https:\/\/us.edu.pl\/student\/wp-content\/uploads\/sites\/3\/Bez-kategorii\/fot.-Szymon-Nawrat-Katowice-233-CINIBA.jpg 800w, https:\/\/us.edu.pl\/student\/wp-content\/uploads\/sites\/3\/Bez-kategorii\/fot.-Szymon-Nawrat-Katowice-233-CINIBA-300x200.jpg 300w, https:\/\/us.edu.pl\/student\/wp-content\/uploads\/sites\/3\/Bez-kategorii\/fot.-Szymon-Nawrat-Katowice-233-CINIBA-768x512.jpg 768w, https:\/\/us.edu.pl\/student\/wp-content\/uploads\/sites\/3\/Bez-kategorii\/fot.-Szymon-Nawrat-Katowice-233-CINIBA-575x383.jpg 575w\" sizes=\"(max-width: 800px) 100vw, 800px\" \/><\/p>\n<p><span style=\"font-size: 8pt;\">fot. Szymon Nawrat<\/span><\/p>\n<\/div>\r\n                    <\/div>\r\n                <\/div>\r\n                <div class=\"text-modules\">\r\n                    <div class=\"container\">\r\n                        \r\n                        <div class=\"text-modules__content\"><p><img class=\"alignnone wp-image-58001 size-full\" src=\"https:\/\/us.edu.pl\/student\/wp-content\/uploads\/sites\/3\/Bez-kategorii\/fot.-Szymon-Nawrat-Katowice-219-CINIBA.jpg\" alt=\"Dw\u00f3jka student\u00f3w w czytelni CINIBA\" width=\"100%\" height=\"auto\" srcset=\"https:\/\/us.edu.pl\/student\/wp-content\/uploads\/sites\/3\/Bez-kategorii\/fot.-Szymon-Nawrat-Katowice-219-CINIBA.jpg 800w, https:\/\/us.edu.pl\/student\/wp-content\/uploads\/sites\/3\/Bez-kategorii\/fot.-Szymon-Nawrat-Katowice-219-CINIBA-300x200.jpg 300w, https:\/\/us.edu.pl\/student\/wp-content\/uploads\/sites\/3\/Bez-kategorii\/fot.-Szymon-Nawrat-Katowice-219-CINIBA-768x512.jpg 768w, https:\/\/us.edu.pl\/student\/wp-content\/uploads\/sites\/3\/Bez-kategorii\/fot.-Szymon-Nawrat-Katowice-219-CINIBA-575x383.jpg 575w\" sizes=\"(max-width: 800px) 100vw, 800px\" \/><\/p>\n<p><span style=\"font-size: 8pt;\">fot. Szymon Nawrat<\/span><\/p>\n<\/div>\r\n                    <\/div>\r\n                <\/div>\r\n                <div class=\"text-modules\">\r\n                    <div class=\"container\">\r\n                        \r\n                        <div class=\"text-modules__content\"><p><img class=\"wp-image-57981 size-full\" src=\"https:\/\/us.edu.pl\/student\/wp-content\/uploads\/sites\/3\/2025\/08\/fot.-Szymon-Nawrat-Katowice-CINIBA.jpg\" alt=\"Studenci w Bibliotece czytaja ksi\u0105\u017cki\" width=\"100%\" height=\"auto\" srcset=\"https:\/\/us.edu.pl\/student\/wp-content\/uploads\/sites\/3\/2025\/08\/fot.-Szymon-Nawrat-Katowice-CINIBA.jpg 800w, https:\/\/us.edu.pl\/student\/wp-content\/uploads\/sites\/3\/2025\/08\/fot.-Szymon-Nawrat-Katowice-CINIBA-300x200.jpg 300w, https:\/\/us.edu.pl\/student\/wp-content\/uploads\/sites\/3\/2025\/08\/fot.-Szymon-Nawrat-Katowice-CINIBA-768x512.jpg 768w, https:\/\/us.edu.pl\/student\/wp-content\/uploads\/sites\/3\/2025\/08\/fot.-Szymon-Nawrat-Katowice-CINIBA-575x383.jpg 575w\" sizes=\"(max-width: 800px) 100vw, 800px\" \/><\/p>\n<p><span style=\"font-size: 8pt;\">fot. Szymon Nawrat<\/span><\/p>\n<\/div>\r\n                    <\/div>\r\n                <\/div>[\/vc_column][\/vc_row][vc_row][vc_column][vc_separator color=&#8221;custom&#8221; accent_color=&#8221;#002e5a&#8221;][\/vc_column][\/vc_row][vc_row el_class=&#8221;container&#8221;][vc_column width=&#8221;1\/2&#8243;][vc_empty_space]\r\n                <div class=\"text-modules\">\r\n                    <div class=\"container\">\r\n                        \r\n                        <div class=\"text-modules__content\"><p><img class=\"alignnone wp-image-57989 size-full\" src=\"https:\/\/us.edu.pl\/student\/wp-content\/uploads\/sites\/3\/2025\/08\/SpinPLACE_Z6A8166_fot-Julia-Agnieszka-Szymala.jpg\" alt=\"Poddasze SpinPLACE - sto\u0142y i fotele \" width=\"100%\" height=\"auto\" srcset=\"https:\/\/us.edu.pl\/student\/wp-content\/uploads\/sites\/3\/2025\/08\/SpinPLACE_Z6A8166_fot-Julia-Agnieszka-Szymala.jpg 1500w, https:\/\/us.edu.pl\/student\/wp-content\/uploads\/sites\/3\/2025\/08\/SpinPLACE_Z6A8166_fot-Julia-Agnieszka-Szymala-300x200.jpg 300w, https:\/\/us.edu.pl\/student\/wp-content\/uploads\/sites\/3\/2025\/08\/SpinPLACE_Z6A8166_fot-Julia-Agnieszka-Szymala-1024x683.jpg 1024w, https:\/\/us.edu.pl\/student\/wp-content\/uploads\/sites\/3\/2025\/08\/SpinPLACE_Z6A8166_fot-Julia-Agnieszka-Szymala-768x512.jpg 768w, https:\/\/us.edu.pl\/student\/wp-content\/uploads\/sites\/3\/2025\/08\/SpinPLACE_Z6A8166_fot-Julia-Agnieszka-Szymala-575x383.jpg 575w\" sizes=\"(max-width: 1500px) 100vw, 1500px\" \/><\/p>\n<p><span style=\"font-size: 8pt;\">fot. Julia Agnieszka Szymala<\/span><\/p>\n<\/div>\r\n                    <\/div>\r\n                <\/div>\r\n                <div class=\"text-modules\">\r\n                    <div class=\"container\">\r\n                        \r\n                        <div class=\"text-modules__content\"><p><img class=\"wp-image-57993 size-full\" src=\"https:\/\/us.edu.pl\/student\/wp-content\/uploads\/sites\/3\/Bez-kategorii\/SpinPLACE_Z6A8180_fot-Julia-Agnieszka-Szymala.jpg\" alt=\"Wn\u0119trze SpinPLACE - biurka i lampki\" width=\"100%\" height=\"auto\" srcset=\"https:\/\/us.edu.pl\/student\/wp-content\/uploads\/sites\/3\/Bez-kategorii\/SpinPLACE_Z6A8180_fot-Julia-Agnieszka-Szymala.jpg 1500w, https:\/\/us.edu.pl\/student\/wp-content\/uploads\/sites\/3\/Bez-kategorii\/SpinPLACE_Z6A8180_fot-Julia-Agnieszka-Szymala-300x200.jpg 300w, https:\/\/us.edu.pl\/student\/wp-content\/uploads\/sites\/3\/Bez-kategorii\/SpinPLACE_Z6A8180_fot-Julia-Agnieszka-Szymala-1024x683.jpg 1024w, https:\/\/us.edu.pl\/student\/wp-content\/uploads\/sites\/3\/Bez-kategorii\/SpinPLACE_Z6A8180_fot-Julia-Agnieszka-Szymala-768x512.jpg 768w, https:\/\/us.edu.pl\/student\/wp-content\/uploads\/sites\/3\/Bez-kategorii\/SpinPLACE_Z6A8180_fot-Julia-Agnieszka-Szymala-575x383.jpg 575w\" sizes=\"(max-width: 1500px) 100vw, 1500px\" \/><\/p>\n<p><span style=\"font-size: 8pt;\">fot. Julia Agnieszka Szymala<\/span><\/p>\n<\/div>\r\n                    <\/div>\r\n                <\/div>[\/vc_column][vc_column width=&#8221;1\/2&#8243;]\r\n                <div class=\"text-modules\">\r\n                    <div class=\"container\">\r\n                        \r\n                        <div class=\"text-modules__content\"><\/p>\n<h4><b>spinPLACE \u2013 Twoja przestrze\u0144 kreatywno\u015bci i innowacji<\/b><\/h4>\n<p><b>Czym jest spinPLACE?<\/b><\/p>\n<p><b>spinPLACE<\/b><span style=\"font-weight: 400;\"> to nowoczesne centrum, kt\u00f3re zosta\u0142o stworzone specjalnie dla Ciebie i ca\u0142ej<\/span> <span style=\"font-weight: 400;\">spo\u0142eczno\u015bci akademickiej! To miejsce, gdzie mo\u017cesz:<\/span><\/p>\n<ul>\n<li style=\"font-weight: 400;\" aria-level=\"1\"><span style=\"font-weight: 400;\">uczy\u0107 si\u0119 w komfortowych warunkach,<\/span><\/li>\n<li style=\"font-weight: 400;\" aria-level=\"1\"><span style=\"font-weight: 400;\">rozwija\u0107 swoje pomys\u0142y biznesowe,<\/span><\/li>\n<li style=\"font-weight: 400;\" aria-level=\"1\"><span style=\"font-weight: 400;\">nawi\u0105zywa\u0107 kontakty z innymi studentami i przedsi\u0119biorcami,<\/span><\/li>\n<li style=\"font-weight: 400;\" aria-level=\"1\"><span style=\"font-weight: 400;\">tworzy\u0107 prototypy swoich projekt\u00f3w.<\/span><\/li>\n<\/ul>\n<p><b>Co mo\u017cesz tutaj robi\u0107?<\/b><\/p>\n<p><span style=\"font-weight: 400;\">Dost\u0119pne przestrzenie:<\/span><\/p>\n<ul>\n<li style=\"font-weight: 400;\" aria-level=\"1\"><b>Coworking<\/b><span style=\"font-weight: 400;\"> \u2013 miejsca do pracy nad projektami.<\/span><\/li>\n<li style=\"font-weight: 400;\" aria-level=\"1\"><b>Sale konferencyjne<\/b><span style=\"font-weight: 400;\"> \u2013 idealne na prezentacje i spotkania zespo\u0142\u00f3w.<\/span><\/li>\n<li style=\"font-weight: 400;\" aria-level=\"1\"><b>Strefy networkingu<\/b><span style=\"font-weight: 400;\"> \u2013 sprzyjaj\u0105ce poznawaniu nowych ludzi.<\/span><\/li>\n<li style=\"font-weight: 400;\" aria-level=\"1\"><b>Miejsca na wydarzenia<\/b><span style=\"font-weight: 400;\"> \u2013 mo\u017cliwo\u015b\u0107 organizowania w\u0142asnych inicjatyw.<\/span><\/li>\n<\/ul>\n<p><b>Dla kogo?<\/b><\/p>\n<p><span style=\"font-weight: 400;\">spinPLACE jest otwarte dla:<\/span><\/p>\n<ul>\n<li aria-level=\"1\"><span style=\"font-weight: 400;\">student\u00f3w Uniwersytetu \u015al\u0105skiego,<\/span><\/li>\n<\/ul>\n<ul>\n<li aria-level=\"1\"><span style=\"font-weight: 400;\">ca\u0142ej spo\u0142eczno\u015bci akademickiej Katowic,<\/span><\/li>\n<\/ul>\n<ul>\n<li aria-level=\"1\"><span style=\"font-weight: 400;\">os\u00f3b z uczelni zrzeszonych w Konsorcjum Akademickim \u2013 Katowice Miasto Nauki,<\/span><\/li>\n<\/ul>\n<ul>\n<li aria-level=\"1\"><span style=\"font-weight: 400;\">wszystkich, kt\u00f3rzy chc\u0105 rozwija\u0107 swoje pomys\u0142y.<\/span><\/li>\n<\/ul>\n<p><b>Jak zacz\u0105\u0107?<\/b><\/p>\n<p><b>Kontakt: <\/b><a href=\"mailto:transfer@us.edu.pl\"><b>transfer@us.edu.pl<\/b><\/a><\/p>\n<p><b>Napisz, je\u015bli chcesz:<\/b><\/p>\n<ul>\n<li style=\"font-weight: 400;\" aria-level=\"1\"><span style=\"font-weight: 400;\">zarezerwowa\u0107 przestrze\u0144 na swoje wydarzenie,<\/span><\/li>\n<li style=\"font-weight: 400;\" aria-level=\"1\"><span style=\"font-weight: 400;\">dowiedzie\u0107 si\u0119 wi\u0119cej o dost\u0119pnych programach,<\/span><\/li>\n<li style=\"font-weight: 400;\" aria-level=\"1\"><span style=\"font-weight: 400;\">zapyta\u0107 o mo\u017cliwo\u015bci wsp\u00f3\u0142pracy,<\/span><\/li>\n<li style=\"font-weight: 400;\" aria-level=\"1\"><span style=\"font-weight: 400;\">zapisa\u0107 si\u0119 na nadchodz\u0105ce wydarzenia.<\/span><\/li>\n<\/ul>\n<p><b>Dlaczego warto?<\/b><\/p>\n<p><span style=\"font-weight: 400;\">spinPLACE to Twoja szansa na:<\/span><\/p>\n<ul>\n<li style=\"font-weight: 400;\" aria-level=\"1\"><span style=\"font-weight: 400;\">przekszta\u0142cenie pomys\u0142u w rzeczywisto\u015b\u0107,<\/span><\/li>\n<li style=\"font-weight: 400;\" aria-level=\"1\"><span style=\"font-weight: 400;\">nawi\u0105zanie cennych kontakt\u00f3w,<\/span><\/li>\n<li style=\"font-weight: 400;\" aria-level=\"1\"><span style=\"font-weight: 400;\">zdobycie praktycznego do\u015bwiadczenia,<\/span><\/li>\n<li style=\"font-weight: 400;\" aria-level=\"1\"><span style=\"font-weight: 400;\">rozw\u00f3j umiej\u0119tno\u015bci przedsi\u0119biorczych,<\/span><\/li>\n<li style=\"font-weight: 400;\" aria-level=\"1\"><span style=\"font-weight: 400;\">dost\u0119p do nowoczesnych technologii.<\/span><\/li>\n<\/ul>\n<p><i><span style=\"font-weight: 400;\">Centrum powsta\u0142o dzi\u0119ki wsparciu Unii Europejskiej i jest dost\u0119pne dla wszystkich student\u00f3w!<\/span><\/i><\/p>\n<\/div>\r\n                    <\/div>\r\n                <\/div>[\/vc_column][\/vc_row]<\/p>","protected":false},"excerpt":{"rendered":"<p>[vc_row][vc_column][\/vc_column][\/vc_row][vc_row el_class=&#8221;container&#8221;][vc_column width=&#8221;1\/2&#8243;][vc_btn title=&#8221;CINiBA&#8221; style=&#8221;custom&#8221; custom_background=&#8221;#ff6600&#8243; custom_text=&#8221;#ffffff&#8221; size=&#8221;lg&#8221; align=&#8221;center&#8221; i_icon_fontawesome=&#8221;fas fa-book-reader&#8221; button_block=&#8221;true&#8221; add_icon=&#8221;true&#8221; custom_onclick=&#8221;true&#8221; link=&#8221;url:https%3A%2F%2Fciniba.edu.pl%2Fzapisy%2F&#8221;][\/vc_column][vc_column width=&#8221;1\/2&#8243;][\/vc_column][\/vc_row][vc_row][vc_column][vc_separator color=&#8221;custom&#8221; accent_color=&#8221;#002e5a&#8221;][\/vc_column][\/vc_row][vc_row el_class=&#8221;container&#8221;][vc_column width=&#8221;1\/2&#8243;][vc_empty_space][\/vc_column][vc_column width=&#8221;1\/2&#8243;][\/vc_column][\/vc_row] [&#8230;]<\/p>\n<p><a class=\"btn btn-secondary understrap-read-more-link\" href=\"https:\/\/us.edu.pl\/student\/nowy-student\/nowy-student-pierwsze-kroki\/twoje-miejsca-do-nauki\/\">Read More&#8230;<\/a><\/p>\n","protected":false},"author":28,"featured_media":0,"parent":4377,"menu_order":0,"comment_status":"closed","ping_status":"closed","template":"","meta":{"_expiration-date-status":"","_expiration-date":0,"_expiration-date-type":"","_expiration-date-categories":[],"_expiration-date-options":[]},"acf":[],"_links":{"self":[{"href":"https:\/\/us.edu.pl\/student\/wp-json\/wp\/v2\/pages\/57985"}],"collection":[{"href":"https:\/\/us.edu.pl\/student\/wp-json\/wp\/v2\/pages"}],"about":[{"href":"https:\/\/us.edu.pl\/student\/wp-json\/wp\/v2\/types\/page"}],"author":[{"embeddable":true,"href":"https:\/\/us.edu.pl\/student\/wp-json\/wp\/v2\/users\/28"}],"replies":[{"embeddable":true,"href":"https:\/\/us.edu.pl\/student\/wp-json\/wp\/v2\/comments?post=57985"}],"version-history":[{"count":10,"href":"https:\/\/us.edu.pl\/student\/wp-json\/wp\/v2\/pages\/57985\/revisions"}],"predecessor-version":[{"id":58409,"href":"https:\/\/us.edu.pl\/student\/wp-json\/wp\/v2\/pages\/57985\/revisions\/58409"}],"up":[{"embeddable":true,"href":"https:\/\/us.edu.pl\/student\/wp-json\/wp\/v2\/pages\/4377"}],"wp:attachment":[{"href":"https:\/\/us.edu.pl\/student\/wp-json\/wp\/v2\/media?parent=57985"}],"curies":[{"name":"wp","href":"https:\/\/api.w.org\/{rel}","templated":true}]}}